434
CXUS53 KDLH 010650
CF6DLH
PRELIMINARY LOCAL CLIMATOLOGICAL DATA (WS FORM: F-6)
STATION: DULUTH
MONTH: MAY
YEAR: 2020
LATITUDE: 46 49 N
LONGITUDE: 92 11 W
TEMPERATURE IN F: :PCPN: SNOW: WIND :SUNSHINE: SKY :PK WND
================================================================================
1 2 3 4 5 6A 6B 7 8 9 10 11 12 13 14 15 16 17 18
12Z AVG MX 2MIN
DY MAX MIN AVG DEP HDD CDD WTR SNW DPTH SPD SPD DIR MIN PSBL S-S WX SPD DR
================================================================================
1 64 46 55 8 10 0 0.25 0.0 0 11.0 20 90 M M 6 1 25 90
2 68 43 56 9 9 0 0.00 0.0 0 16.9 33 270 M M 3 49 290
3 49 33 41 -6 24 0 0.00 0.0 0 13.0 23 340 M M 3 35 320
4 44 30 37 -11 28 0 0.00 0.0 0 12.6 21 80 M M 4 29 70
5 49 32 41 -7 24 0 0.00 0.0 0 7.9 15 100 M M 4 22 90
6 64 39 52 4 13 0 0.00 0.0 0 10.6 23 330 M M 1 34 270
7 51 31 41 -8 24 0 0.00 0.0 0 11.3 23 360 M M 1 35 320
8 46 25 36 -13 29 0 0.00 0.0 0 11.4 20 10 M M 2 30 10
9 48 28 38 -12 27 0 0.00 0.0 0 6.9 16 220 M M 5 21 220
10 46 34 40 -10 25 0 0.00 0.0 0 10.4 20 20 M M 9 30 30
11 50 29 40 -10 25 0 0.00 0.0 0 10.1 21 300 M M 0 33 310
12 56 28 42 -8 23 0 0.00 0.0 0 5.3 16 40 M M 0 28 340
13 51 32 42 -9 23 0 0.14 0.0 0 10.5 18 100 M M 7 26 100
14 65 41 53 2 12 0 0.14 0.0 0 8.2 20 300 M M 8 123 29 300
15 62 44 53 2 12 0 0.00 0.0 0 9.0 15 330 M M 5 22 360
16 58 41 50 -2 15 0 0.00 0.0 0 9.1 16 110 M M 4 20 110
17 58 43 51 -1 14 0 T 0.0 0 17.2 36 70 M M 6 51 60
18 67 44 56 4 9 0 0.00 0.0 0 17.3 33 70 M M 2 44 70
19 65 48 57 5 8 0 0.00 0.0 0 13.8 24 80 M M 2 31 70
20 72 44 58 5 7 0 0.00 0.0 0 9.3 17 110 M M 2 22 100
21 73 44 59 6 6 0 0.00 0.0 0 8.1 16 170 M M 1 22 130
22 66 54 60 7 5 0 0.00 0.0 0 6.2 13 120 M M 10 16 110
23 71 55 63 9 2 0 0.01 0.0 0 8.0 14 90 M M 9 19 100
24 74 53 64 10 1 0 T 0.0 0 7.2 15 110 M M 5 1 21 100
25 71 56 64 10 1 0 T 0.0 0 4.4 22 180 M M 7 1 27 180
26 75 51 63 9 2 0 0.32 0.0 0 6.2 16 120 M M 9 12 19 120
27 81 59 70 16 0 5 0.08 0.0 0 4.9 13 260 M M 6 1 18 300
28 76 52 64 9 1 0 T 0.0 0 12.5 26 270 M M 4 36 270
29 60 49 55 0 10 0 0.00 0.0 0 12.1 22 340 M M 8 33 310
30 61 40 51 -4 14 0 0.00 0.0 0 7.4 17 310 M M 2 23 300
31 72 40 56 0 9 0 0.00 0.0 0 8.1 17 250 M M 0 21 220
================================================================================
SM 1913 1288 412 5 0.94 0.0 306.9 M 135
================================================================================
AV 61.7 41.6 9.9 FASTST M M 4 MAX(MPH)
MISC ----> # 36 70 # 51 60
================================================================================
NOTES:
# LAST OF SEVERAL OCCURRENCES
COLUMN 17 PEAK WIND IN M.P.H.
PRELIMINARY LOCAL CLIMATOLOGICAL DATA (WS FORM: F-6) , PAGE 2
STATION: DULUTH
MONTH: MAY
YEAR: 2020
LATITUDE: 46 49 N
LONGITUDE: 92 11 W
[TEMPERATURE DATA] [PRECIPITATION DATA] SYMBOLS USED IN COLUMN 16
AVERAGE MONTHLY: 51.6 TOTAL FOR MONTH: 0.94 1 = FOG OR MIST
DPTR FM NORMAL: 0.2 DPTR FM NORMAL: -2.29 2 = FOG REDUCING VISIBILITY
HIGHEST: 81 ON 27 GRTST 24HR 0.32 ON 26-26 TO 1/4 MILE OR LESS
LOWEST: 25 ON 8 3 = THUNDER
SNOW, ICE PELLETS, HAIL 4 = ICE PELLETS
TOTAL MONTH: 0.0 INCH 5 = HAIL
GRTST 24HR 0.0 6 = FREEZING RAIN OR DRIZZLE
GRTST DEPTH: 0 7 = DUSTSTORM OR SANDSTORM:
VSBY 1/2 MILE OR LESS
8 = SMOKE OR HAZE
[NO. OF DAYS WITH] [WEATHER - DAYS WITH] 9 = BLOWING SNOW
X = TORNADO
MAX 32 OR BELOW: 0 0.01 INCH OR MORE: 6
MAX 90 OR ABOVE: 0 0.10 INCH OR MORE: 4
MIN 32 OR BELOW: 8 0.50 INCH OR MORE: 0
MIN 0 OR BELOW: 0 1.00 INCH OR MORE: 0
[HDD (BASE 65) ]
TOTAL THIS MO. 412 CLEAR (SCALE 0-3) 12
DPTR FM NORMAL -14 PTCLDY (SCALE 4-7) 14
TOTAL FM JUL 1 8775 CLOUDY (SCALE 8-10) 5
DPTR FM NORMAL -490
[CDD (BASE 65) ]
TOTAL THIS MO. 5
DPTR FM NORMAL 1 [PRESSURE DATA]
TOTAL FM JAN 1 5 HIGHEST SLP M ON M
DPTR FM NORMAL 1 LOWEST SLP 29.71 ON M
[REMARKS]
#FINAL-05-20#