000
CXUS55 KEAX 010836
CF6DMO
PRELIMINARY LOCAL CLIMATOLOGICAL DATA (WS FORM: F-6)
STATION: SEDALIA MO
MONTH: FEBRUARY
YEAR: 2020
LATITUDE: 38 42 N
LONGITUDE: 93 6 W
TEMPERATURE IN F: :PCPN: SNOW: WIND :SUNSHINE: SKY :PK WND
================================================================================
1 2 3 4 5 6A 6B 7 8 9 10 11 12 13 14 15 16 17 18
12Z AVG MX 2MIN
DY MAX MIN AVG DEP HDD CDD WTR SNW DPTH SPD SPD DIR MIN PSBL S-S WX SPD DR
================================================================================
1 47 32 40 7 25 0 0.00 M M 9.8 21 220 M M 5 31 210
2 64 42 53 20 12 0 0.00 M M 11.0 28 220 M M 0 8 41 210
3 69 38 54 21 11 0 0.00 M M 13.1 28 210 M M 0 39 230
4 38 31 35 1 30 0 0.05 M M 13.8 22 10 M M 10 16 30 70
5 31 25 28 -6 37 0 0.10 M M 11.0 18 30 M M 10 1 24 50
6 32 19 26 -8 39 0 T M M 5.6 12 360 M M 5 13 20
7 35 20 28 -6 37 0 T M M 8.2 15 310 M M 6 1 20 310
8 37 20 29 -5 36 0 0.00 M M 7.0 14 140 M M 3 17 140
9 53 32 43 8 22 0 0.16 M M 12.2 21 340 M M 10 1 27 210
10 41 27 34 -1 31 0 0.00 M M 7.0 16 350 M M 6 21 360
11 42 31 37 2 28 0 0.00 M M 6.1 14 330 M M 6 20 320
12 34 31 33 -3 32 0 0.41 M M 6.9 13 330 M M 8 1 17 330
13 33 4 19 -17 46 0 T M M 13.1 30 330 M M 2 18 41 310
14 29 -2 14 -22 51 0 0.00 M M 6.6 18 170 M M 1 25 170
15 40 27 34 -2 31 0 0.00 M M 10.0 24 190 M M 4 34 190
16 53 24 39 2 26 0 0.00 M M 5.8 12 130 M M 0 1 14 120
17 54 37 46 9 19 0 T M M 6.6 22 330 M M 6 1 29 330
18 42 30 36 -1 29 0 0.00 M M 11.2 25 340 M M 4 34 340
19 43 26 35 -3 30 0 0.00 M M 9.3 17 30 M M 2 22 40
20 31 20 26 -12 39 0 T M M 10.2 20 20 M M 4 18 26 10
21 41 14 28 -10 37 0 0.00 M M 8.0 17 210 M M 0 23 210
22 52 28 40 2 25 0 0.00 M M 11.7 20 200 M M 0 28 210
23 60 43 52 13 13 0 0.15 M M 9.1 17 220 M M 1 1 23 230
24 46 38 42 3 23 0 0.62 M M 12.4 21 360 M M 10 1 26 350
25 39 33 36 -3 29 0 0.06 M M 11.1 21 30 M M 10 1 28 30
26 37 27 32 -8 33 0 T M M 12.1 22 340 M M 8 1 28 350
27 45 25 35 -5 30 0 T M M 10.1 21 220 M M 6 30 230
28 51 28 40 0 25 0 0.00 M M 9.2 18 320 M M 4 27 230
29 60 27 44 3 21 0 0.00 M M 9.2 17 160 M M 0 25 160
================================================================================
SM 1279 777 847 0 1.55 M 277.4 M 131
================================================================================
AV 44.1 26.8 9.6 FASTST M M 5 MAX(MPH)
MISC ----> 30 330 # 41 210
================================================================================
NOTES:
# LAST OF SEVERAL OCCURRENCES
COLUMN 17 PEAK WIND IN M.P.H.
PRELIMINARY LOCAL CLIMATOLOGICAL DATA (WS FORM: F-6) , PAGE 2
STATION: SEDALIA MO
MONTH: FEBRUARY
YEAR: 2020
LATITUDE: 38 42 N
LONGITUDE: 93 6 W
[TEMPERATURE DATA] [PRECIPITATION DATA] SYMBOLS USED IN COLUMN 16
AVERAGE MONTHLY: 35.4 TOTAL FOR MONTH: 1.55 1 = FOG OR MIST
DPTR FM NORMAL: -0.9 DPTR FM NORMAL: -0.38 2 = FOG REDUCING VISIBILITY
HIGHEST: 69 ON 3 GRTST 24HR 0.75 ON 23-24 TO 1/4 MILE OR LESS
LOWEST: -2 ON 14 3 = THUNDER
SNOW, ICE PELLETS, HAIL 4 = ICE PELLETS
TOTAL MONTH: M 5 = HAIL
GRTST 24HR M ON M 6 = FREEZING RAIN OR DRIZZLE
GRTST DEPTH: M ON M 7 = DUSTSTORM OR SANDSTORM:
VSBY 1/2 MILE OR LESS
8 = SMOKE OR HAZE
[NO. OF DAYS WITH] [WEATHER - DAYS WITH] 9 = BLOWING SNOW
X = TORNADO
MAX 32 OR BELOW: 4 0.01 INCH OR MORE: 7
MAX 90 OR ABOVE: 0 0.10 INCH OR MORE: 5
MIN 32 OR BELOW: 23 0.50 INCH OR MORE: 1
MIN 0 OR BELOW: 1 1.00 INCH OR MORE: 0
[HDD (BASE 65) ]
TOTAL THIS MO. 847 CLEAR (SCALE 0-3) 10
DPTR FM NORMAL 45 PTCLDY (SCALE 4-7) 14
TOTAL FM JUL 1 3627 CLOUDY (SCALE 8-10) 5
DPTR FM NORMAL -40
[CDD (BASE 65) ]
TOTAL THIS MO. 0
DPTR FM NORMAL 0 [PRESSURE DATA]
TOTAL FM JAN 1 0 HIGHEST SLP 30.79 ON 20
DPTR FM NORMAL 0 LOWEST SLP 29.52 ON 3
[REMARKS]
#FINAL-02-20#