000
CXUS52 KCAE 021522
CLMDNL
CLIMATE REPORT
NATIONAL WEATHER SERVICE COLUMBIA SC
1122 AM EDT TUE APR 02 2024
...................................
...THE AUGUSTA DANIEL FIELD GA CLIMATE SUMMARY FOR THE MONTH OF MARCH 2024...
CLIMATE NORMAL PERIOD: 1991 TO 2020
CLIMATE RECORD PERIOD: 9999 TO 9999
WEATHER OBSERVED NORMAL DEPART LAST YEAR`S
VALUE DATE(S) VALUE FROM VALUE
NORMAL
..............................................................
TEMPERATURE (F)
HIGHEST 83 03/14 MM MM
LOWEST 36 03/19 MM MM
AVG. MAXIMUM 70.5 69.4 1.1
AVG. MINIMUM 50.7 49.0 1.7
MEAN 60.6 59.2 1.4
DAYS MAX >= 90 0 0.0 0.0
DAYS MAX <= 32 0 0.0 0.0
DAYS MIN <= 32 0 0.9 -0.9
DAYS MIN <= 0 0 0.0 0.0
PRECIPITATION (INCHES)
TOTALS 4.28 3.98 0.30
DAYS >= .01 12 9.1 2.9
DAYS >= .10 7 6.4 0.6
DAYS >= .50 4 2.5 1.5
DAYS >= 1.00 1 1.0 0.0
GREATEST
24 HR. TOTAL 1.65 03/05 TO 03/06
DAYS >= TRACE MM
DEGREE DAYS
HEATING TOTAL 145 218 -73
SINCE 7/1 1650 1814 -164
COOLING TOTAL 18 38 -20
SINCE 1/1 33 51 -18
..............................................................
WIND (MPH)
AVERAGE WIND SPEED 6.4
RESULTANT WIND SPEED/DIRECTION 1/030
HIGHEST WIND SPEED/DIRECTION 25/310 DATE 03/18
HIGHEST GUST SPEED/DIRECTION 38/230 DATE 03/09
SKY COVER
POSSIBLE SUNSHINE (PERCENT) MM
AVERAGE SKY COVER 0.38
NUMBER OF DAYS FAIR 15
NUMBER OF DAYS PC 9
NUMBER OF DAYS CLOUDY 7
AVERAGE RH (PERCENT) 59
WEATHER CONDITIONS. NUMBER OF DAYS WITH
THUNDERSTORM 4 MIXED PRECIP 0
HEAVY RAIN 3 RAIN 6
LIGHT RAIN 12 FREEZING RAIN 0
LT FREEZING RAIN 0 HAIL 0
HEAVY SNOW 0 SNOW 0
LIGHT SNOW 0 SLEET 0
FOG 11 FOG W/VIS <= 1/4 MILE 2
HAZE 2
- INDICATES NEGATIVE NUMBERS.
R INDICATES RECORD WAS SET OR TIED.
MM INDICATES DATA IS MISSING.
T INDICATES TRACE AMOUNT.
$$