000
CXUS53 KDMX 200403
CF6DSM
PRELIMINARY LOCAL CLIMATOLOGICAL DATA (WS FORM: F-6)
STATION: DES MOINES IA
MONTH: SEPTEMBER
YEAR: 2023
LATITUDE: 41 31 N
LONGITUDE: 93 39 W
TEMPERATURE IN F: :PCPN: SNOW: WIND :SUNSHINE: SKY :PK WND
================================================================================
1 2 3 4 5 6A 6B 7 8 9 10 11 12 13 14 15 16 17 18
12Z AVG MX 2MIN
DY MAX MIN AVG DEP HDD CDD WTR SNW DPTH SPD SPD DIR MIN PSBL S-S WX SPD DR
================================================================================
1 87 58 73 2 0 8 0.00 0.0 0 9.7 17 180 M M 2 26 150
2 94 65 80 9 0 15 0.00 0.0 0 10.9 20 190 M M 3 27 170
3 96 65 81 11 0 16 0.00 0.0 0 10.6 22 190 M M 0 29 170
4 95 70 83 13 0 18 0.00 0.0 0 11.6 22 180 M M 1 30 160
5 94 66 80 10 0 15 T 0.0 0 14.0 28 290 M M 5 8 37 310
6 76 56 66 -4 0 1 0.00 0.0 0 13.9 26 300 M M 6 18 33 300
7 80 50 65 -4 0 0 0.00 0.0 0 5.5 12 70 M M 2 18 18 350
8 83 58 71 2 0 6 0.00 0.0 0 4.9 12 330 M M 3 15 330
9 85 57 71 2 0 6 T 0.0 0 4.4 10 110 M M 5 14 170
10 81 62 72 4 0 7 0.62 0.0 0 6.4 14 10 M M 8 13 20 340
11 77 56 67 -1 0 2 0.16 0.0 0 6.3 14 40 M M 7 1 22 60
12 78 50 64 -4 1 0 T 0.0 0 3.6 12 280 M M 4 15 260
13 79 52 66 -1 0 1 0.00 0.0 0 6.4 15 120 M M 3 8 21 110
14 81 56 69 2 0 4 0.00 0.0 0 7.4 16 180 M M 6 8 24 160
15 82 59 71 4 0 6 0.11 0.0 0 6.8 22 330 M M 7 8 37 310
16 81 56 69 3 0 4 0.00 0.0 0 5.2 18 310 M M 3 38 23 300
17 76 53 65 -1 0 0 0.00 0.0 0 4.8 13 360 M M 2 18 17 20
18 80 47 64 -2 1 0 T 0.0 0 10.0 21 160 M M 4 38 36 150
19 79 60 70 5 0 5 1.49 0.0 0 11.6 22 220 M M 9 13 31 130
20 82 60 71 6 0 6 0.00 0.0 0 7.3 18 140 M M 7 26 140
21 82 57 70 6 0 5 0.00 0.0 0 7.5 17 90 M M 3 1 22 70
22 76 62 69 5 0 4 0.05 0.0 0 7.3 15 70 M M 9 1 19 70
23 81 64 73 9 0 8 T 0.0 0 10.2 28 150 M M 7 42 90
24 79 64 72 9 0 7 T 0.0 0 6.9 14 260 M M 5 1 20 300
25 81 57 69 6 0 4 0.00 0.0 0 7.0 16 300 M M 5 22 270
26 76 58 67 5 0 2 0.00 0.0 0 4.2 13 40 M M 4 12 17 320
27 74 54 64 2 1 0 0.00 0.0 0 2.3 10 10 M M 4 12 14 10
28 76 54 65 4 0 0 0.00 0.0 0 8.8 18 130 M M 2 12 26 130
29 91 61 76 15 0 11 0.00 0.0 0 10.6 21 160 M M 3 28 170
30 92 69 81 21 0 16 0.00 0.0 0 10.0 18 170 M M 3 26 160
================================================================================
SM 2474 1756 3 177 2.43 0.0 236.1 M 132
================================================================================
AV 82.5 58.5 7.9 FASTST M M 4 MAX(MPH)
MISC ----> # 28 290 42 90
================================================================================
NOTES:
# LAST OF SEVERAL OCCURRENCES
COLUMN 17 PEAK WIND IN M.P.H.
PRELIMINARY LOCAL CLIMATOLOGICAL DATA (WS FORM: F-6) , PAGE 2
STATION: DES MOINES IA
MONTH: SEPTEMBER
YEAR: 2023
LATITUDE: 41 31 N
LONGITUDE: 93 39 W
[TEMPERATURE DATA] [PRECIPITATION DATA] SYMBOLS USED IN COLUMN 16
AVERAGE MONTHLY: 70.5 TOTAL FOR MONTH: 2.43 1 = FOG OR MIST
DPTR FM NORMAL: 4.3 DPTR FM NORMAL: -0.75 2 = FOG REDUCING VISIBILITY
HIGHEST: 96 ON 3 GRTST 24HR 1.49 ON 18-19 TO 1/4 MILE OR LESS
LOWEST: 47 ON 18 3 = THUNDER
SNOW, ICE PELLETS, HAIL 4 = ICE PELLETS
TOTAL MONTH: 0.0 INCH 5 = HAIL
GRTST 24HR 0.0 6 = FREEZING RAIN OR DRIZZLE
GRTST DEPTH: 0 7 = DUSTSTORM OR SANDSTORM:
VSBY 1/2 MILE OR LESS
8 = SMOKE OR HAZE
[NO. OF DAYS WITH] [WEATHER - DAYS WITH] 9 = BLOWING SNOW
X = TORNADO
MAX 32 OR BELOW: 0 0.01 INCH OR MORE: 5
MAX 90 OR ABOVE: 6 0.10 INCH OR MORE: 4
MIN 32 OR BELOW: 0 0.50 INCH OR MORE: 2
MIN 0 OR BELOW: 0 1.00 INCH OR MORE: 1
[HDD (BASE 65) ]
TOTAL THIS MO. 3 CLEAR (SCALE 0-3) 11
DPTR FM NORMAL -83 PTCLDY (SCALE 4-7) 16
TOTAL FM JUL 1 5 CLOUDY (SCALE 8-10) 3
DPTR FM NORMAL -88
[CDD (BASE 65) ]
TOTAL THIS MO. 177
DPTR FM NORMAL 57 [PRESSURE DATA]
TOTAL FM JAN 1 1246 HIGHEST SLP 30.23 ON 9
DPTR FM NORMAL 191 LOWEST SLP 29.66 ON 5
[REMARKS]
#FINAL-09-23#