000
CXUS53 KDTX 050214
CLMDTW
CLIMATE REPORT
NATIONAL WEATHER SERVICE DETROIT/PONTIAC MI
1014 PM EDT TUE JUL 04 2023
...................................
...THE DETROIT MI CLIMATE SUMMARY FOR THE MONTH OF JUNE 2023...
CLIMATE NORMAL PERIOD 1991 TO 2020
CLIMATE RECORD PERIOD 1874 TO 2023
WEATHER OBSERVED NORMAL DEPART LAST YEAR`S
VALUE DATE(S) VALUE FROM VALUE
NORMAL
..............................................................
TEMPERATURE (F)
RECORD
HIGH 104 06/25/1988
06/28/1934
LOW 36 06/11/1972
06/01/1966
HIGHEST 90 06/02 MM MM
LOWEST 48 06/13 MM MM
AVG. MAXIMUM 79.0 79.7 -0.7
AVG. MINIMUM 58.2 60.2 -2.0
MEAN 68.6 69.9 -1.3
DAYS MAX >= 90 1 3.2 -2.2
DAYS MAX <= 32 0 0.0 0.0
DAYS MIN <= 32 0 0.0 0.0
DAYS MIN <= 0 0 0.0 0.0
PRECIPITATION (INCHES)
RECORD
MAXIMUM 8.31 1892
MINIMUM 0.55 1895
TOTALS 3.19 3.26 -0.07
DAILY AVG. 0.11 0.11 0.00
DAYS >= .01 8 10.7 -2.7
DAYS >= .10 6 6.3 -0.3
DAYS >= .50 4 2.1 1.9
DAYS >= 1.00 0 0.8 -0.8
GREATEST
24 HR. TOTAL 1.31 06/25 TO 06/26
STORM TOTAL 0.87
(MM/DD(HH))
SNOWFALL (INCHES)
RECORDS
TOTAL 0.0 2009
TOTALS 0.0 0.0 0.0
LIQUID EQUIV 0.00 0.00 0.00
SINCE 7/1 37.1 45.0 -7.9
LIQUID 7/1 3.71
DAYS >= TRACE 0 0.0 0.0
DAYS >= 1.0 0 0.0 0.0
GREATEST
SNOW DEPTH 0
24 HR TOTAL 0.0
STORM TOTAL 0.0
(MM/DD(HH))
DEGREE DAYS
HEATING TOTAL 19 28 -9
SINCE 7/1 5402 6065 -663
COOLING TOTAL 133 176 -43
SINCE 1/1 182 231 -49
FREEZE DATES
RECORD
EARLIEST 09/22 (1974)
LATEST 05/29 (1966)
EARLIEST 11/13 (2022)
LATEST 04/26 (2023)
..............................................................
WIND (MPH)
AVERAGE WIND SPEED 6.9
HIGHEST WIND SPEED/DIRECTION 44/220 DATE 06/25
HIGHEST GUST SPEED/DIRECTION 61/220 DATE 06/25
SKY COVER
POSSIBLE SUNSHINE (PERCENT) MM
AVERAGE SKY COVER 0.74
NUMBER OF DAYS FAIR 1
NUMBER OF DAYS PC 10
NUMBER OF DAYS CLOUDY 19
AVERAGE RH (PERCENT) 61
WEATHER CONDITIONS. NUMBER OF DAYS WITH
THUNDERSTORM 6 MIXED PRECIP 0
HEAVY RAIN 3 RAIN 3
LIGHT RAIN 11 FREEZING RAIN 0
LT FREEZING RAIN 0 HAIL 1
HEAVY SNOW 0 SNOW 0
LIGHT SNOW 0 SLEET 0
FOG 15 FOG W/VIS <= 1/4 MILE 0
HAZE 17
- INDICATES NEGATIVE NUMBERS.
R INDICATES RECORD WAS SET OR TIED.
MM INDICATES DATA IS MISSING.
T INDICATES TRACE AMOUNT.
$$
---------------------------------------------------------------
MONTHLY CLIMATE DATA FOR NWS WHITE LAKE - JUNE 2023
...TEMPERATURE DATA... ...PRECIPITATION DATA...
AVERAGE MAXIMUM.........77.3 MONTHLY TOTAL..........2.39
AVERAGE MINIMUM.........50.5 GREATEST DAILY TOTAL...0.64
MONTHLY AVERAGE.........63.9 ON THE 26TH
2023 TOTAL............16.41
...HEATING DEGREE DAYS...
MONTHLY TOTAL.............92 ...SNOWFALL DATA...
2022-2023 SEASON TOTAL..6267 MONTHLY TOTAL...........0.0
2022-2023 SEASON TOTAL.44.7
...COOLING DEGREE DAYS...
MONTHLY TOTAL.............67
2023 TOTAL................94
================================================================
SOUTHEAST MICHIGAN CLIMATE SUMMARY FOR JUNE 2023
JUNE 2023 MONTHLY STATISTICS AND RANKINGS
-----------------------------------------------------------------
PRECIPITATION
ACTUAL NORMAL DEPARTURE RANKING
DETROIT AREA 3.19" 3.26" -0.07" 72ND DRIEST
FLINT AREA 2.12" 3.12" -1.00" 27TH DRIEST
SAGINAW AREA 2.03" 3.28" -1.25" 34TH DRIEST
PRECIPITATION SINCE JANUARY 1*
ACTUAL NORMAL DEPARTURE RANKING
DETROIT AREA 17.14" 16.98" +0.16" 53RD WETTEST
FLINT AREA 14.85" 15.57" -0.72" 48TH WETTEST
SAGINAW AREA 13.90" 15.59" -1.69" 56TH WETTEST
*NORMAL TO DATE (AS OF JUNE 30, 2023)
AVERAGE TEMPERATURE
ACTUAL NORMAL DEPARTURE RANKING
DETROIT AREA 68.6 69.9 -1.3 73RD WARMEST
FLINT AREA 65.9 67.1 -1.2 30TH COOLEST
SAGINAW AREA 67.5 68.1 -0.6 53RD WARMEST
AVERAGE HIGH TEMPERATURE
ACTUAL NORMAL DEPARTURE RANKING
DETROIT AREA 79.0 79.7 -0.7 58TH WARMEST
FLINT AREA 79.1 78.2 +0.9 44TH WARMEST
SAGINAW AREA 79.2 78.5 +0.7 41ST WARMEST
AVERAGE LOW TEMPERATURE
ACTUAL NORMAL DEPARTURE RANKING
DETROIT AREA 58.2 60.2 -2.0 59TH COOLEST
FLINT AREA 52.7 55.9 -3.2 14TH COOLEST
SAGINAW AREA 55.8 57.7 -1.9 49TH COOLEST
DETROIT AREA HAS A CLIMATE RECORD DATING TO NOVEMBER 1874 (~149 YEARS)
FLINT AREA HAS A CLIMATE RECORD DATING TO JANUARY 1921 (~103 YEARS)
SAGINAW AREA HAS CLIMATE RECORD DATING TO JANUARY 1912 (~112 YEARS)