000
CXUS55 KTWC 030156
CLMDUG
CLIMATE REPORT
NATIONAL WEATHER SERVICE TUCSON AZ
656 PM MST FRI FEB 02 2024
...................................
...THE DOUGLAS AZ CLIMATE SUMMARY FOR THE MONTH OF JANUARY 2024...
CLIMATE NORMAL PERIOD 1991 TO 2020
CLIMATE RECORD PERIOD 1948 TO 2024
WEATHER OBSERVED NORMAL DEPART LAST YEAR`S
VALUE DATE(S) VALUE FROM VALUE
NORMAL
..............................................................
TEMPERATURE (F)
RECORD
HIGH 91 01/17/2019
LOW 6 01/04/1949
HIGHEST 73 01/18 74 -1
LOWEST 15 01/09 17 -2
AVG. MAXIMUM 60.5 62.2 -1.7
AVG. MINIMUM 29.1 28.0 1.1
MEAN 44.8 45.1 -0.3
DAYS MAX >= 90 0 0.0 0.0
DAYS MAX >= 100 0
DAYS MIN <= 32 22 21.1 0.9
DAYS MIN >= 80 0
PRECIPITATION (INCHES)
RECORD
MAXIMUM 3.20 1993
MINIMUM 0.00 2022
TOTALS 0.63 0.63 0.00 0.69
DAILY AVG. 0.02 0.02 -0.00 0.02
DAYS >= .01 6 4.1 1.9 6
DAYS >= .10 3 1.6 1.4 2
DAYS >= .50 0 0.3 -0.3 0
DAYS >= 1.00 0 0.0 0.0 0
GREATEST
24 HR. TOTAL 0.43 01/22 TO 01/23 0.46
DEGREE DAYS
HEATING TOTAL 617 617 0 656
SINCE 7/1 1518 1699 -181 MM
COOLING TOTAL 0 0 0 0
SINCE 1/1 0 0 0 MM
..............................................................
WIND (MPH)
AVERAGE WIND SPEED 7.0
HIGHEST WIND SPEED/DIRECTION 41/220 DATE 01/07
HIGHEST GUST SPEED/DIRECTION 54/240 DATE 01/07
AVERAGE RH (PERCENT) 55
- INDICATES NEGATIVE NUMBERS.
R INDICATES RECORD WAS SET OR TIED.
MM INDICATES DATA IS MISSING.
T INDICATES TRACE AMOUNT.
$$