000
CXUS53 KFGF 010815
CF6DVL
PRELIMINARY LOCAL CLIMATOLOGICAL DATA (WS FORM: F-6)
STATION: DEVILS LAKE ND
MONTH: APRIL
YEAR: 2021
LATITUDE: 48 7 N
LONGITUDE: 98 54 W
TEMPERATURE IN F: :PCPN: SNOW: WIND :SUNSHINE: SKY :PK WND
================================================================================
1 2 3 4 5 6A 6B 7 8 9 10 11 12 13 14 15 16 17 18
12Z AVG MX 2MIN
DY MAX MIN AVG DEP HDD CDD WTR SNW DPTH SPD SPD DIR MIN PSBL S-S WX SPD DR
================================================================================
1 58 17 38 3 27 0 M M M 16.5 25 160 M M 0 39 180
2 68 33 51 15 14 0 M M M 14.0 24 170 M M 0 33 170
3 72 24 48 12 17 0 M M M 7.8 22 160 M M 0 28 160
4 65 27 46 9 19 0 M M M 10.2 16 80 M M 1 20 80
5 64 35 50 13 15 0 M M M 12.9 26 350 M M 0 33 350
6 56 23 40 2 25 0 M M M 7.1 14 350 M M 0 21 50
7 60 25 43 4 22 0 M M M 10.5 21 30 M M 0 23 30
8 58 29 44 5 21 0 M M M 11.1 18 50 M M 2 24 30
9 53 30 42 2 23 0 M M M 15.2 25 330 M M 4 33 320
10 60 19 40 0 25 0 M M M 6.5 13 120 M M 0 M M
11 59 28 44 3 21 0 T M M 9.6 14 300 M M 4 20 300
12 41 22 32 -10 33 0 T M M 20.3 27 330 M M 10 1 32 350
13 25 21 23 -19 42 0 M M M 20.2 25 340 M M 10 1 31 330
14 31 23 27 -16 38 0 T M M 15.8 23 350 M M 10 25 360
15 39 28 34 -9 31 0 T M M 7.8 10 20 M M 10 M M
16 44 30 37 -7 28 0 T M M 8.2 15 330 M M 8 1 20 330
17 59 23 41 -3 24 0 M M M 9.7 17 320 M M 1 30 310
18 47 25 36 -9 29 0 T M M 19.0 30 10 M M 9 1 40 10
19 36 19 28 -18 37 0 T M M 12.9 18 330 M M 5 27 330
20 34 22 28 -18 37 0 T M M 9.4 18 350 M M 9 1 22 350
21 57 24 41 -6 24 0 T M M 13.5 23 290 M M 5 32 280
22 62 33 48 1 17 0 M M M 12.4 18 210 M M 0 31 210
23 43 25 34 -14 31 0 T M M 15.1 23 20 M M 6 30 40
24 46 14 30 -18 35 0 M M M 6.3 13 170 M M 0 M M
25 41 34 38 -10 27 0 0.01 M M 14.6 21 150 M M 9 27 180
26 52 34 43 -6 22 0 T M M 6.0 15 150 M M 8 1 M M
27 65 35 50 1 15 0 M M M 4.2 12 210 M M 5 12 M M
28 70 35 53 3 12 0 T M M 10.5 23 360 M M 4 24 270
29 63 26 45 -5 20 0 M M M 13.1 26 320 M M 3 1 37 330
30 67 39 53 2 12 0 M M M 15.0 24 170 M M 6 33 170
================================================================================
SM 1595 802 743 0 0.01 M 355.3 M 129
================================================================================
AV 53.2 26.7 11.8 FASTST M M 4 MAX(MPH)
MISC ----> 30 10 40 10
================================================================================
NOTES:
# LAST OF SEVERAL OCCURRENCES
COLUMN 17 PEAK WIND IN M.P.H.
PRELIMINARY LOCAL CLIMATOLOGICAL DATA (WS FORM: F-6) , PAGE 2
STATION: DEVILS LAKE ND
MONTH: APRIL
YEAR: 2021
LATITUDE: 48 7 N
LONGITUDE: 98 54 W
[TEMPERATURE DATA] [PRECIPITATION DATA] SYMBOLS USED IN COLUMN 16
AVERAGE MONTHLY: 40.0 TOTAL FOR MONTH: 0.01 1 = FOG OR MIST
DPTR FM NORMAL: -3.3 DPTR FM NORMAL: -0.95 2 = FOG REDUCING VISIBILITY
HIGHEST: 72 ON 3 GRTST 24HR 0.01 ON 25-25 TO 1/4 MILE OR LESS
LOWEST: 14 ON 24 3 = THUNDER
SNOW, ICE PELLETS, HAIL 4 = ICE PELLETS
TOTAL MONTH: M 5 = HAIL
GRTST 24HR M ON M 6 = FREEZING RAIN OR DRIZZLE
GRTST DEPTH: M ON M 7 = DUSTSTORM OR SANDSTORM:
VSBY 1/2 MILE OR LESS
8 = SMOKE OR HAZE
[NO. OF DAYS WITH] [WEATHER - DAYS WITH] 9 = BLOWING SNOW
X = TORNADO
MAX 32 OR BELOW: 2 0.01 INCH OR MORE: 1
MAX 90 OR ABOVE: 0 0.10 INCH OR MORE: 0
MIN 32 OR BELOW: 22 0.50 INCH OR MORE: 0
MIN 0 OR BELOW: 0 1.00 INCH OR MORE: 0
[HDD (BASE 65) ]
TOTAL THIS MO. 743 CLEAR (SCALE 0-3) 13
DPTR FM NORMAL 90 PTCLDY (SCALE 4-7) 10
TOTAL FM JUL 1 8358 CLOUDY (SCALE 8-10) 7
DPTR FM NORMAL -490
[CDD (BASE 65) ]
TOTAL THIS MO. 0
DPTR FM NORMAL -2 [PRESSURE DATA]
TOTAL FM JAN 1 0 HIGHEST SLP M ON M
DPTR FM NORMAL -2 LOWEST SLP M ON M
[REMARKS]
#FINAL-04-21#