064
CXUS55 KPSR 011005
CF6DVT
PRELIMINARY LOCAL CLIMATOLOGICAL DATA (WS FORM: F-6)
STATION: DEER VLY/PHOENIX AZ
MONTH: APRIL
YEAR: 2020
LATITUDE: 33 41 N
LONGITUDE: 112 4 W
TEMPERATURE IN F: :PCPN: SNOW: WIND :SUNSHINE: SKY :PK WND
================================================================================
1 2 3 4 5 6A 6B 7 8 9 10 11 12 13 14 15 16 17 18
12Z AVG MX 2MIN
DY MAX MIN AVG DEP HDD CDD WTR SNW DPTH SPD SPD DIR MIN PSBL S-S WX SPD DR
================================================================================
1 81 56 69 3 0 4 0.00 M M 4.6 17 250 M M 0 21 260
2 80 55 68 2 0 3 0.00 M M 7.0 20 240 M M 0 25 250
3 80 51 66 0 0 1 0.00 M M 5.0 17 240 M M 0 22 250
4 80 53 67 1 0 2 0.00 M M 5.1 15 210 M M 0 21 210
5 79 53 66 0 0 1 0.00 M M 6.0 16 180 M M 0 24 130
6 79 50 65 -2 0 0 0.00 M M 8.8 16 270 M M 0 26 120
7 80 50 65 -2 0 0 0.00 M M 5.7 16 160 M M 0 22 170
8 78 54 66 -1 0 1 0.00 M M 9.7 24 190 M M 3 30 190
9 70 46 58 -10 7 0 0.00 M M 4.6 12 240 M M 0 16 170
10 74 48 61 -7 4 0 0.00 M M 3.7 15 250 M M 0 19 230
11 69 52 61 -7 4 0 T M M 5.9 18 190 M M 5 22 180
12 73 51 62 -6 3 0 0.00 M M 8.4 16 230 M M 2 21 230
13 74 57 66 -2 0 1 0.10 M M 8.0 21 280 M M 4 3 26 270
14 78 50 64 -5 1 0 0.00 M M 6.8 16 250 M M 0 22 240
15 80 50 65 -4 0 0 0.00 M M 4.0 13 250 M M 0 17 290
16 82 49 66 -3 0 1 0.00 M M 5.0 16 250 M M 0 21 210
17 85 51 68 -2 0 3 0.00 M M 8.7 23 250 M M 0 30 240
18 75 51 63 -7 2 0 0.00 M M 5.5 18 240 M M 0 22 240
19 79 52 66 -4 0 1 0.00 M M 3.6 14 250 M M 0 18 230
20 83 55 69 -1 0 4 0.00 M M 5.9 18 250 M M 0 25 250
21 80 54 67 -4 0 2 0.00 M M 5.9 25 350 M M 0 8 33 350
22 91 56 74 3 0 9 0.00 M M 5.8 20 280 M M 0 24 290
23 95 59 77 6 0 12 0.00 M M 7.8 23 300 M M 0 30 310
24 95 64 80 8 0 15 0.00 M M 7.3 21 280 M M 0 27 210
25 98 65 82 10 0 17 0.00 M M 3.6 17 250 M M 0 23 250
26 99 62 81 9 0 16 0.00 M M 4.2 15 220 M M 0 19 240
27 98 69 84 11 0 19 0.00 M M 6.9 18 270 M M 0 27 270
28 97 66 82 9 0 17 0.00 M M 5.1 13 250 M M 0 16 250
29 100 65 83 10 0 18 0.00 M M 4.1 13 200 M M 0 17 220
30 98 68 83 9 0 18 0.00 M M 3.9 12 250 M M 0 8 17 260
================================================================================
SM 2510 1662 21 165 0.10 M 176.6 M 14
================================================================================
AV 83.7 55.4 5.9 FASTST M M 0 MAX(MPH)
MISC ----> 25 350 33 350
================================================================================
NOTES:
# LAST OF SEVERAL OCCURRENCES
COLUMN 17 PEAK WIND IN M.P.H.
PRELIMINARY LOCAL CLIMATOLOGICAL DATA (WS FORM: F-6) , PAGE 2
STATION: DEER VLY/PHOENIX AZ
MONTH: APRIL
YEAR: 2020
LATITUDE: 33 41 N
LONGITUDE: 112 4 W
[TEMPERATURE DATA] [PRECIPITATION DATA] SYMBOLS USED IN COLUMN 16
AVERAGE MONTHLY: 69.5 TOTAL FOR MONTH: 0.10 1 = FOG OR MIST
DPTR FM NORMAL: 0.2 DPTR FM NORMAL: -0.32 2 = FOG REDUCING VISIBILITY
HIGHEST: 100 ON 29 GRTST 24HR 0.10 ON 13-13 TO 1/4 MILE OR LESS
LOWEST: 46 ON 9 3 = THUNDER
SNOW, ICE PELLETS, HAIL 4 = ICE PELLETS
TOTAL MONTH: M 5 = HAIL
GRTST 24HR M ON M 6 = FREEZING RAIN OR DRIZZLE
GRTST DEPTH: M ON M 7 = DUSTSTORM OR SANDSTORM:
VSBY 1/2 MILE OR LESS
8 = SMOKE OR HAZE
[NO. OF DAYS WITH] [WEATHER - DAYS WITH] 9 = BLOWING SNOW
X = TORNADO
MAX 32 OR BELOW: 0 0.01 INCH OR MORE: 1
MAX 90 OR ABOVE: 9 0.10 INCH OR MORE: 1
MIN 32 OR BELOW: 0 0.50 INCH OR MORE: 0
MIN 0 OR BELOW: 0 1.00 INCH OR MORE: 0
[HDD (BASE 65) ]
TOTAL THIS MO. 21 CLEAR (SCALE 0-3) 28
DPTR FM NORMAL -13 PTCLDY (SCALE 4-7) 2
TOTAL FM JUL 1 1215 CLOUDY (SCALE 8-10) 0
DPTR FM NORMAL -71
[CDD (BASE 65) ]
TOTAL THIS MO. 165
DPTR FM NORMAL 2 [PRESSURE DATA]
TOTAL FM JAN 1 181 HIGHEST SLP 30.11 ON 9
DPTR FM NORMAL -35 LOWEST SLP 29.68 ON 1
[REMARKS]
#FINAL-04-20#