000
CXUS52 KTAE 010800
CF6ECP
PRELIMINARY LOCAL CLIMATOLOGICAL DATA (WS FORM: F-6)
STATION: PANAMA CITY NW
MONTH: JUNE
YEAR: 2022
LATITUDE: 30 21 N
LONGITUDE: 85 48 W
TEMPERATURE IN F: :PCPN: SNOW: WIND :SUNSHINE: SKY :PK WND
================================================================================
1 2 3 4 5 6A 6B 7 8 9 10 11 12 13 14 15 16 17 18
12Z AVG MX 2MIN
DY MAX MIN AVG DEP HDD CDD WTR SNW DPTH SPD SPD DIR MIN PSBL S-S WX SPD DR
================================================================================
1 89 67 78 0 0 13 0.00 0.0 0 4.6 15 170 M M 2 17 170
2 89 71 80 2 0 15 T 0.0 M 5.5 21 170 M M 2 3 24 110
3 89 68 79 1 0 14 0.15 0.0 M 2.4 15 310 M M 2 138 19 310
4 92 68 80 1 0 15 0.84 0.0 M 5.6 17 330 M M 3 13 21 310
5 85 68 77 -2 0 12 0.23 0.0 0 5.7 17 340 M M 3 13 20 350
6 87 67 77 -2 0 12 T 0.0 0 5.4 15 180 M M 1 20 180
7 88 71 80 1 0 15 0.01 0.0 0 5.3 15 170 M M 2 1 18 170
8 90 70 80 1 0 15 0.00 0.0 0 3.0 M M M M 2 M M
9 87 74 81 1 0 16 0.71 0.0 0 5.0 18 310 M M 5 138 26 320
10 89 71 80 0 0 15 0.20 0.0 0 6.0 29 300 M M 3 13 37 300
11 87 69 78 -2 0 13 T 0.0 0 4.5 15 170 M M 1 19 180
12 91 72 82 2 0 17 0.00 0.0 0 4.4 16 210 M M 2 1 19 210
13 90 76 83 3 0 18 0.09 0.0 0 6.1 16 200 M M 3 18 20 210
14 91 71 81 1 0 16 0.39 M M 6.8 26 60 M M 4 138 37 60
15 94 72 83 3 0 18 T M M 3.2 13 10 M M 1 17 220
16 93 76 85 5 0 20 0.01 0.0 M 4.4 14 360 M M 2 3 22 170
17 95 72 84 3 0 19 0.01 0.0 0 4.4 16 90 M M 1 23 90
18 97 78 88 7 0 23 0.00 0.0 M 7.2 17 300 M M 0 21 300
19 95 73 84 3 0 19 T 0.0 M 6.7 13 360 M M 2 15 10
20 91 74 83 2 0 18 0.51 0.0 0 5.9 23 350 M M 4 13 31 350
21 94 74 84 3 0 19 0.00 0.0 0 4.6 14 170 M M 2 17 160
22 97 75 86 5 0 21 T 0.0 0 6.2 14 310 M M 1 19 300
23 99 74 87 6 0 22 0.00 0.0 0 6.6 17 230 M M 0 20 250
24 97 74 86 5 0 21 T 0.0 0 4.6 21 290 M M 1 13 25 290
25 82 74 78 -3 0 13 0.02 0.0 0 4.5 14 220 M M 4 138 19 190
26 90 73 82 0 0 17 0.19 0.0 0 4.5 14 150 M M 4 1 18 200
27 94 72 83 1 0 18 0.00 0.0 0 4.8 14 20 M M 2 1 19 350
28 95 73 84 2 0 19 0.10 0.0 M 4.4 23 120 M M 2 13 32 100
29 88 74 81 -1 0 16 0.33 M M 4.3 18 120 M M 3 3 22 150
30 87 72 80 -2 0 15 T 0.0 0 5.2 13 350 M M 2 3 16 90
================================================================================
SM 2732 2163 0 504 3.79 0.0 151.8 M 66
================================================================================
AV 91.1 72.1 5.1 FASTST M M 2 MAX(MPH)
MISC ----> 29 300 # 37 300
================================================================================
NOTES:
# LAST OF SEVERAL OCCURRENCES
COLUMN 17 PEAK WIND IN M.P.H.
PRELIMINARY LOCAL CLIMATOLOGICAL DATA (WS FORM: F-6) , PAGE 2
STATION: PANAMA CITY NW
MONTH: JUNE
YEAR: 2022
LATITUDE: 30 21 N
LONGITUDE: 85 48 W
[TEMPERATURE DATA] [PRECIPITATION DATA] SYMBOLS USED IN COLUMN 16
AVERAGE MONTHLY: 81.6 TOTAL FOR MONTH: 3.79 1 = FOG OR MIST
DPTR FM NORMAL: 1.4 DPTR FM NORMAL: -1.93 2 = FOG REDUCING VISIBILITY
HIGHEST: 99 ON 23 GRTST 24HR 1.35 ON 31- 1 TO 1/4 MILE OR LESS
LOWEST: 67 ON 6, 1 3 = THUNDER
SNOW, ICE PELLETS, HAIL 4 = ICE PELLETS
TOTAL MONTH: 0.0 INCH 5 = HAIL
GRTST 24HR 0.0 6 = FREEZING RAIN OR DRIZZLE
GRTST DEPTH: 0 7 = DUSTSTORM OR SANDSTORM:
VSBY 1/2 MILE OR LESS
8 = SMOKE OR HAZE
[NO. OF DAYS WITH] [WEATHER - DAYS WITH] 9 = BLOWING SNOW
X = TORNADO
MAX 32 OR BELOW: 0 0.01 INCH OR MORE: 15
MAX 90 OR ABOVE: 18 0.10 INCH OR MORE: 10
MIN 32 OR BELOW: 0 0.50 INCH OR MORE: 3
MIN 0 OR BELOW: 0 1.00 INCH OR MORE: 0
[HDD (BASE 65) ]
TOTAL THIS MO. 0 CLEAR (SCALE 0-3) 23
DPTR FM NORMAL 0 PTCLDY (SCALE 4-7) 7
TOTAL FM JUL 1 1282 CLOUDY (SCALE 8-10) 0
DPTR FM NORMAL -126
[CDD (BASE 65) ]
TOTAL THIS MO. 504
DPTR FM NORMAL 48 [PRESSURE DATA]
TOTAL FM JAN 1 979 HIGHEST SLP M ON M
DPTR FM NORMAL 73 LOWEST SLP 29.73 ON 4
[REMARKS]
#FINAL-06-22#