000
CXUS55 KVEF 030254
CF6EED
PRELIMINARY LOCAL CLIMATOLOGICAL DATA (WS FORM: F-6)
STATION: NEEDLES CA
MONTH: JULY
YEAR: 2021
LATITUDE: 34 46 N
LONGITUDE: 114 37 W
TEMPERATURE IN F: :PCPN: SNOW: WIND :SUNSHINE: SKY :PK WND
================================================================================
1 2 3 4 5 6A 6B 7 8 9 10 11 12 13 14 15 16 17 18
12Z AVG MX 2MIN
DY MAX MIN AVG DEP HDD CDD WTR SNW DPTH SPD SPD DIR MIN PSBL S-S WX SPD DR
================================================================================
1 112 89 101 4 0 36 0.00 M M 9.1 17 230 M M 0 20 200
2 113 89 101 4 0 36 0.00 M M 7.5 24 200 M M 0 29 190
3 113 93 103 6 0 38 0.00 M M 8.9 24 270 M M 0 28 270
4 111 91 101 3 0 36 0.00 M M 8.2 18 80 M M 0 24 80
5 114 91 103 5 0 38 0.00 M M 8.7 18 230 M M 0 23 90
6 116 89 103 5 0 38 0.00 M M 7.7 17 230 M M 0 22 230
7 117 90 104 6 0 39 0.00 M M 8.4 21 200 M M 0 25 200
8 115 94 105 7 0 40 0.00 M M 11.2 21 220 M M 0 25 200
9 120 95 108 10 0 43 0.00 M M 6.1 16 210 M M 1 21 130
10 122 98 110 12 0 45 0.00 M M 6.1 22 190 M M 1 30 200
11 116 96 106 8 0 41 T M M 11.2 32 190 M M 5 8 39 210
12 111 96 104 5 0 39 T M M 13.6 35 190 M M 0 40 190
13 111 82 97 -2 0 32 0.01 M M 10.5 30 140 M M 1 3 37 140
14 110 92 101 2 0 36 0.00 M M 12.0 22 190 M M 0 28 170
15 110 84 97 -2 0 32 0.00 M M 10.4 26 190 M M 1 33 190
16 112 90 101 2 0 36 0.00 M M 9.3 21 170 M M 0 29 180
17 110 91 101 2 0 36 T M M 8.4 35 110 M M 0 42 110
18 109 87 98 -1 0 33 T M M 8.2 20 170 M M 1 29 190
19 110 88 99 0 0 34 T M M 5.2 32 360 M M 1 3 44 340
20 112 84 98 -1 0 33 0.11 M M 5.0 48 290 M M 0 3 62 300
21 111 85 98 -1 0 33 T M M 4.6 28 320 M M 2 3 33 320
22 110 87 99 0 0 34 0.00 M M 9.5 21 220 M M 0 27 180
23 105 92 99 0 0 34 0.00 M M 9.3 21 150 M M 0 29 210
24 100 85 93 -6 0 28 T M M 10.0 20 100 M M 0 27 160
25 102 83 93 -6 0 28 T M M 7.0 36 140 M M 2 42 140
26 100 77 89 -10 0 24 T M M 5.8 16 180 M M 4 1 22 200
27 108 84 96 -3 0 31 0.00 M M 4.7 14 90 M M 0 19 80
28 110 91 101 2 0 36 T M M 7.8 32 220 M M 1 3 39 220
29 113 87 100 1 0 35 T M M 6.9 30 100 M M 1 3 35 110
30 103 87 95 -4 0 30 T M M 4.9 15 190 M M 2 22 190
31 102 77 90 -9 0 25 T M M 6.6 28 150 M M 2 3 34 160
================================================================================
SM 3428 2744 01079 0.12 M 252.8 M 25
================================================================================
AV110.6 88.5 8.2 FASTST M M 1 MAX(MPH)
MISC ----> 48 290 62 300
================================================================================
NOTES:
# LAST OF SEVERAL OCCURRENCES
COLUMN 17 PEAK WIND IN M.P.H.
PRELIMINARY LOCAL CLIMATOLOGICAL DATA (WS FORM: F-6) , PAGE 2
STATION: NEEDLES CA
MONTH: JULY
YEAR: 2021
LATITUDE: 34 46 N
LONGITUDE: 114 37 W
[TEMPERATURE DATA] [PRECIPITATION DATA] SYMBOLS USED IN COLUMN 16
AVERAGE MONTHLY: 99.5 TOTAL FOR MONTH: 0.12 1 = FOG OR MIST
DPTR FM NORMAL: 1.0 DPTR FM NORMAL: -0.15 2 = FOG REDUCING VISIBILITY
HIGHEST: 122 ON 10 GRTST 24HR 0.11 ON 20-20 TO 1/4 MILE OR LESS
LOWEST: 77 ON 31,26 3 = THUNDER
SNOW, ICE PELLETS, HAIL 4 = ICE PELLETS
TOTAL MONTH: M 5 = HAIL
GRTST 24HR M ON M 6 = FREEZING RAIN OR DRIZZLE
GRTST DEPTH: M ON M 7 = DUSTSTORM OR SANDSTORM:
VSBY 1/2 MILE OR LESS
8 = SMOKE OR HAZE
[NO. OF DAYS WITH] [WEATHER - DAYS WITH] 9 = BLOWING SNOW
X = TORNADO
MAX 32 OR BELOW: 0 0.01 INCH OR MORE: 2
MAX 90 OR ABOVE: 31 0.10 INCH OR MORE: 1
MIN 32 OR BELOW: 0 0.50 INCH OR MORE: 0
MIN 0 OR BELOW: 0 1.00 INCH OR MORE: 0
[HDD (BASE 65) ]
TOTAL THIS MO. 0 CLEAR (SCALE 0-3) 29
DPTR FM NORMAL 0 PTCLDY (SCALE 4-7) 2
TOTAL FM JUL 1 0 CLOUDY (SCALE 8-10) 0
DPTR FM NORMAL 0
[CDD (BASE 65) ]
TOTAL THIS MO. 1079
DPTR FM NORMAL 39 [PRESSURE DATA]
TOTAL FM JAN 1 3044 HIGHEST SLP 29.95 ON 31
DPTR FM NORMAL 197 LOWEST SLP 28.66 ON 10
[REMARKS]
#FINAL-07-21#