000
CXUS54 KEPZ 011030
CF6ELP
PRELIMINARY LOCAL CLIMATOLOGICAL DATA (WS FORM: F-6)
STATION: EL PASO
MONTH: JUNE
YEAR: 2022
LATITUDE: 31 47 N
LONGITUDE: 106 24 W
TEMPERATURE IN F: :PCPN: SNOW: WIND :SUNSHINE: SKY :PK WND
================================================================================
1 2 3 4 5 6A 6B 7 8 9 10 11 12 13 14 15 16 17 18
12Z AVG MX 2MIN
DY MAX MIN AVG DEP HDD CDD WTR SNW DPTH SPD SPD DIR MIN PSBL S-S WX SPD DR
================================================================================
1 100 63 82 1 0 17 0.00 0.0 0 8.3 36 90 M M 1 7 49 90
2 93 68 81 0 0 16 0.12 T 0 7.7 22 160 M M 2 35 31 150
3 98 65 82 0 0 17 0.00 0.0 0 8.3 20 300 M M 1 27 270
4 98 68 83 1 0 18 0.00 0.0 0 10.6 28 260 M M 5 37 270
5 98 74 86 4 0 21 0.00 0.0 0 11.5 25 240 M M 5 33 240
6 101 75 88 6 0 23 0.00 0.0 0 11.1 33 280 M M 1 42 280
7 104 79 92 9 0 27 0.00 0.0 0 10.1 22 250 M M 2 30 260
8 106 76 91 8 0 26 0.00 0.0 0 12.0 37 100 M M 6 378 53 80
9 99 72 86 3 0 21 0.00 0.0 0 5.7 22 80 M M 6 29 80
10 105 72 89 6 0 24 0.00 0.0 0 4.5 15 250 M M 2 18 250
11 107 76 92 8 0 27 0.00 0.0 0 5.7 22 310 M M 2 30 320
12 106 79 93 9 0 28 0.00 0.0 0 11.5 31 260 M M 6 42 260
13 105 83 94 10 0 29 0.00 0.0 0 14.0 28 300 M M 6 8 37 290
14 102 80 91 7 0 26 0.00 0.0 0 12.7 25 250 M M 5 36 260
15 102 73 88 4 0 23 0.00 0.0 0 7.3 18 160 M M 2 27 170
16 103 74 89 5 0 24 0.02 0.0 0 9.9 31 70 M M 4 3 45 80
17 99 72 86 2 0 21 T 0.0 0 8.9 23 200 M M 5 3 33 200
18 99 73 86 1 0 21 T 0.0 0 9.8 23 240 M M 4 29 250
19 96 68 82 -3 0 17 0.38 0.0 0 9.9 41 120 M M 7 3 54 120
20 85 66 76 -9 0 11 0.30 0.0 0 5.0 29 140 M M 8 13 42 130
21 80 66 73 -12 0 8 0.14 0.0 0 9.0 20 10 M M 9 13 24 360
22 89 68 79 -6 0 14 0.06 0.0 0 10.6 22 10 M M 8 3 27 20
23 94 71 83 -2 0 18 0.00 0.0 0 8.4 18 360 M M 6 3 24 350
24 96 72 84 -1 0 19 T 0.0 0 7.1 23 250 M M 4 3 29 250
25 98 75 87 2 0 22 T 0.0 0 8.0 25 60 M M 6 3 35 50
26 92 71 82 -3 0 17 T 0.0 0 14.6 26 30 M M 7 3 38 40
27 91 72 82 -3 0 17 0.00 0.0 0 10.2 20 40 M M 6 28 30
28 93 71 82 -3 0 17 0.00 0.0 0 10.2 23 30 M M 6 31 30
29 94 72 83 -2 0 18 0.22 0.0 0 7.5 24 330 M M 5 3 30 350
30 97 72 85 0 0 20 0.00 0.0 0 4.6 20 250 M M 4 24 260
================================================================================
SM 2930 2166 0 607 1.24 T 274.7 M 141
================================================================================
AV 97.7 72.2 9.2 FASTST M M 5 MAX(MPH)
MISC ----> 41 120 54 120
================================================================================
NOTES:
# LAST OF SEVERAL OCCURRENCES
COLUMN 17 PEAK WIND IN M.P.H.
PRELIMINARY LOCAL CLIMATOLOGICAL DATA (WS FORM: F-6) , PAGE 2
STATION: EL PASO
MONTH: JUNE
YEAR: 2022
LATITUDE: 31 47 N
LONGITUDE: 106 24 W
[TEMPERATURE DATA] [PRECIPITATION DATA] SYMBOLS USED IN COLUMN 16
AVERAGE MONTHLY: 84.9 TOTAL FOR MONTH: 1.24 1 = FOG OR MIST
DPTR FM NORMAL: 1.0 DPTR FM NORMAL: 0.51 2 = FOG REDUCING VISIBILITY
HIGHEST: 107 ON 11 GRTST 24HR 0.43 ON 20-21 TO 1/4 MILE OR LESS
LOWEST: 63 ON 1 3 = THUNDER
SNOW, ICE PELLETS, HAIL 4 = ICE PELLETS
TOTAL MONTH: T 5 = HAIL
GRTST 24HR T ON 2- 2 6 = FREEZING RAIN OR DRIZZLE
GRTST DEPTH: 0 7 = DUSTSTORM OR SANDSTORM:
VSBY 1/2 MILE OR LESS
8 = SMOKE OR HAZE
[NO. OF DAYS WITH] [WEATHER - DAYS WITH] 9 = BLOWING SNOW
X = TORNADO
MAX 32 OR BELOW: 0 0.01 INCH OR MORE: 7
MAX 90 OR ABOVE: 27 0.10 INCH OR MORE: 5
MIN 32 OR BELOW: 0 0.50 INCH OR MORE: 0
MIN 0 OR BELOW: 0 1.00 INCH OR MORE: 0
[HDD (BASE 65) ]
TOTAL THIS MO. 0 CLEAR (SCALE 0-3) 8
DPTR FM NORMAL 0 PTCLDY (SCALE 4-7) 21
TOTAL FM JUL 1 1997 CLOUDY (SCALE 8-10) 1
DPTR FM NORMAL -209
[CDD (BASE 65) ]
TOTAL THIS MO. 607
DPTR FM NORMAL 42 [PRESSURE DATA]
TOTAL FM JAN 1 1210 HIGHEST SLP 30.11 ON 27
DPTR FM NORMAL 183 LOWEST SLP 29.51 ON 13
[REMARKS]
#FINAL-06-22#