000
CXUS56 KLKN 041314
CF6ELY
PRELIMINARY LOCAL CLIMATOLOGICAL DATA (WS FORM: F-6)
STATION: ELY AIRPORT NV
MONTH: MARCH
YEAR: 2020
LATITUDE: 39 16 N
LONGITUDE: 114 51 W
TEMPERATURE IN F: :PCPN: SNOW: WIND :SUNSHINE: SKY :PK WND
================================================================================
1 2 3 4 5 6A 6B 7 8 9 10 11 12 13 14 15 16 17 18
12Z AVG MX 2MIN
DY MAX MIN AVG DEP HDD CDD WTR SNW DPTH SPD SPD DIR MIN PSBL S-S WX SPD DR
================================================================================
1 42 20 31 -2 34 0 0.16 3.4 0 16.4 25 20 M M 7 128 37 50
2 40 5 23 -10 42 0 0.00 0.0 3 10.1 22 360 M M 0 36 30
3 52 15 34 1 31 0 0.00 0.0 T 7.4 21 10 M M 0 26 360
4 59 18 39 5 26 0 0.00 0.0 0 8.5 16 30 M M 0 20 30
5 63 23 43 9 22 0 0.00 0.0 0 9.3 18 250 M M 0 25 240
6 61 28 45 11 20 0 0.00 0.0 0 13.6 24 180 M M 0 30 170
7 54 35 45 11 20 0 0.00 0.0 0 17.8 30 190 M M 3 39 170
8 52 20 36 1 29 0 0.00 0.0 0 8.0 18 220 M M 4 24 210
9 51 30 41 6 24 0 0.00 0.0 0 9.2 16 230 M M 2 24 170
10 54 19 37 2 28 0 0.00 0.0 0 8.4 16 170 M M 3 20 160
11 58 32 45 10 20 0 0.00 0.0 0 8.8 22 190 M M 5 28 200
12 63 24 44 8 21 0 0.00 0.0 0 8.9 18 30 M M 1 24 20
13 55 25 40 4 25 0 T 0.0 0 11.6 31 170 M M 4 39 160
14 48 37 43 7 22 0 0.13 0.0 0 22.9 33 150 M M 9 1 41 190
15 53 35 44 8 21 0 T T T 21.2 35 150 M M 8 3 46 150
16 54 28 41 5 24 0 0.03 0.0 0 15.5 31 180 M M 3 1 43 200
17 45 29 37 0 28 0 0.01 0.3 T 15.2 33 170 M M 7 1 42 160
18 43 21 32 -5 33 0 T T T 9.9 22 160 M M 5 1 29 150
19 43 23 33 -4 32 0 0.08 1.4 T 4.3 24 160 M M 8 1 31 130
20 40 16 28 -9 37 0 0.08 1.1 2 5.3 16 170 M M 7 12 20 170
21 45 16 31 -6 34 0 0.00 0.0 T 5.3 13 180 M M 4 16 180
22 52 20 36 -2 29 0 0.00 0.0 0 8.2 16 170 M M 4 19 170
23 50 26 38 0 27 0 0.02 0.0 0 8.2 25 310 M M 7 1 30 310
24 52 32 42 4 23 0 0.13 T 0 14.9 29 210 M M 8 1 37 220
25 40 23 32 -6 33 0 0.53 7.7 4 7.8 28 10 M M 10 12 33 10
26 32 9 21 -17 44 0 0.41 6.4 9 11.1 23 10 M M 5 12 33 20
27 37 4 21 -17 44 0 T T 3 7.0 14 50 M M 6 17 50
28 41 21 31 -8 34 0 T T T 5.2 10 230 M M 10 12 190
29 40 29 35 -4 30 0 0.09 0.6 T 6.2 14 190 M M 9 1 17 190
30 50 24 37 -2 28 0 0.00 0.0 T 9.3 17 240 M M 5 12 23 240
31 60 29 45 6 20 0 0.00 0.0 0 9.3 23 260 M M 3 29 230
================================================================================
SM 1529 716 885 0 1.67 20.9 324.8 M 147
================================================================================
AV 49.3 23.1 10.5 FASTST M M 5 MAX(MPH)
MISC ----> # 35 150 # 46 150
================================================================================
NOTES:
# LAST OF SEVERAL OCCURRENCES
COLUMN 17 PEAK WIND IN M.P.H.
PRELIMINARY LOCAL CLIMATOLOGICAL DATA (WS FORM: F-6) , PAGE 2
STATION: ELY AIRPORT NV
MONTH: MARCH
YEAR: 2020
LATITUDE: 39 16 N
LONGITUDE: 114 51 W
[TEMPERATURE DATA] [PRECIPITATION DATA] SYMBOLS USED IN COLUMN 16
AVERAGE MONTHLY: 36.2 TOTAL FOR MONTH: 1.67 1 = FOG OR MIST
DPTR FM NORMAL: -0.1 DPTR FM NORMAL: 0.74 2 = FOG REDUCING VISIBILITY
HIGHEST: 63 ON 12, 5 GRTST 24HR 0.53 ON 25-25 TO 1/4 MILE OR LESS
LOWEST: 4 ON 27 3 = THUNDER
SNOW, ICE PELLETS, HAIL 4 = ICE PELLETS
TOTAL MONTH: 20.9 INCHES 5 = HAIL
GRTST 24HR 7.7 ON 25-25 6 = FREEZING RAIN OR DRIZZLE
GRTST DEPTH: 9 ON 26 7 = DUSTSTORM OR SANDSTORM:
VSBY 1/2 MILE OR LESS
8 = SMOKE OR HAZE
[NO. OF DAYS WITH] [WEATHER - DAYS WITH] 9 = BLOWING SNOW
X = TORNADO
MAX 32 OR BELOW: 1 0.01 INCH OR MORE: 11
MAX 90 OR ABOVE: 0 0.10 INCH OR MORE: 5
MIN 32 OR BELOW: 28 0.50 INCH OR MORE: 1
MIN 0 OR BELOW: 0 1.00 INCH OR MORE: 0
[HDD (BASE 65) ]
TOTAL THIS MO. 885 CLEAR (SCALE 0-3) 8
DPTR FM NORMAL -5 PTCLDY (SCALE 4-7) 17
TOTAL FM JUL 1 6020 CLOUDY (SCALE 8-10) 6
DPTR FM NORMAL -207
[CDD (BASE 65) ]
TOTAL THIS MO. 0
DPTR FM NORMAL 0 [PRESSURE DATA]
TOTAL FM JAN 1 0 HIGHEST SLP 30.36 ON 5
DPTR FM NORMAL 0 LOWEST SLP 29.52 ON 13
[REMARKS]
#FINAL-03-20#