000
CXUS55 KLKN 021822
CLSELY
CLIMATE REPORT
NATIONAL WEATHER SERVICE ELKO, NV
1022 AM PST SAT DEC 02 2023
...................................
...THE ELY AIRPORT NV CLIMATE SUMMARY FOR THE SEASON, FROM
9/1/2023 TO 11/30/2023...
CLIMATE NORMAL PERIOD 1991 TO 2020
CLIMATE RECORD PERIOD 1893 TO 2023
WEATHER OBSERVED NORMAL DEPART LAST YEAR`S
VALUE DATE(S) VALUE FROM VALUE
NORMAL
..............................................................
TEMPERATURE (F)
RECORD
HIGH 97 09/06/2022
LOW -20 11/25/2010
HIGHEST 81 09/08 88 -7 97
LOWEST 11/27 0 1
AVG. MAXIMUM 64.1 64.5 -0.4 64.2
AVG. MINIMUM 28.5 28.8 -0.3 29.0
MEAN 46.3 46.6 -0.3 46.6
DAYS MAX >= 90 0 0.7 -0.7 8
DAYS MAX <= 32 3 2.5 0.5 0
DAYS MIN <= 32 53 57.3 -4.3 54
DAYS MIN <= 0 1 1.3 -0.3 0
PRECIPITATION (INCHES)
RECORD
MAXIMUM 7.30 1982
MINIMUM 0.35 1893
TOTALS 1.93 2.07 -0.14 3.52
DAILY AVG. 0.02 0.02 -0.00 0.04
DAYS >= .01 17 14.5 2.5 11
DAYS >= .10 7 6.3 0.7 8
DAYS >= .50 0 0.8 -0.8 3
DAYS >= 1.00 0 0.0 0.0 0
SNOWFALL (INCHES)
RECORDS
TOTAL 26.0 1985
TOTALS 3.3 8.1 -4.8 9.8
DAYS >= 1.0 2 2.4 -0.4 4
GREATEST
SNOW DEPTH 3 11/25 5
DEGREE DAYS
HEATING TOTAL 1678 1685 -7 1722
COOLING TOTAL 0 12 -12 72
..............................................................
WIND (MPH)
AVERAGE WIND SPEED 8.8
HIGHEST WIND SPEED/DIRECTION 35/160 DATE 09/01
HIGHEST GUST SPEED/DIRECTION 49/170 DATE 09/01
AVERAGE RH (PERCENT) 52
WEATHER CONDITIONS. NUMBER OF DAYS WITH
THUNDERSTORM 9 MIXED PRECIP 0
HEAVY RAIN 2 RAIN 8
LIGHT RAIN 20 FREEZING RAIN 0
LT FREEZING RAIN 0 HAIL 0
HEAVY SNOW 0 SNOW 1
LIGHT SNOW 5 SLEET 0
FOG 13 FOG W/VIS <= 1/4 MILE 0
HAZE 3
- INDICATES NEGATIVE NUMBERS.
R INDICATES RECORD WAS SET OR TIED.
MM INDICATES DATA IS MISSING.
T INDICATES TRACE AMOUNT.
=====================================================================
...COLDER THAN NORMAL METEOROLOGICAL FALL IN ELY...
...DRIER THAN NORMAL METEOROLOGICAL FALL IN ELY...
$$