000
CXUS56 KOTX 010910
CF6EPH
PRELIMINARY LOCAL CLIMATOLOGICAL DATA (WS FORM: F-6)
STATION: EPHRATA WA AIRPORT
MONTH: APRIL
YEAR: 2021
LATITUDE: 47 18 N
LONGITUDE: 119 31 W
TEMPERATURE IN F: :PCPN: SNOW: WIND :SUNSHINE: SKY :PK WND
================================================================================
1 2 3 4 5 6A 6B 7 8 9 10 11 12 13 14 15 16 17 18
12Z AVG MX 2MIN
DY MAX MIN AVG DEP HDD CDD WTR SNW DPTH SPD SPD DIR MIN PSBL S-S WX SPD DR
================================================================================
1 66 32 49 2 16 0 0.00 M M 7.3 17 300 M M 0 22 290
2 64 29 47 -1 18 0 0.00 M M 7.2 21 320 M M 0 29 320
3 66 39 53 5 12 0 0.00 M M 5.1 14 160 M M 0 20 150
4 60 44 52 4 13 0 0.00 M M 12.1 28 320 M M 3 32 330
5 63 35 49 1 16 0 0.00 M M 12.4 24 340 M M 2 30 330
6 65 29 47 -1 18 0 0.00 M M 7.0 16 200 M M 0 20 170
7 55 32 44 -4 21 0 0.00 M M 8.6 24 260 M M 2 31 270
8 58 35 47 -2 18 0 0.00 M M 12.9 29 310 M M 1 35 310
9 60 25 43 -6 22 0 0.00 M M 9.7 25 300 M M 1 32 300
10 52 37 45 -4 20 0 0.00 M M 18.6 31 290 M M 2 43 300
11 56 30 43 -6 22 0 0.00 M M 8.1 20 300 M M 0 25 330
12 59 30 45 -4 20 0 0.00 M M 11.0 22 60 M M 2 27 30
13 62 39 51 1 14 0 0.00 M M 16.5 31 50 M M 0 39 30
14 72 33 53 3 12 0 0.00 M M 14.3 24 40 M M 0 35 70
15 74 40 57 7 8 0 0.00 M M 10.0 21 60 M M 0 29 60
16 75 38 57 7 8 0 0.00 M M 7.8 20 60 M M 0 8 31 40
17 77 38 58 8 7 0 0.00 M M 5.4 12 190 M M 0 15 160
18 84 39 62 11 3 0 0.00 M M 12.3 25 350 M M 0 33 350
19 63 42 53 2 12 0 0.00 M M 7.7 20 40 M M 1 26 40
20 67 36 52 1 13 0 0.00 M M 6.8 15 40 M M 0 21 40
21 74 35 55 3 10 0 0.00 M M 7.5 21 310 M M 0 27 310
22 73 49 61 9 4 0 0.00 M M 15.2 30 350 M M 3 37 340
23 68 43 56 4 9 0 0.00 M M 8.1 18 200 M M 1 25 200
24 58 38 48 -4 17 0 0.07 M M 7.2 16 190 M M 7 1 20 210
25 64 32 48 -5 17 0 T M M 5.6 26 270 M M 2 12 33 270
26 65 35 50 -3 15 0 T M M 7.9 24 310 M M 2 30 300
27 70 43 57 4 8 0 0.00 M M 11.5 24 300 M M 1 30 300
28 72 45 59 5 6 0 0.00 M M 4.8 22 310 M M 2 28 310
29 80 51 66 12 0 1 0.00 M M 5.4 14 310 M M 0 18 320
30 79 51 65 11 0 0 T M M 11.0 28 310 M M 1 33 310
================================================================================
SM 2001 1124 379 1 0.07 M 285.0 M 33
================================================================================
AV 66.7 37.5 9.5 FASTST M M 1 MAX(MPH)
MISC ----> # 31 290 43 300
================================================================================
NOTES:
# LAST OF SEVERAL OCCURRENCES
COLUMN 17 PEAK WIND IN M.P.H.
PRELIMINARY LOCAL CLIMATOLOGICAL DATA (WS FORM: F-6) , PAGE 2
STATION: EPHRATA WA AIRPORT
MONTH: APRIL
YEAR: 2021
LATITUDE: 47 18 N
LONGITUDE: 119 31 W
[TEMPERATURE DATA] [PRECIPITATION DATA] SYMBOLS USED IN COLUMN 16
AVERAGE MONTHLY: 52.1 TOTAL FOR MONTH: 0.07 1 = FOG OR MIST
DPTR FM NORMAL: 1.7 DPTR FM NORMAL: -0.41 2 = FOG REDUCING VISIBILITY
HIGHEST: 84 ON 18 GRTST 24HR 0.07 ON 24-24 TO 1/4 MILE OR LESS
LOWEST: 25 ON 9 3 = THUNDER
SNOW, ICE PELLETS, HAIL 4 = ICE PELLETS
TOTAL MONTH: M 5 = HAIL
GRTST 24HR M ON M 6 = FREEZING RAIN OR DRIZZLE
GRTST DEPTH: M ON M 7 = DUSTSTORM OR SANDSTORM:
VSBY 1/2 MILE OR LESS
8 = SMOKE OR HAZE
[NO. OF DAYS WITH] [WEATHER - DAYS WITH] 9 = BLOWING SNOW
X = TORNADO
MAX 32 OR BELOW: 0 0.01 INCH OR MORE: 1
MAX 90 OR ABOVE: 0 0.10 INCH OR MORE: 0
MIN 32 OR BELOW: 8 0.50 INCH OR MORE: 0
MIN 0 OR BELOW: 0 1.00 INCH OR MORE: 0
[HDD (BASE 65) ]
TOTAL THIS MO. 379 CLEAR (SCALE 0-3) 28
DPTR FM NORMAL -61 PTCLDY (SCALE 4-7) 2
TOTAL FM JUL 1 5110 CLOUDY (SCALE 8-10) 0
DPTR FM NORMAL -586
[CDD (BASE 65) ]
TOTAL THIS MO. 1
DPTR FM NORMAL -1 [PRESSURE DATA]
TOTAL FM JAN 1 1 HIGHEST SLP M ON M
DPTR FM NORMAL -1 LOWEST SLP 29.61 ON 25
[REMARKS]
#FINAL-04-21#