000
CXUS56 KPQR 011536
CLMEUG
CLIMATE REPORT
NATIONAL WEATHER SERVICE PORTLAND OREGON
836 AM PDT SUN OCT 01 2023
...................................
...THE EUGENE OR CLIMATE SUMMARY FOR THE MONTH OF SEPTEMBER 2023...
CLIMATE NORMAL PERIOD 1991 TO 2020
CLIMATE RECORD PERIOD 1892 TO 2023
WEATHER OBSERVED NORMAL DEPART LAST YEAR`S
VALUE DATE(S) VALUE FROM VALUE DATE(S)
NORMAL
................................................................
TEMPERATURE (F)
HIGHEST 94 92 09/01
LOWEST 40 43 09/17
AVG. MAXIMUM 77.5 78.0 -0.5 80.1
AVG. MINIMUM 49.9 47.8 2.1 51.2
MEAN 63.7 62.9 0.8 65.7
DAYS MAX >= 90 1 2.4 -1.4 5
DAYS MAX <= 32 0 0.0 0.0 0
DAYS MIN <= 32 0 0.1 -0.1 0
DAYS MIN <= 0 0 0.0 0.0 0
PRECIPITATION (INCHES)
RECORD
MAXIMUM 7.08 2013
MINIMUM 0.00 1999
TOTALS 1.66 1.39 0.27 0.13
DAYS >= .01 8 5.9 2.1 3
DAYS >= .10 4 3.2 0.8 1
DAYS >= .50 1 1.0 0.0 0
DAYS >= 1.00 0 0.1 -0.1 0
GREATEST
24 HR. TOTAL 0.91 09/24 TO 09/25
DEGREE DAYS
HEATING TOTAL 78 101 -23 36
SINCE 7/1 84 149 -65 MM
COOLING TOTAL 48 38 10 65
SINCE 1/1 588 292 296 MM
................................................................
WIND (MPH)
AVERAGE WIND SPEED 6.1
RESULTANT WIND SPEED/DIRECTION 1/280
HIGHEST WIND SPEED/DIRECTION 28/070 DATE 09/25
28/150 09/26
HIGHEST GUST SPEED/DIRECTION 34/070 DATE 09/25
SKY COVER
POSSIBLE SUNSHINE (PERCENT) MM
AVERAGE SKY COVER 0.45
NUMBER OF DAYS FAIR 14
NUMBER OF DAYS PC 10
NUMBER OF DAYS CLOUDY 6
AVERAGE RH (PERCENT) 65
WEATHER CONDITIONS. NUMBER OF DAYS WITH
THUNDERSTORM 1 MIXED PRECIP 0
HEAVY RAIN 1 RAIN 2
LIGHT RAIN 10 FREEZING RAIN 0
LT FREEZING RAIN 0 HAIL 0
HEAVY SNOW 0 SNOW 0
LIGHT SNOW 0 SLEET 0
FOG 11 FOG W/VIS <= 1/4 MILE 0
HAZE 6
- INDICATES NEGATIVE NUMBERS.
R INDICATES RECORD WAS SET OR TIED.
MM INDICATES DATA IS MISSING.
T INDICATES TRACE AMOUNT.
$$