000
CXUS56 KPQR 011612
CLMEUG
CLIMATE REPORT
NATIONAL WEATHER SERVICE PORTLAND OREGON
912 AM PDT MON MAY 01 2023
...................................
...THE EUGENE OR CLIMATE SUMMARY FOR THE MONTH OF APRIL 2023...
CLIMATE NORMAL PERIOD 1991 TO 2020
CLIMATE RECORD PERIOD 1892 TO 2023
WEATHER OBSERVED NORMAL DEPART LAST YEAR`S
VALUE DATE(S) VALUE FROM VALUE DATE(S)
NORMAL
................................................................
TEMPERATURE (F)
HIGHEST 87 74 04/07
LOWEST 34 30 04/15
AVG. MAXIMUM 59.6 61.3 -1.7 58.2
AVG. MINIMUM 41.9 40.0 1.9 38.0
MEAN 50.8 50.7 0.0 48.1
DAYS MAX >= 90 0 0.0 0.0 0
DAYS MAX <= 32 0 0.0 0.0 0
DAYS MIN <= 32 0 1.6 -1.6 2
DAYS MIN <= 0 0 0.0 0.0 0
PRECIPITATION (INCHES)
RECORD
MAXIMUM 7.85 1993
MINIMUM 0.35 2021
TOTALS 4.70 3.32 1.38 4.48
DAYS >= .01 20 15.5 4.5 19
DAYS >= .10 16 8.9 7.1 10
DAYS >= .50 2 1.7 0.3 3
DAYS >= 1.00 1 0.3 0.7 0
GREATEST
24 HR. TOTAL 1.04 04/10 TO 04/10
04/09 TO 04/10
04/10 TO 04/10
DEGREE DAYS
HEATING TOTAL 425 431 -6 497
SINCE 7/1 4219 4188 31 MM
COOLING TOTAL 6 0 6 0
SINCE 1/1 6 0 6 MM
................................................................
WIND (MPH)
AVERAGE WIND SPEED 7.6
RESULTANT WIND SPEED/DIRECTION 4/210
HIGHEST WIND SPEED/DIRECTION 31/210 DATE 04/17
HIGHEST GUST SPEED/DIRECTION 42/300 DATE 04/03
SKY COVER
POSSIBLE SUNSHINE (PERCENT) MM
AVERAGE SKY COVER 0.74
NUMBER OF DAYS FAIR 4
NUMBER OF DAYS PC 7
NUMBER OF DAYS CLOUDY 19
AVERAGE RH (PERCENT) 74
WEATHER CONDITIONS. NUMBER OF DAYS WITH
THUNDERSTORM 0 MIXED PRECIP 0
HEAVY RAIN 2 RAIN 5
LIGHT RAIN 21 FREEZING RAIN 0
LT FREEZING RAIN 0 HAIL 1
HEAVY SNOW 0 SNOW 0
LIGHT SNOW 1 SLEET 0
FOG 16 FOG W/VIS <= 1/4 MILE 1
HAZE 4
- INDICATES NEGATIVE NUMBERS.
R INDICATES RECORD WAS SET OR TIED.
MM INDICATES DATA IS MISSING.
T INDICATES TRACE AMOUNT.
$$