000
CXUS52 KMHX 010600
CF6EWN
PRELIMINARY LOCAL CLIMATOLOGICAL DATA (WS FORM: F-6)
STATION: NEW BERN NC
MONTH: AUGUST
YEAR: 2021
LATITUDE: 35 4 N
LONGITUDE: 77 3 W
TEMPERATURE IN F: :PCPN: SNOW: WIND :SUNSHINE: SKY :PK WND
================================================================================
1 2 3 4 5 6A 6B 7 8 9 10 11 12 13 14 15 16 17 18
12Z AVG MX 2MIN
DY MAX MIN AVG DEP HDD CDD WTR SNW DPTH SPD SPD DIR MIN PSBL S-S WX SPD DR
================================================================================
1 91 73 82 2 0 17 1.56 0.0 0 4.7 23 360 M M 5 138 28 360
2 86 73 80 0 0 15 0.88 0.0 M 5.0 22 190 M M 8 123 43 200
3 80 69 75 -5 0 10 1.99 0.0 M 10.2 18 80 M M 8 1 24 70
4 73 70 72 -8 0 7 1.30 0.0 M 9.2 18 30 M M 10 1 22 40
5 81 70 76 -4 0 11 0.00 0.0 M 5.8 12 10 M M 8 1 16 360
6 86 70 78 -2 0 13 1.00 0.0 M 3.7 13 150 M M 7 123 16 150
7 82 70 76 -4 0 11 1.19 0.0 M 4.7 15 210 M M 3 1 22 220
8 87 69 78 -2 0 13 0.00 0.0 M 2.3 7 180 M M 4 12 11 40
9 89 70 80 0 0 15 0.00 0.0 M 2.5 12 160 M M 0 1 16 170
10 91 71 81 1 0 16 0.00 0.0 M 4.2 10 200 M M 2 12 14 210
11 94 74 84 4 0 19 0.02 0.0 M 5.9 15 200 M M 1 1 19 200
12 95 76 86 7 0 21 0.00 0.0 0 6.1 13 200 M M 0 18 180
13 95 75 85 6 0 20 0.00 0.0 0 6.9 16 180 M M 1 21 210
14 93 74 84 5 0 19 0.00 0.0 0 4.5 15 200 M M 1 1 20 210
15 90 75 83 4 0 18 0.45 0.0 0 2.0 17 200 M M 2 138 23 200
16 90 73 82 3 0 17 0.15 0.0 0 2.8 18 170 M M 1 12 22 170
17 91 72 82 3 0 17 T 0.0 0 4.6 15 180 M M 2 1 19 140
18 90 75 83 4 0 18 0.68 0.0 0 6.0 17 210 M M 5 13 22 230
19 94 77 86 7 0 21 0.01 0.0 0 4.2 14 170 M M 3 18 170
20 90 73 82 3 0 17 1.38 0.0 0 2.4 17 270 M M 5 123 28 260
21 90 73 82 3 0 17 0.07 0.0 0 5.4 12 120 M M 5 13 15 330
22 88 71 80 2 0 15 0.00 0.0 0 3.4 15 170 M M 1 19 170
23 91 73 82 4 0 17 0.00 0.0 0 3.8 12 220 M M 2 1 14 180
24 92 75 84 6 0 19 0.00 0.0 0 3.6 12 170 M M 2 1 15 170
25 90 74 82 4 0 17 0.00 0.0 0 2.8 16 180 M M 4 1 20 180
26 90 73 82 4 0 17 0.00 0.0 0 3.6 14 220 M M 1 19 200
27 92 70 81 3 0 16 0.00 0.0 0 4.0 12 170 M M 1 1 15 180
28 93 72 83 5 0 18 0.00 0.0 0 4.3 9 200 M M 1 13 270
29 93 73 83 5 0 18 T 0.0 0 3.5 9 50 M M 2 12 360
30 94 75 85 7 0 20 0.00 0.0 0 5.3 10 240 M M 0 15 250
31 92 72 82 5 0 17 0.00 0.0 0 5.8 14 200 M M 1 19 200
================================================================================
SM 2773 2250 0 506 10.68 0.0 143.2 M 96
================================================================================
AV 89.5 72.6 4.6 FASTST M M 3 MAX(MPH)
MISC ----> 23 360 43 200
================================================================================
NOTES:
# LAST OF SEVERAL OCCURRENCES
COLUMN 17 PEAK WIND IN M.P.H.
PRELIMINARY LOCAL CLIMATOLOGICAL DATA (WS FORM: F-6) , PAGE 2
STATION: NEW BERN NC
MONTH: AUGUST
YEAR: 2021
LATITUDE: 35 4 N
LONGITUDE: 77 3 W
[TEMPERATURE DATA] [PRECIPITATION DATA] SYMBOLS USED IN COLUMN 16
AVERAGE MONTHLY: 81.0 TOTAL FOR MONTH: 10.68 1 = FOG OR MIST
DPTR FM NORMAL: 2.1 DPTR FM NORMAL: 3.87 2 = FOG REDUCING VISIBILITY
HIGHEST: 95 ON 13,12 GRTST 24HR 3.21 ON 3- 4 TO 1/4 MILE OR LESS
LOWEST: 69 ON 8, 3 3 = THUNDER
SNOW, ICE PELLETS, HAIL 4 = ICE PELLETS
TOTAL MONTH: 0.0 INCH 5 = HAIL
GRTST 24HR 0.0 6 = FREEZING RAIN OR DRIZZLE
GRTST DEPTH: 0 7 = DUSTSTORM OR SANDSTORM:
VSBY 1/2 MILE OR LESS
8 = SMOKE OR HAZE
[NO. OF DAYS WITH] [WEATHER - DAYS WITH] 9 = BLOWING SNOW
X = TORNADO
MAX 32 OR BELOW: 0 0.01 INCH OR MORE: 13
MAX 90 OR ABOVE: 22 0.10 INCH OR MORE: 10
MIN 32 OR BELOW: 0 0.50 INCH OR MORE: 8
MIN 0 OR BELOW: 0 1.00 INCH OR MORE: 6
[HDD (BASE 65) ]
TOTAL THIS MO. 0 CLEAR (SCALE 0-3) 18
DPTR FM NORMAL 0 PTCLDY (SCALE 4-7) 10
TOTAL FM JUL 1 0 CLOUDY (SCALE 8-10) 3
DPTR FM NORMAL 0
[CDD (BASE 65) ]
TOTAL THIS MO. 506
DPTR FM NORMAL 74 [PRESSURE DATA]
TOTAL FM JAN 1 1596 HIGHEST SLP M ON M
DPTR FM NORMAL 79 LOWEST SLP 29.79 ON 1
[REMARKS]
#FINAL-08-21#