000
CXUS51 KOKX 011717
CLSEWR
CLIMATE REPORT
NATIONAL WEATHER SERVICE NEW YORK NY
1213 PM EST SUN MAR 1 2020
...................................
...THE NEWARK NJ CLIMATE SUMMARY FOR THE SEASON, FROM
12/1/2019 TO 2/29/2020...
CLIMATE NORMAL PERIOD 1981 TO 2010
CLIMATE RECORD PERIOD 1893 TO 2020
WEATHER OBSERVED NORMAL DEPART LAST YEAR`S
VALUE DATE(S) VALUE FROM VALUE
NORMAL
.............................................................
TEMPERATURE (F)
RECORD
HIGH 80 02/21/2018
LOW -14 02/09/1934
HIGHEST 70 01/11 MM MM
LOWEST 12 02/15 MM MM
AVG. MAXIMUM 45.9 41.5 4.4
AVG. MINIMUM 31.6 27.0 4.6
MEAN 38.8 34.2 4.6
DAYS MAX >= 90 0 0.0 0.0
DAYS MAX <= 32 2 14.7 -12.7
DAYS MIN <= 32 50 62.6 -12.6
DAYS MIN <= 0 0 0.4 -0.4
PRECIPITATION (INCHES)
RECORD
MAXIMUM 20.41 1979
MINIMUM 4.38 2002
TOTALS 10.76 10.23 0.53 14.77
DAILY AVG. 0.12 0.11 0.01
DAYS >= .01 33 30.8 2.2
DAYS >= .10 23 18.4 4.6
DAYS >= .50 8 7.6 0.4
DAYS >= 1.00 2 2.7 -0.7
GREATEST
24 HR. TOTAL 1.49 MM
STORM TOTAL MM
(MM/DD(HH)) MM
SNOWFALL (INCHES)
RECORDS
TOTAL 66.0 2011
24 HR TOTAL 27.5 MM
TOTALS 6.9 22.6 -15.7
LIQUID EQUIV 0.69 2.30 -1.61
SINCE 7/1 6.9 23.0 -16.1
LIQUID 7/1 0.69
DAYS >= TRACE 19 11.3 7.7
DAYS >= 1.0 3 5.2 -2.2
GREATEST
SNOW DEPTH 1 01/06
12/19
12/03
24 HR TOTAL 2.1 MM
STORM TOTAL MM
(MM/DD(HH)) MM
DEGREE_DAYS
HEATING TOTAL 2367 2767 -400
SINCE 7/1 MM 3662 MM
COOLING TOTAL 0 0 0
SINCE 1/1 0 0 0
..............................................................
WIND (MPH)
AVERAGE WIND SPEED 9.9
HIGHEST WIND SPEED/DIRECTION 44/260 DATE 02/07
HIGHEST GUST SPEED/DIRECTION 54/270 DATE 02/07
SKY COVER
POSSIBLE SUNSHINE (PERCENT) MM
AVERAGE SKY COVER 0.70
NUMBER OF DAYS FAIR 11
NUMBER OF DAYS PC 36
NUMBER OF DAYS CLOUDY 44
AVERAGE RH (PERCENT) 64
WEATHER CONDITIONS. NUMBER OF DAYS WITH
0
17
3
0
7
6
2
HAZE 11
- INDICATES NEGATIVE NUMBERS.
R INDICATES RECORD WAS SET OR TIED.
MM INDICATES DATA IS MISSING.
T INDICATES TRACE AMOUNT.
$$