000
CXUS53 KIND 010600
CF6EYE
PRELIMINARY LOCAL CLIMATOLOGICAL DATA (WS FORM: F-6)
STATION: INDIANAPOLIS EAGLE CREEK IN
MONTH: JUNE
YEAR: 2020
LATITUDE: 39 49 N
LONGITUDE: 86 18 W
TEMPERATURE IN F: :PCPN: SNOW: WIND :SUNSHINE: SKY :PK WND
================================================================================
1 2 3 4 5 6A 6B 7 8 9 10 11 12 13 14 15 16 17 18
12Z AVG MX 2MIN
DY MAX MIN AVG DEP HDD CDD WTR SNW DPTH SPD SPD DIR MIN PSBL S-S WX SPD DR
================================================================================
1 74 48 61 -7 4 0 T M M 3.4 12 140 M M 1 18 140
2 88 58 73 5 0 8 0.00 M M 7.5 15 210 M M 0 25 240
3 89 70 80 11 0 15 0.04 M M 5.6 15 280 M M 2 3 23 300
4 84 66 75 6 0 10 0.33 M M 4.3 16 230 M M 4 13 33 220
5 87 67 77 7 0 12 0.00 M M 4.3 10 290 M M 0 12 15 250
6 89 67 78 8 0 13 0.00 M M 6.5 16 360 M M 0 20 350
7 84 60 72 2 0 7 0.00 M M 6.9 13 130 M M 0 20 50
8 87 62 75 5 0 10 0.00 M M 8.2 16 80 M M 0 22 100
9 85 71 78 7 0 13 0.15 M M 10.9 21 150 M M 5 1 35 170
10 86 65 76 5 0 11 T M M 12.4 26 290 M M 8 3 43 220
11 81 60 71 0 0 6 T M M 7.5 18 290 M M 1 28 300
12 85 60 73 1 0 8 0.00 M M 3.9 12 10 M M 0 15 330
13 75 61 68 -4 0 3 T M M 7.2 17 10 M M 2 29 60
14 76 54 65 -7 0 0 0.00 M M 8.0 16 60 M M 0 23 60
15 80 53 67 -6 0 2 0.00 M M 5.9 15 80 M M 1 22 100
16 83 59 71 -2 0 6 0.00 M M 5.2 17 110 M M 2 24 110
17 85 60 73 0 0 8 0.00 M M 2.6 13 10 M M 2 19 50
18 86 61 74 1 0 9 0.00 M M 2.3 13 80 M M 1 19 30
19 90 65 78 4 0 13 0.00 M M 1.4 10 280 M M 1 16 250
20 91 67 79 5 0 14 0.00 M M 3.9 17 310 M M 1 24 310
21 77 65 71 -3 0 6 T M M 3.6 12 110 M M 5 1 16 260
22 89 63 76 2 0 11 0.23 M M 5.1 15 190 M M 4 123 26 190
23 78 67 73 -1 0 8 0.13 M M 10.2 22 300 M M 7 1 32 270
24 80 62 71 -3 0 6 0.00 M M 6.4 16 300 M M 3 23 310
25 84 61 73 -2 0 8 0.00 M M 3.8 15 290 M M 2 21 310
26 90 65 78 3 0 13 T M M 7.2 20 210 M M 3 31 200
27 79 69 74 -1 0 9 1.09 M M 5.3 24 310 M M 7 13 34 300
28 84 70 77 2 0 12 0.47 M M 2.7 9 200 M M 6 1 13 230
29 88 69 79 4 0 14 1.12 M M 3.0 20 130 M M 2 123 31 130
30 87 70 79 4 0 14 T M M 3.8 12 220 M M 3 3 20 220
================================================================================
SM 2521 1895 4 269 3.56 M 169.0 M 73
================================================================================
AV 84.0 63.2 5.6 FASTST M M 2 MAX(MPH)
MISC ----> 26 290 43 220
================================================================================
NOTES:
# LAST OF SEVERAL OCCURRENCES
COLUMN 17 PEAK WIND IN M.P.H.
PRELIMINARY LOCAL CLIMATOLOGICAL DATA (WS FORM: F-6) , PAGE 2
STATION: INDIANAPOLIS EAGLE CREEK IN
MONTH: JUNE
YEAR: 2020
LATITUDE: 39 49 N
LONGITUDE: 86 18 W
[TEMPERATURE DATA] [PRECIPITATION DATA] SYMBOLS USED IN COLUMN 16
AVERAGE MONTHLY: 73.6 TOTAL FOR MONTH: 3.56 1 = FOG OR MIST
DPTR FM NORMAL: 1.3 DPTR FM NORMAL: -0.83 2 = FOG REDUCING VISIBILITY
HIGHEST: 91 ON 20 GRTST 24HR 1.33 ON 27-28 TO 1/4 MILE OR LESS
LOWEST: 48 ON 1 3 = THUNDER
SNOW, ICE PELLETS, HAIL 4 = ICE PELLETS
TOTAL MONTH: M 5 = HAIL
GRTST 24HR M ON M 6 = FREEZING RAIN OR DRIZZLE
GRTST DEPTH: M ON M 7 = DUSTSTORM OR SANDSTORM:
VSBY 1/2 MILE OR LESS
8 = SMOKE OR HAZE
[NO. OF DAYS WITH] [WEATHER - DAYS WITH] 9 = BLOWING SNOW
X = TORNADO
MAX 32 OR BELOW: 0 0.01 INCH OR MORE: 8
MAX 90 OR ABOVE: 3 0.10 INCH OR MORE: 7
MIN 32 OR BELOW: 0 0.50 INCH OR MORE: 2
MIN 0 OR BELOW: 0 1.00 INCH OR MORE: 2
[HDD (BASE 65) ]
TOTAL THIS MO. 4 CLEAR (SCALE 0-3) 22
DPTR FM NORMAL -10 PTCLDY (SCALE 4-7) 8
TOTAL FM JUL 1 5038 CLOUDY (SCALE 8-10) 0
DPTR FM NORMAL -308
[CDD (BASE 65) ]
TOTAL THIS MO. 269
DPTR FM NORMAL 35 [PRESSURE DATA]
TOTAL FM JAN 1 352 HIGHEST SLP M ON M
DPTR FM NORMAL 34 LOWEST SLP 29.55 ON 10
[REMARKS]
#FINAL-06-20#