000
CXAK56 PAFG 010950
CF6FAI
PRELIMINARY LOCAL CLIMATOLOGICAL DATA (WS FORM: F-6)
STATION: FAIRBANKS AK
MONTH: JANUARY
YEAR: 2023
LATITUDE: 64 49 N
LONGITUDE: 147 52 W
TEMPERATURE IN F: :PCPN: SNOW: WIND :SUNSHINE: SKY :PK WND
================================================================================
1 2 3 4 5 6A 6B 7 8 9 10 11 12 13 14 15 16 17 18
12Z AVG MX 2MIN
DY MAX MIN AVG DEP HDD CDD WTR SNW DPTH SPD SPD DIR MIN PSBL S-S WX SPD DR
================================================================================
1 16 -15 1 9 64 0 0.00 0.0 15 1.1 9 20 M M 6 1 10 20
2 19 0 10 18 55 0 0.00 0.0 15 4.2 13 50 M M 6 13 50
3 2 -7 -2 7 67 0 0.00 0.0 15 0.6 7 170 M M 4 8 7 170
4 2 -10 -4 5 69 0 0.00 0.0 15 1.7 7 40 M M 6 7 80
5 12 -10 1 10 64 0 0.00 0.0 15 0.1 7 50 M M 5 18 7 50
6 4 -10 -3 6 68 0 0.01 0.2 15 0.0 5 190 M M 8 1 5 190
7 9 3 6 15 59 0 0.02 0.8 15 1.2 5 350 M M 10 1 6 350
8 8 4 6 15 59 0 T 0.3 16 0.5 6 130 M M 10 1 6 130
9 8 -15 -3 6 68 0 T T 16 1.1 7 30 M M 8 8 50
10 8 -9 0 10 65 0 0.00 0.0 15 4.4 10 30 M M 6 12 20
11 6 -6 0 10 65 0 0.00 0.0 15 4.5 10 40 M M 7 11 40
12 7 -13 -3 7 68 0 0.00 0.0 15 2.0 10 40 M M 6 14 40
13 0 -15 -7 3 72 0 0.00 0.0 15 0.1 5 160 M M 5 5 150
14 10 -17 -3 7 68 0 0.00 0.0 15 2.2 12 30 M M 4 13 40
15 7 -4 2 11 63 0 0.00 0.0 15 4.3 10 30 M M 6 11 30
16 12 -8 2 11 63 0 0.00 0.0 15 4.5 12 50 M M 5 12 40
17 8 -15 -3 6 68 0 0.00 0.0 15 4.5 12 50 M M 3 13 40
18 -9 -18 -13 -4 78 0 0.00 0.0 15 0.4 4 20 M M 2 M M
19 -4 -16 -10 -1 75 0 0.00 0.0 15 0.8 7 200 M M 4 8 200
20 1 -14 -6 3 71 0 0.00 0.0 15 1.5 7 180 M M 8 7 180
21 8 -15 -3 5 68 0 0.13 1.6 15 4.6 15 250 M M 9 1 18 240
22 -5 -32 -18 -10 83 0 T T 17 4.4 12 360 M M 6 1 13 360
23 -5 -12 -8 0 73 0 0.16 4.5 17 0.7 8 190 M M 10 1 9 190
24 0 -11 -5 3 70 0 0.03 1.2 21 0.9 6 50 M M 9 1 6 40
25 4 -14 -5 2 70 0 0.06 0.5 21 0.7 7 30 M M 8 1 8 20
26 11 -9 1 8 64 0 0.05 0.9 21 3.2 21 230 M M 9 1 25 230
27 9 -11 -1 6 66 0 T T 21 3.7 13 30 M M 6 14 30
28 18 7 13 19 52 0 0.03 0.2 21 2.5 10 20 M M 9 16 11 20
29 26 17 22 28 43 0 0.03 0.3 21 3.6 10 50 M M 9 1 11 50
30 26 20 23 29 42 0 0.10 1.4 20 1.7 7 40 M M 10 1 8 40
31 21 11 16 21 49 0 0.03 0.3 20 4.5 8 80 M M 10 1 9 90
================================================================================
SM 239 -244 2009 0 0.65 12.2 70.2 M 214
================================================================================
AV 7.7 -7.9 2.3 FASTST M M 7 MAX(MPH)
MISC ----> 21 230 25 230
================================================================================
NOTES:
# LAST OF SEVERAL OCCURRENCES
COLUMN 17 PEAK WIND IN M.P.H.
PRELIMINARY LOCAL CLIMATOLOGICAL DATA (WS FORM: F-6) , PAGE 2
STATION: FAIRBANKS AK
MONTH: JANUARY
YEAR: 2023
LATITUDE: 64 49 N
LONGITUDE: 147 52 W
[TEMPERATURE DATA] [PRECIPITATION DATA] SYMBOLS USED IN COLUMN 16
AVERAGE MONTHLY: -0.1 TOTAL FOR MONTH: 0.65 1 = FOG OR MIST
DPTR FM NORMAL: 8.2 DPTR FM NORMAL: 0.04 2 = FOG REDUCING VISIBILITY
HIGHEST: 26 ON 30,29 GRTST 24HR 0.32 ON 25-25 TO 1/4 MILE OR LESS
LOWEST: -32 ON 22 3 = THUNDER
SNOW, ICE PELLETS, HAIL 4 = ICE PELLETS
TOTAL MONTH: 12.2 INCHES 5 = HAIL
GRTST 24HR 4.5 ON 23-23 6 = FREEZING RAIN OR DRIZZLE
GRTST DEPTH: 21 ON 29,28 7 = DUSTSTORM OR SANDSTORM:
VSBY 1/2 MILE OR LESS
8 = SMOKE OR HAZE
[NO. OF DAYS WITH] [WEATHER - DAYS WITH] 9 = BLOWING SNOW
X = TORNADO
MAX 32 OR BELOW: 31 0.01 INCH OR MORE: 11
MAX 90 OR ABOVE: 0 0.10 INCH OR MORE: 3
MIN 32 OR BELOW: 31 0.50 INCH OR MORE: 0
MIN 0 OR BELOW: 25 1.00 INCH OR MORE: 0
[HDD (BASE 65) ]
TOTAL THIS MO. 2009 CLEAR (SCALE 0-3) 1
DPTR FM NORMAL -263 PTCLDY (SCALE 4-7) 20
TOTAL FM JUL 1 7745 CLOUDY (SCALE 8-10) 10
DPTR FM NORMAL -632
[CDD (BASE 65) ]
TOTAL THIS MO. 0
DPTR FM NORMAL 0 [PRESSURE DATA]
TOTAL FM JAN 1 0 HIGHEST SLP M ON M
DPTR FM NORMAL 0 LOWEST SLP 28.84 ON 1
[REMARKS]
#FINAL-01-23#