000
CXUS53 KFGF 010815
CF6FAR
PRELIMINARY LOCAL CLIMATOLOGICAL DATA (WS FORM: F-6)
STATION: FARGO HECTOR INTL AP ND
MONTH: JULY
YEAR: 2021
LATITUDE: 46 54 N
LONGITUDE: 96 48 W
TEMPERATURE IN F: :PCPN: SNOW: WIND :SUNSHINE: SKY :PK WND
================================================================================
1 2 3 4 5 6A 6B 7 8 9 10 11 12 13 14 15 16 17 18
12Z AVG MX 2MIN
DY MAX MIN AVG DEP HDD CDD WTR SNW DPTH SPD SPD DIR MIN PSBL S-S WX SPD DR
================================================================================
1 90 62 76 6 0 11 0.00 0.0 0 4.4 9 50 M M 0 M M
2 90 68 79 9 0 14 0.00 0.0 0 9.1 15 170 M M 2 26 120
3 92 69 81 11 0 16 0.00 0.0 0 14.3 23 190 M M 0 3 37 180
4 93 73 83 13 0 18 0.00 0.0 0 12.9 22 300 M M 0 30 320
5 90 65 78 8 0 13 0.00 0.0 0 4.7 13 20 M M 0 18 20
6 74 57 66 -4 0 1 0.33 0.0 0 12.3 18 20 M M 8 18 25 20
7 73 56 65 -5 0 0 0.00 0.0 0 5.1 10 350 M M 8 13 20
8 76 57 67 -4 0 2 0.00 0.0 0 9.2 18 140 M M 1 25 140
9 79 56 68 -3 0 3 0.00 0.0 0 6.2 14 110 M M 1 19 150
10 84 63 74 3 0 9 0.00 0.0 0 3.9 12 70 M M 3 16 70
11 86 57 72 1 0 7 0.00 0.0 0 5.8 14 200 M M 0 20 220
12 85 66 76 5 0 11 T 0.0 0 12.2 24 200 M M 0 8 32 180
13 85 61 73 2 0 8 0.00 0.0 0 7.2 15 350 M M 0 8 20 360
14 83 60 72 1 0 7 0.00 0.0 0 5.7 15 360 M M 0 18 20 10
15 87 56 72 1 0 7 0.00 0.0 0 4.6 13 110 M M 2 18 17 170
16 86 64 75 4 0 10 0.00 0.0 0 11.4 21 160 M M 0 18 29 190
17 86 62 74 3 0 9 0.00 0.0 0 9.3 16 170 M M 0 23 180
18 89 63 76 5 0 11 0.00 0.0 0 9.0 17 170 M M 0 27 170
19 88 66 77 6 0 12 0.30 0.0 0 9.1 39 340 M M 2 138 61 330
20 85 63 74 3 0 9 0.00 0.0 0 5.8 15 120 M M 0 18 23 120
21 88 72 80 9 0 15 T 0.0 0 14.5 23 160 M M 2 8 35 160
22 91 73 82 11 0 17 0.00 0.0 0 11.3 20 160 M M 3 28 140
23 96 75 86 15 0 21 0.00 0.0 0 7.2 13 40 M M 1 17 230
24 91 61 76 5 0 11 0.03 0.0 0 8.5 23 280 M M 1 13 29 310
25 91 57 74 3 0 9 0.00 0.0 0 6.6 17 190 M M 0 8 24 200
26 93 64 79 8 0 14 0.00 0.0 0 9.1 22 200 M M 0 28 200
27 91 65 78 7 0 13 0.00 0.0 0 7.2 14 70 M M 0 19 60
28 90 68 79 8 0 14 T 0.0 0 14.4 26 160 M M 2 3 41 170
29 84 55 70 -1 0 5 0.00 0.0 0 8.7 16 340 M M 5 8 21 360
30 83 60 72 1 0 7 0.00 0.0 0 10.4 20 220 M M 3 8 25 220
31 85 57 71 0 0 6 0.00 0.0 0 11.6 26 360 M M 1 18 34 350
================================================================================
SM 2684 1951 0 310 0.66 0.0 271.7 M 45
================================================================================
AV 86.6 62.9 8.8 FASTST M M 1 MAX(MPH)
MISC ----> 39 340 61 330
================================================================================
NOTES:
# LAST OF SEVERAL OCCURRENCES
COLUMN 17 PEAK WIND IN M.P.H.
PRELIMINARY LOCAL CLIMATOLOGICAL DATA (WS FORM: F-6) , PAGE 2
STATION: FARGO HECTOR INTL AP ND
MONTH: JULY
YEAR: 2021
LATITUDE: 46 54 N
LONGITUDE: 96 48 W
[TEMPERATURE DATA] [PRECIPITATION DATA] SYMBOLS USED IN COLUMN 16
AVERAGE MONTHLY: 74.8 TOTAL FOR MONTH: 0.66 1 = FOG OR MIST
DPTR FM NORMAL: 4.1 DPTR FM NORMAL: -2.41 2 = FOG REDUCING VISIBILITY
HIGHEST: 96 ON 23 GRTST 24HR 0.33 ON 6- 6 TO 1/4 MILE OR LESS
LOWEST: 55 ON 29 3 = THUNDER
SNOW, ICE PELLETS, HAIL 4 = ICE PELLETS
TOTAL MONTH: 0.0 INCH 5 = HAIL
GRTST 24HR 0.0 6 = FREEZING RAIN OR DRIZZLE
GRTST DEPTH: 0 7 = DUSTSTORM OR SANDSTORM:
VSBY 1/2 MILE OR LESS
8 = SMOKE OR HAZE
[NO. OF DAYS WITH] [WEATHER - DAYS WITH] 9 = BLOWING SNOW
X = TORNADO
MAX 32 OR BELOW: 0 0.01 INCH OR MORE: 3
MAX 90 OR ABOVE: 12 0.10 INCH OR MORE: 2
MIN 32 OR BELOW: 0 0.50 INCH OR MORE: 0
MIN 0 OR BELOW: 0 1.00 INCH OR MORE: 0
[HDD (BASE 65) ]
TOTAL THIS MO. 0 CLEAR (SCALE 0-3) 28
DPTR FM NORMAL -17 PTCLDY (SCALE 4-7) 2
TOTAL FM JUL 1 0 CLOUDY (SCALE 8-10) 1
DPTR FM NORMAL -12
[CDD (BASE 65) ]
TOTAL THIS MO. 310
DPTR FM NORMAL 115 [PRESSURE DATA]
TOTAL FM JAN 1 565 HIGHEST SLP M ON M
DPTR FM NORMAL 224 LOWEST SLP 29.63 ON 4
[REMARKS]
#FINAL-07-21#