000
CXUS52 KRAH 011306
CF6FAY
PRELIMINARY LOCAL CLIMATOLOGICAL DATA (WS FORM: F-6)
STATION: FAYETTEVILLE NC
MONTH: JULY
YEAR: 2021
LATITUDE: 35 0 N
LONGITUDE: 78 53 W
TEMPERATURE IN F: :PCPN: SNOW: WIND :SUNSHINE: SKY :PK WND
================================================================================
1 2 3 4 5 6A 6B 7 8 9 10 11 12 13 14 15 16 17 18
12Z AVG MX 2MIN
DY MAX MIN AVG DEP HDD CDD WTR SNW DPTH SPD SPD DIR MIN PSBL S-S WX SPD DR
================================================================================
1 91 73 82 1 0 17 0.08 M M 11.6 22 230 M M 2 3 26 200
2 80 70 75 -6 0 10 0.62 M M 6.0 15 310 M M 5 13 18 310
3 84 66 75 -6 0 10 0.00 M M 6.7 15 330 M M 2 23 320
4 88 62 75 -6 0 10 0.00 M M 3.4 13 270 M M 1 18 15 300
5 91 65 78 -3 0 13 0.00 M M 5.4 12 170 M M 0 18 18 140
6 90 67 79 -3 0 14 0.00 M M 5.1 14 170 M M 0 19 160
7 92 68 80 -2 0 15 0.30 M M 5.0 25 200 M M 2 1238 37 220
8 80 72 76 -6 0 11 2.09 M M 12.2 29 230 M M 7 13 38 230
9 92 73 83 1 0 18 0.02 M M 7.9 30 280 M M 1 3 41 270
10 91 72 82 0 0 17 0.00 M M 4.2 9 170 M M 2 1 12 180
11 92 75 84 2 0 19 T M M 9.0 18 190 M M 3 12 23 190
12 90 73 82 0 0 17 0.03 M M 8.8 24 230 M M 1 38 32 220
13 88 72 80 -2 0 15 0.00 M M 7.8 17 220 M M 2 1 23 140
14 92 70 81 -1 0 16 0.00 M M 6.9 15 220 M M 3 20 220
15 93 74 84 2 0 19 0.02 M M 6.1 16 140 M M 2 3 21 230
16 93 74 84 2 0 19 0.00 M M 7.2 14 170 M M 3 3 18 160
17 94 74 84 2 0 19 0.00 M M 8.3 21 180 M M 1 3 29 180
18 93 71 82 0 0 17 0.06 M M 8.1 40 190 M M 3 49 190
19 83 71 77 -5 0 12 0.69 M M 5.5 15 220 M M 10 13 20 220
20 85 70 78 -4 0 13 0.00 M M 4.1 10 20 M M 4 15 20
21 91 73 82 0 0 17 0.00 M M 5.6 12 200 M M 4 1 17 260
22 91 73 82 0 0 17 0.00 M M 5.8 13 10 M M 1 18 18 10
23 89 69 79 -3 0 14 0.00 M M 5.3 10 30 M M 2 1 13 10
24 88 67 78 -4 0 13 0.00 M M 4.0 14 120 M M 1 1 20 120
25 90 68 79 -3 0 14 0.00 0.0 0 5.2 14 170 M M 2 17 160
26 93 70 82 0 0 17 0.00 M M 5.4 13 210 M M 0 1 16 220
27 91 71 81 -1 0 16 0.09 M M 5.9 24 150 M M 4 13 32 130
28 93 71 82 0 0 17 0.26 M M 4.3 20 320 M M 6 13 23 310
29 93 69 81 -1 0 16 0.00 M M 6.6 16 220 M M 1 20 220
30 95 77 86 5 0 21 0.00 M M 7.8 15 200 M M 3 20 200
31 93 77 85 4 0 20 0.00 M M 5.7 13 10 M M 2 18 16 360
================================================================================
SM 2789 2197 0 483 4.26 0.0 200.9 M 80
================================================================================
AV 90.0 70.9 6.5 FASTST M M 3 MAX(MPH)
MISC ----> 40 190 49 190
================================================================================
NOTES:
# LAST OF SEVERAL OCCURRENCES
COLUMN 17 PEAK WIND IN M.P.H.
PRELIMINARY LOCAL CLIMATOLOGICAL DATA (WS FORM: F-6) , PAGE 2
STATION: FAYETTEVILLE NC
MONTH: JULY
YEAR: 2021
LATITUDE: 35 0 N
LONGITUDE: 78 53 W
[TEMPERATURE DATA] [PRECIPITATION DATA] SYMBOLS USED IN COLUMN 16
AVERAGE MONTHLY: 80.4 TOTAL FOR MONTH: 4.26 1 = FOG OR MIST
DPTR FM NORMAL: -1.3 DPTR FM NORMAL: -0.69 2 = FOG REDUCING VISIBILITY
HIGHEST: 95 ON 30 GRTST 24HR 2.19 ON 7- 8 TO 1/4 MILE OR LESS
LOWEST: 62 ON 4 3 = THUNDER
SNOW, ICE PELLETS, HAIL 4 = ICE PELLETS
TOTAL MONTH: 0.0 INCH 5 = HAIL
GRTST 24HR 0.0 6 = FREEZING RAIN OR DRIZZLE
GRTST DEPTH: 0 7 = DUSTSTORM OR SANDSTORM:
VSBY 1/2 MILE OR LESS
8 = SMOKE OR HAZE
[NO. OF DAYS WITH] [WEATHER - DAYS WITH] 9 = BLOWING SNOW
X = TORNADO
MAX 32 OR BELOW: 0 0.01 INCH OR MORE: 11
MAX 90 OR ABOVE: 22 0.10 INCH OR MORE: 5
MIN 32 OR BELOW: 0 0.50 INCH OR MORE: 3
MIN 0 OR BELOW: 0 1.00 INCH OR MORE: 1
[HDD (BASE 65) ]
TOTAL THIS MO. 0 CLEAR (SCALE 0-3) 24
DPTR FM NORMAL 0 PTCLDY (SCALE 4-7) 6
TOTAL FM JUL 1 0 CLOUDY (SCALE 8-10) 1
DPTR FM NORMAL 0
[CDD (BASE 65) ]
TOTAL THIS MO. 483
DPTR FM NORMAL -33 [PRESSURE DATA]
TOTAL FM JAN 1 1176 HIGHEST SLP 30.28 ON 13
DPTR FM NORMAL -40 LOWEST SLP 29.73 ON 8
[REMARKS]
#FINAL-07-21#