000
CXUS52 KRAH 010845
CF6FAY
PRELIMINARY LOCAL CLIMATOLOGICAL DATA (WS FORM: F-6)
STATION: FAYETTEVILLE REGL AIRPORT NC
MONTH: AUGUST
YEAR: 2020
LATITUDE: 35 0 N
LONGITUDE: 78 53 W
TEMPERATURE IN F: :PCPN: SNOW: WIND :SUNSHINE: SKY :PK WND
================================================================================
1 2 3 4 5 6A 6B 7 8 9 10 11 12 13 14 15 16 17 18
12Z AVG MX 2MIN
DY MAX MIN AVG DEP HDD CDD WTR SNW DPTH SPD SPD DIR MIN PSBL S-S WX SPD DR
================================================================================
1 95 75 85 4 0 20 0.00 M M 8.6 23 160 M M 1 3 30 160
2 95 75 85 4 0 20 0.04 M M 8.8 28 200 M M 1 32 200
3 86 72 79 -2 0 14 1.58 M M M M M M M 5 123 M M
4 89 70 80 -1 0 15 0.52 M M 7.9 16 250 M M 5 20 230
5 87 74 81 0 0 16 0.03 M M 5.7 18 210 M M 3 1 22 210
6 88 73 81 0 0 16 0.06 M M 3.3 22 120 M M 5 123 28 110
7 92 73 83 2 0 18 0.07 M M 5.1 16 270 M M 6 123 20 220
8 90 71 81 0 0 16 0.00 M M 5.4 13 210 M M 1 19 180
9 93 73 83 3 0 18 0.02 M M 3.6 17 350 M M 2 13 25 350
10 93 72 83 3 0 18 0.16 M M 3.9 30 280 M M 3 13 37 240
11 91 69 80 0 0 15 0.00 M M 4.1 10 150 M M 0 1 15 180
12 92 72 82 2 0 17 0.00 M M 3.7 24 350 M M 2 12 29 340
13 91 74 83 3 0 18 0.01 M M 4.6 14 260 M M 4 12 16 260
14 89 72 81 1 0 16 2.13 M M 3.8 18 20 M M 6 123 27 10
15 89 74 82 2 0 17 0.39 M M 4.8 18 160 M M 6 13 23 170
16 78 70 74 -6 0 9 0.01 M M 5.4 14 320 M M 8 1 18 320
17 87 67 77 -3 0 12 0.01 M M 4.0 16 360 M M 3 3 21 360
18 90 71 81 1 0 16 0.00 M M 3.7 9 30 M M 0 12 20
19 87 70 79 0 0 14 1.77 M M 4.5 17 110 M M 7 123 21 110
20 87 71 79 0 0 14 0.22 M M 4.2 17 190 M M 7 13 21 190
21 86 70 78 -1 0 13 0.08 M M 3.6 12 160 M M 6 12 14 160
22 86 74 80 1 0 15 0.00 M M 6.3 13 220 M M 4 1 15 210
23 86 73 80 1 0 15 0.00 M M 5.5 14 150 M M 1 1 16 170
24 86 73 80 1 0 15 0.20 M M 3.8 14 220 M M 4 13 18 230
25 87 74 81 2 0 16 T M M 8.2 16 240 M M 2 21 250
26 91 74 83 4 0 18 0.00 M M 5.7 15 360 M M 0 20 360
27 94 72 83 5 0 18 0.00 M M 6.9 16 230 M M 0 1 24 220
28 93 77 85 7 0 20 0.00 M M 9.7 17 220 M M 1 25 210
29 90 78 84 6 0 19 T M M 11.0 26 220 M M 4 35 220
30 92 74 83 5 0 18 0.00 M M 5.1 12 30 M M 2 16 30
31 91 74 83 5 0 18 0.00 M M 7.1 17 120 M M 5 13 20 110
================================================================================
SM 2771 2251 0 504 7.30 M 168.0 M 104
================================================================================
AV 89.4 72.6 5.6 FASTST M M 3 MAX(MPH)
MISC ----> 30 280 37 240
================================================================================
NOTES:
# LAST OF SEVERAL OCCURRENCES
COLUMN 17 PEAK WIND IN M.P.H.
PRELIMINARY LOCAL CLIMATOLOGICAL DATA (WS FORM: F-6) , PAGE 2
STATION: FAYETTEVILLE REGL AIRPORT NC
MONTH: AUGUST
YEAR: 2020
LATITUDE: 35 0 N
LONGITUDE: 78 53 W
[TEMPERATURE DATA] [PRECIPITATION DATA] SYMBOLS USED IN COLUMN 16
AVERAGE MONTHLY: 81.0 TOTAL FOR MONTH: 7.30 1 = FOG OR MIST
DPTR FM NORMAL: 1.4 DPTR FM NORMAL: 1.81 2 = FOG REDUCING VISIBILITY
HIGHEST: 95 ON 2, 1 GRTST 24HR 2.14 ON 13-14 TO 1/4 MILE OR LESS
LOWEST: 67 ON 17 3 = THUNDER
SNOW, ICE PELLETS, HAIL 4 = ICE PELLETS
TOTAL MONTH: M 5 = HAIL
GRTST 24HR M ON M 6 = FREEZING RAIN OR DRIZZLE
GRTST DEPTH: M ON M 7 = DUSTSTORM OR SANDSTORM:
VSBY 1/2 MILE OR LESS
8 = SMOKE OR HAZE
[NO. OF DAYS WITH] [WEATHER - DAYS WITH] 9 = BLOWING SNOW
X = TORNADO
MAX 32 OR BELOW: 0 0.01 INCH OR MORE: 17
MAX 90 OR ABOVE: 16 0.10 INCH OR MORE: 8
MIN 32 OR BELOW: 0 0.50 INCH OR MORE: 4
MIN 0 OR BELOW: 0 1.00 INCH OR MORE: 3
[HDD (BASE 65) ]
TOTAL THIS MO. 0 CLEAR (SCALE 0-3) 15
DPTR FM NORMAL 0 PTCLDY (SCALE 4-7) 15
TOTAL FM JUL 1 0 CLOUDY (SCALE 8-10) 1
DPTR FM NORMAL 0
[CDD (BASE 65) ]
TOTAL THIS MO. 504
DPTR FM NORMAL 51 [PRESSURE DATA]
TOTAL FM JAN 1 1745 HIGHEST SLP 30.16 ON 24
DPTR FM NORMAL 105 LOWEST SLP 29.61 ON 4
[REMARKS]
#FINAL-08-20#