000
CXUS53 KMKX 010810
CF6FLD
PRELIMINARY LOCAL CLIMATOLOGICAL DATA (WS FORM: F-6)
STATION: FOND_DU_LAC WI
MONTH: JUNE
YEAR: 2021
LATITUDE: 43 46 N
LONGITUDE: 88 29 W
TEMPERATURE IN F: :PCPN: SNOW: WIND :SUNSHINE: SKY :PK WND
================================================================================
1 2 3 4 5 6A 6B 7 8 9 10 11 12 13 14 15 16 17 18
12Z AVG MX 2MIN
DY MAX MIN AVG DEP HDD CDD WTR SNW DPTH SPD SPD DIR MIN PSBL S-S WX SPD DR
================================================================================
1 82 52 67 4 0 2 0.00 M M 8.0 20 140 M M 2 24 130
2 83 51 67 3 0 2 0.00 M M 6.0 14 140 M M 3 19 140
3 89 57 73 9 0 8 0.06 M M 9.7 25 330 M M 3 39 330
4 94 69 82 18 0 17 T M M 11.9 22 240 M M 3 34 200
5 96 71 84 19 0 19 0.00 M M 12.2 21 200 M M 0 31 230
6 92 73 83 18 0 18 0.00 0.0 0 11.6 24 220 M M 0 35 180
7 92 72 82 17 0 17 0.00 0.0 0 9.1 18 190 M M 1 25 170
8 91 71 81 15 0 16 0.00 M M 5.2 18 130 M M 1 3 26 140
9 92 66 79 13 0 14 0.00 M M 4.9 15 90 M M 1 21 100
10 93 66 80 14 0 15 0.00 M M 5.8 17 130 M M 1 22 140
11 95 69 82 16 0 17 0.00 M M 5.7 18 110 M M 0 25 130
12 90 66 78 11 0 13 0.00 M M 8.1 17 320 M M 1 26 320
13 89 58 74 7 0 9 0.00 M M 6.5 26 50 M M 0 35 70
14 83 58 71 4 0 6 T M M 9.0 22 20 M M 2 31 10
15 80 54 67 -1 0 2 0.00 M M 7.5 18 20 M M 1 24 10
16 80 50 65 -3 0 0 0.00 M M 5.6 12 150 M M 0 18 90
17 92 56 74 6 0 9 0.04 M M 9.8 21 200 M M 2 3 31 180
18 91 64 78 10 0 13 0.05 M M 9.5 36 150 M M 2 3 48 140
19 82 62 72 3 0 7 T M M 7.0 20 350 M M 3 8 26 210
20 79 57 68 -1 0 3 0.31 M M 5.0 17 150 M M 3 18 22 160
21 69 50 60 -9 5 0 0.01 M M 14.3 29 310 M M 6 37 320
22 73 47 60 -9 5 0 T M M 6.6 20 280 M M 5 26 270
23 78 56 67 -2 0 2 0.05 M M 8.7 20 190 M M 7 28 190
24 74 66 70 0 0 5 1.33 M M 11.6 23 360 M M 6 3 33 360
25 86 71 79 9 0 14 T M M 5.6 20 180 M M 7 8 27 180
26 79 69 74 4 0 9 0.60 M M 6.1 15 200 M M 9 1 20 200
27 74 64 69 -1 0 4 T M M 7.7 15 330 M M 7 8 22 250
28 79 62 71 1 0 6 0.00 M M 4.2 10 150 M M 4 14 170
29 79 69 74 4 0 9 0.21 M M 4.6 18 320 M M 8 1 24 310
30 87 63 75 5 0 10 T M M 3.9 23 10 M M 3 13 34 10
================================================================================
SM 2543 1859 10 266 2.66 0.0 231.4 M 91
================================================================================
AV 84.8 62.0 7.7 FASTST M M 3 MAX(MPH)
MISC ----> 36 150 48 140
================================================================================
NOTES:
# LAST OF SEVERAL OCCURRENCES
COLUMN 17 PEAK WIND IN M.P.H.
PRELIMINARY LOCAL CLIMATOLOGICAL DATA (WS FORM: F-6) , PAGE 2
STATION: FOND_DU_LAC WI
MONTH: JUNE
YEAR: 2021
LATITUDE: 43 46 N
LONGITUDE: 88 29 W
[TEMPERATURE DATA] [PRECIPITATION DATA] SYMBOLS USED IN COLUMN 16
AVERAGE MONTHLY: 73.4 TOTAL FOR MONTH: 2.66 1 = FOG OR MIST
DPTR FM NORMAL: 6.0 DPTR FM NORMAL: -1.48 2 = FOG REDUCING VISIBILITY
HIGHEST: 96 ON 5 GRTST 24HR 1.33 ON 24-24 TO 1/4 MILE OR LESS
LOWEST: 47 ON 22 3 = THUNDER
SNOW, ICE PELLETS, HAIL 4 = ICE PELLETS
TOTAL MONTH: 0.0 INCH 5 = HAIL
GRTST 24HR 0.0 6 = FREEZING RAIN OR DRIZZLE
GRTST DEPTH: 0 7 = DUSTSTORM OR SANDSTORM:
VSBY 1/2 MILE OR LESS
8 = SMOKE OR HAZE
[NO. OF DAYS WITH] [WEATHER - DAYS WITH] 9 = BLOWING SNOW
X = TORNADO
MAX 32 OR BELOW: 0 0.01 INCH OR MORE: 9
MAX 90 OR ABOVE: 11 0.10 INCH OR MORE: 4
MIN 32 OR BELOW: 0 0.50 INCH OR MORE: 2
MIN 0 OR BELOW: 0 1.00 INCH OR MORE: 1
[HDD (BASE 65) ]
TOTAL THIS MO. 10 CLEAR (SCALE 0-3) 19
DPTR FM NORMAL -40 PTCLDY (SCALE 4-7) 10
TOTAL FM JUL 1 6741 CLOUDY (SCALE 8-10) 1
DPTR FM NORMAL -538
[CDD (BASE 65) ]
TOTAL THIS MO. 266
DPTR FM NORMAL 142 [PRESSURE DATA]
TOTAL FM JAN 1 330 HIGHEST SLP M ON M
DPTR FM NORMAL 172 LOWEST SLP 29.39 ON 20
[REMARKS]
#FINAL-06-21#