000
CXUS56 KFGZ 290910
CF6FLG
PRELIMINARY LOCAL CLIMATOLOGICAL DATA (WS FORM: F-6)
STATION: FLAGSTAFF AZ AIRPORT
MONTH: MARCH
YEAR: 2024
LATITUDE: 35 7 N
LONGITUDE: 111 40 W
TEMPERATURE IN F: :PCPN: SNOW: WIND :SUNSHINE: SKY :PK WND
================================================================================
1 2 3 4 5 6A 6B 7 8 9 10 11 12 13 14 15 16 17 18
12Z AVG MX 2MIN
DY MAX MIN AVG DEP HDD CDD WTR SNW DPTH SPD SPD DIR MIN PSBL S-S WX SPD DR
================================================================================
1 52 29 41 6 24 0 0.00 0.0 0 14.4 30 210 M M 2 41 220
2 50 35 43 8 22 0 0.00 0.0 0 22.1 40 220 M M 2 59 220
3 47 35 41 6 24 0 0.00 0.0 0 21.8 36 210 M M 7 45 220
4 47 28 38 2 27 0 0.00 0.0 0 11.9 21 210 M M 6 31 220
5 51 24 38 2 27 0 0.00 0.0 0 7.7 25 210 M M 1 35 210
6 49 26 38 2 27 0 0.00 0.0 0 7.7 21 220 M M 1 29 220
7 42 28 35 -1 30 0 0.01 T 0 7.2 20 220 M M 9 18 25 200
8 47 23 35 -1 30 0 0.03 T T 4.4 20 220 M M 5 138 24 80
9 49 18 34 -3 31 0 0.00 0.0 0 4.3 16 40 M M 2 24 80
10 55 19 37 0 28 0 0.00 0.0 0 3.0 16 210 M M 0 22 210
11 55 28 42 5 23 0 0.00 0.0 0 8.7 28 200 M M 1 37 190
12 52 27 40 3 25 0 0.00 0.0 0 9.2 25 220 M M 1 40 220
13 46 32 39 1 26 0 0.16 T 0 6.4 18 260 M M 6 138 32 270
14 39 20 30 -8 35 0 0.15 1.7 2 6.7 18 70 M M 7 1 27 70
15 36 29 33 -5 32 0 0.75 9.6 7 6.5 22 210 M M 10 12 30 220
16 37 22 30 -8 35 0 0.01 0.1 6 2.8 12 200 M M 8 1 16 200
17 40 18 29 -9 36 0 T T 5 8.4 20 50 M M 4 1 27 50
18 37 32 35 -3 30 0 0.61 4.1 3 8.9 20 50 M M 10 12 34 60
19 48 29 39 0 26 0 0.00 0.0 5 4.2 12 60 M M 7 1 16 60
20 52 24 38 -1 27 0 0.00 0.0 1 3.1 13 150 M M 2 20 150
21 58 30 44 5 21 0 T 0.0 0 5.2 16 240 M M 2 24 240
22 57 28 43 4 22 0 0.00 0.0 0 6.1 20 220 M M 0 29 200
23 52 30 41 1 24 0 0.05 T T 11.9 32 210 M M 4 138 46 210
24 35 26 31 -9 34 0 0.57 6.2 2 10.7 22 230 M M 9 128 30 230
25 42 22 32 -8 33 0 T T 3 10.1 21 230 M M 2 34 270
26 43 25 34 -6 31 0 0.11 1.4 1 8.1 20 210 M M 8 138 27 240
27 52 18 35 -5 30 0 0.00 0.0 1 4.4 16 240 M M 0 24 250
28 56 27 42 2 23 0 0.00 0.0 0 10.9 25 220 M M 0 35 210
================================================================================
SM 1326 732 783 0 2.45 23.1 236.8 M 116
================================================================================
AV 47.4 26.1 8.5 FASTST M M 4 MAX(MPH)
MISC ----> 40 220 59 220
================================================================================
NOTES:
# LAST OF SEVERAL OCCURRENCES
COLUMN 17 PEAK WIND IN M.P.H.
PRELIMINARY LOCAL CLIMATOLOGICAL DATA (WS FORM: F-6) , PAGE 2
STATION: FLAGSTAFF AZ AIRPORT
MONTH: MARCH
YEAR: 2024
LATITUDE: 35 7 N
LONGITUDE: 111 40 W
[TEMPERATURE DATA] [PRECIPITATION DATA] SYMBOLS USED IN COLUMN 16
AVERAGE MONTHLY: 36.8 TOTAL FOR MONTH: 2.45 1 = FOG OR MIST
DPTR FM NORMAL: -1.0 DPTR FM NORMAL: 0.70 2 = FOG REDUCING VISIBILITY
HIGHEST: 58 ON 21 GRTST 24HR 0.86 ON 14-15 TO 1/4 MILE OR LESS
LOWEST: 18 ON 27,17 3 = THUNDER
SNOW, ICE PELLETS, HAIL 4 = ICE PELLETS
TOTAL MONTH: 23.1 INCHES 5 = HAIL
GRTST 24HR 9.6 ON 15-15 6 = FREEZING RAIN OR DRIZZLE
GRTST DEPTH: 7 ON 15 7 = DUSTSTORM OR SANDSTORM:
VSBY 1/2 MILE OR LESS
8 = SMOKE OR HAZE
[NO. OF DAYS WITH] [WEATHER - DAYS WITH] 9 = BLOWING SNOW
X = TORNADO
MAX 32 OR BELOW: 0 0.01 INCH OR MORE: 10
MAX 90 OR ABOVE: 0 0.10 INCH OR MORE: 6
MIN 32 OR BELOW: 26 0.50 INCH OR MORE: 3
MIN 0 OR BELOW: 0 1.00 INCH OR MORE: 0
[HDD (BASE 65) ]
TOTAL THIS MO. 783 CLEAR (SCALE 0-3) 14
DPTR FM NORMAL 18 PTCLDY (SCALE 4-7) 10
TOTAL FM JUL 1 5081 CLOUDY (SCALE 8-10) 4
DPTR FM NORMAL -382
[CDD (BASE 65) ]
TOTAL THIS MO. 0
DPTR FM NORMAL 0 [PRESSURE DATA]
TOTAL FM JAN 1 0 HIGHEST SLP M ON M
DPTR FM NORMAL 0 LOWEST SLP 29.38 ON 24
[REMARKS]