315
CXUS52 KMFL 011000
CF6FLL
PRELIMINARY LOCAL CLIMATOLOGICAL DATA (WS FORM: F-6)
STATION: FORT LAUDERDALE
MONTH: SEPTEMBER
YEAR: 2020
LATITUDE: 26 4 N
LONGITUDE: 80 9 W
TEMPERATURE IN F: :PCPN: SNOW: WIND :SUNSHINE: SKY :PK WND
================================================================================
1 2 3 4 5 6A 6B 7 8 9 10 11 12 13 14 15 16 17 18
12Z AVG MX 2MIN
DY MAX MIN AVG DEP HDD CDD WTR SNW DPTH SPD SPD DIR MIN PSBL S-S WX SPD DR
================================================================================
1 91 78 85 1 0 20 0.00 0.0 0 7.8 16 110 M M 2 22 140
2 91 83 87 3 0 22 0.00 0.0 0 10.8 17 100 M M 4 23 100
3 91 80 86 2 0 21 0.05 0.0 0 10.8 18 140 M M 3 26 140
4 91 84 88 4 0 23 T 0.0 0 9.8 18 90 M M 5 25 80
5 91 76 84 0 0 19 0.17 0.0 0 7.5 18 100 M M 6 13 23 90
6 89 74 82 -2 0 17 1.38 0.0 0 5.8 21 90 M M 8 13 23 90
7 88 75 82 -2 0 17 0.41 0.0 0 7.6 23 130 M M 6 1 28 140
8 89 76 83 0 0 18 1.19 0.0 0 8.1 18 130 M M 6 13 22 140
9 88 77 83 0 0 18 0.14 0.0 0 4.2 14 170 M M 7 13 18 170
10 88 77 83 0 0 18 0.63 0.0 0 5.6 25 130 M M 6 1 32 140
11 89 79 84 1 0 19 0.38 0.0 0 9.3 23 90 M M 6 1 28 90
12 82 75 79 -4 0 14 1.51 0.0 0 18.3 38 140 M M 9 1 47 150
13 87 74 81 -2 0 16 1.04 0.0 0 10.3 25 230 M M 8 13 31 230
14 90 77 84 1 0 19 0.07 0.0 0 9.3 20 170 M M 8 1 24 170
15 90 81 86 3 0 21 0.00 0.0 0 9.3 16 130 M M 6 21 130
16 90 83 87 4 0 22 0.00 0.0 0 10.6 20 140 M M 5 24 140
17 92 81 87 4 0 22 0.00 0.0 0 7.8 18 170 M M 5 24 150
18 93 81 87 4 0 22 T 0.0 0 6.5 18 130 M M 5 22 210
19 96 80 88 5 0 23 0.00 0.0 0 4.8 15 100 M M 5 3 18 100
20 91 79 85 2 0 20 0.06 0.0 0 6.2 13 340 M M 6 3 18 120
21 83 77 80 -3 0 15 2.14 0.0 0 15.2 31 100 M M 9 13 37 100
22 88 80 84 1 0 19 0.00 0.0 0 15.4 23 80 M M 7 30 70
23 87 79 83 0 0 18 0.00 0.0 0 10.9 17 80 M M 6 24 80
24 87 76 82 -1 0 17 0.99 0.0 0 10.8 21 110 M M 7 13 27 110
25 91 76 84 1 0 19 1.58 0.0 0 5.1 26 230 M M 6 138 32 230
26 93 78 86 3 0 21 2.91 0.0 0 5.0 18 80 M M 5 13 30 90
27 89 76 83 0 0 18 T 0.0 0 5.8 15 100 M M 7 19 100
28 91 80 86 3 0 21 0.02 0.0 0 6.6 17 130 M M 5 3 22 130
29 90 80 85 2 0 20 0.09 0.0 M 7.2 18 140 M M 4 23 130
30 90 77 84 1 0 19 1.40 0.0 0 3.9 20 350 M M 7 13 24 350
================================================================================
SM 2686 2349 0 578 16.16 0.0 256.3 M 179
================================================================================
AV 89.5 78.3 8.5 FASTST M M 6 MAX(MPH)
MISC ----> # 38 140 # 47 150
================================================================================
NOTES:
# LAST OF SEVERAL OCCURRENCES
COLUMN 17 PEAK WIND IN M.P.H.
PRELIMINARY LOCAL CLIMATOLOGICAL DATA (WS FORM: F-6) , PAGE 2
STATION: FORT LAUDERDALE
MONTH: SEPTEMBER
YEAR: 2020
LATITUDE: 26 4 N
LONGITUDE: 80 9 W
[TEMPERATURE DATA] [PRECIPITATION DATA] SYMBOLS USED IN COLUMN 16
AVERAGE MONTHLY: 83.9 TOTAL FOR MONTH: 16.16 1 = FOG OR MIST
DPTR FM NORMAL: 0.7 DPTR FM NORMAL: 7.57 2 = FOG REDUCING VISIBILITY
HIGHEST: 96 ON 19 GRTST 24HR 2.91 ON 26-26 TO 1/4 MILE OR LESS
LOWEST: 74 ON 13, 6 3 = THUNDER
SNOW, ICE PELLETS, HAIL 4 = ICE PELLETS
TOTAL MONTH: 0.0 INCH 5 = HAIL
GRTST 24HR 0.0 6 = FREEZING RAIN OR DRIZZLE
GRTST DEPTH: 0 7 = DUSTSTORM OR SANDSTORM:
VSBY 1/2 MILE OR LESS
8 = SMOKE OR HAZE
[NO. OF DAYS WITH] [WEATHER - DAYS WITH] 9 = BLOWING SNOW
X = TORNADO
MAX 32 OR BELOW: 0 0.01 INCH OR MORE: 19
MAX 90 OR ABOVE: 17 0.10 INCH OR MORE: 14
MIN 32 OR BELOW: 0 0.50 INCH OR MORE: 10
MIN 0 OR BELOW: 0 1.00 INCH OR MORE: 8
[HDD (BASE 65) ]
TOTAL THIS MO. 0 CLEAR (SCALE 0-3) 2
DPTR FM NORMAL 0 PTCLDY (SCALE 4-7) 26
TOTAL FM JUL 1 0 CLOUDY (SCALE 8-10) 2
DPTR FM NORMAL 0
[CDD (BASE 65) ]
TOTAL THIS MO. 578
DPTR FM NORMAL 32 [PRESSURE DATA]
TOTAL FM JAN 1 4067 HIGHEST SLP 30.08 ON 5
DPTR FM NORMAL 355 LOWEST SLP 29.72 ON 12
[REMARKS]
#FINAL-09-20#