000
CXUS52 KTBW 011000
CF6FMY
PRELIMINARY LOCAL CLIMATOLOGICAL DATA (WS FORM: F-6)
STATION: FORT MYERS
MONTH: AUGUST
YEAR: 2021
LATITUDE: 26 34 N
LONGITUDE: 81 52 W
TEMPERATURE IN F: :PCPN: SNOW: WIND :SUNSHINE: SKY :PK WND
================================================================================
1 2 3 4 5 6A 6B 7 8 9 10 11 12 13 14 15 16 17 18
12Z AVG MX 2MIN
DY MAX MIN AVG DEP HDD CDD WTR SNW DPTH SPD SPD DIR MIN PSBL S-S WX SPD DR
================================================================================
1 93 80 87 3 0 22 0.03 0.0 0 5.1 15 270 M M 2 1 19 220
2 93 79 86 2 0 21 0.11 0.0 0 5.8 18 270 M M 2 1 22 270
3 91 75 83 -1 0 18 1.15 0.0 0 5.5 37 290 M M 2 123 49 300
4 84 72 78 -6 0 13 1.25 0.0 0 7.0 13 210 M M 5 13 18 210
5 89 77 83 -1 0 18 0.02 0.0 0 5.0 20 280 M M 1 1 21 270
6 93 76 85 1 0 20 0.00 0.0 0 4.3 14 260 M M 1 3 19 250
7 94 77 86 2 0 21 0.00 0.0 0 5.0 13 290 M M 2 3 17 280
8 94 75 85 1 0 20 2.00 0.0 0 5.0 18 10 M M 4 123 25 20
9 93 75 84 0 0 19 0.14 0.0 0 4.0 18 290 M M 2 138 23 290
10 94 75 85 1 0 20 1.23 0.0 0 5.4 28 140 M M 2 138 33 160
11 94 77 86 2 0 21 0.01 0.0 0 4.5 17 120 M M 1 3 24 120
12 95 77 86 2 0 21 0.03 0.0 0 7.1 25 40 M M 1 38 30 40
13 93 74 84 0 0 19 0.24 0.0 0 8.1 30 40 M M 2 13 38 30
14 84 74 79 -5 0 14 0.93 0.0 0 8.0 20 160 M M 2 13 26 160
15 84 74 79 -5 0 14 0.03 0.0 0 8.0 16 100 M M 3 22 120
16 92 77 85 1 0 20 T 0.0 0 6.2 16 240 M M 1 22 250
17 95 78 87 3 0 22 0.02 0.0 0 4.1 29 130 M M 2 3 39 130
18 95 77 86 3 0 21 T 0.0 0 7.0 16 110 M M 2 3 22 70
19 96 77 87 4 0 22 0.00 0.0 0 5.8 15 210 M M 2 3 21 210
20 96 78 87 4 0 22 0.08 0.0 0 4.6 16 150 M M 2 3 25 150
21 92 77 85 2 0 20 T 0.0 0 3.8 22 50 M M 2 3 28 50
22 95 75 85 2 0 20 0.57 0.0 0 2.7 22 170 M M 3 13 31 160
23 92 76 84 1 0 19 0.65 0.0 0 3.5 21 120 M M 2 38 25 130
24 93 75 84 1 0 19 0.58 0.0 0 5.6 26 110 M M 2 3 40 290
25 93 71 82 -1 0 17 0.43 0.0 0 8.0 39 90 M M 1 1238 48 80
26 90 72 81 -2 0 16 0.01 0.0 0 8.8 18 160 M M 2 3 25 160
27 92 78 85 2 0 20 0.52 0.0 0 7.9 25 70 M M 2 138 32 70
28 91 77 84 1 0 19 0.40 0.0 0 7.4 29 170 M M 2 13 46 160
29 94 75 85 2 0 20 0.25 0.0 0 5.3 23 110 M M 1 13 30 110
30 92 75 84 1 0 19 0.04 0.0 0 3.9 18 100 M M 2 3 23 100
31 92 76 84 1 0 19 0.00 0.0 M 5.2 13 290 M M 1 22 240
================================================================================
SM 2858 2351 0 596 10.72 0.0 177.6 M 61
================================================================================
AV 92.2 75.8 5.7 FASTST M M 2 MAX(MPH)
MISC ----> 39 90 49 300
================================================================================
NOTES:
# LAST OF SEVERAL OCCURRENCES
COLUMN 17 PEAK WIND IN M.P.H.
PRELIMINARY LOCAL CLIMATOLOGICAL DATA (WS FORM: F-6) , PAGE 2
STATION: FORT MYERS
MONTH: AUGUST
YEAR: 2021
LATITUDE: 26 34 N
LONGITUDE: 81 52 W
[TEMPERATURE DATA] [PRECIPITATION DATA] SYMBOLS USED IN COLUMN 16
AVERAGE MONTHLY: 84.0 TOTAL FOR MONTH: 10.72 1 = FOG OR MIST
DPTR FM NORMAL: 0.6 DPTR FM NORMAL: 0.29 2 = FOG REDUCING VISIBILITY
HIGHEST: 96 ON 20,19 GRTST 24HR 2.00 ON 8- 8 TO 1/4 MILE OR LESS
LOWEST: 71 ON 25 3 = THUNDER
SNOW, ICE PELLETS, HAIL 4 = ICE PELLETS
TOTAL MONTH: 0.0 INCH 5 = HAIL
GRTST 24HR 0.0 6 = FREEZING RAIN OR DRIZZLE
GRTST DEPTH: 0 7 = DUSTSTORM OR SANDSTORM:
VSBY 1/2 MILE OR LESS
8 = SMOKE OR HAZE
[NO. OF DAYS WITH] [WEATHER - DAYS WITH] 9 = BLOWING SNOW
X = TORNADO
MAX 32 OR BELOW: 0 0.01 INCH OR MORE: 24
MAX 90 OR ABOVE: 27 0.10 INCH OR MORE: 15
MIN 32 OR BELOW: 0 0.50 INCH OR MORE: 9
MIN 0 OR BELOW: 0 1.00 INCH OR MORE: 4
[HDD (BASE 65) ]
TOTAL THIS MO. 0 CLEAR (SCALE 0-3) 27
DPTR FM NORMAL 0 PTCLDY (SCALE 4-7) 4
TOTAL FM JUL 1 0 CLOUDY (SCALE 8-10) 0
DPTR FM NORMAL 0
[CDD (BASE 65) ]
TOTAL THIS MO. 596
DPTR FM NORMAL 26 [PRESSURE DATA]
TOTAL FM JAN 1 3039 HIGHEST SLP 30.18 ON 10
DPTR FM NORMAL 258 LOWEST SLP 29.88 ON 31
[REMARKS]
#FINAL-08-21#