000
CXUS53 KOAX 010930
CF6FNB
PRELIMINARY LOCAL CLIMATOLOGICAL DATA (WS FORM: F-6)
STATION: FALLS CITY NE
MONTH: MARCH
YEAR: 2023
LATITUDE: 40 4 N
LONGITUDE: 95 35 W
TEMPERATURE IN F: :PCPN: SNOW: WIND :SUNSHINE: SKY :PK WND
================================================================================
1 2 3 4 5 6A 6B 7 8 9 10 11 12 13 14 15 16 17 18
12Z AVG MX 2MIN
DY MAX MIN AVG DEP HDD CDD WTR SNW DPTH SPD SPD DIR MIN PSBL S-S WX SPD DR
================================================================================
1 58 30 44 8 21 0 0.00 M M 9.0 16 10 M M 0 1 23 10
2 43 28 36 -1 29 0 0.00 M M 8.8 17 20 M M 5 22 50
3 59 30 45 8 20 0 0.00 M M 5.5 12 300 M M 1 16 300
4 59 32 46 8 19 0 T M M 7.8 22 280 M M 2 28 280
5 71 36 54 16 11 0 0.00 M M 11.0 24 160 M M 2 35 190
6 51 34 43 4 22 0 0.00 M M 14.4 23 360 M M 5 1 32 360
7 50 35 43 4 22 0 0.03 M M 11.5 20 100 M M 7 1 27 70
8 43 40 42 2 23 0 0.03 M M 7.8 14 80 M M 10 18 18 70
9 42 33 38 -2 27 0 0.15 M M 9.2 20 320 M M 10 1 29 320
10 38 28 33 -7 32 0 0.00 M M 6.7 15 300 M M 8 8 20 300
11 36 31 34 -7 31 0 0.38 M M 9.6 18 110 M M 7 1 25 110
12 37 27 32 -9 33 0 0.00 M M 13.7 24 310 M M 6 1 32 330
13 34 21 28 -14 37 0 T M M 9.0 20 350 M M 7 31 340
14 50 14 32 -10 33 0 0.00 M M 9.4 22 160 M M 0 33 140
15 66 37 52 10 13 0 0.00 M M 16.8 31 170 M M 0 50 170
16 52 27 40 -3 25 0 0.28 M M 16.0 26 320 M M 6 12 40 330
17 41 20 31 -12 34 0 T M M 12.9 30 310 M M 3 1 44 310
18 29 14 22 -22 43 0 T M M 14.5 24 330 M M 5 34 320
19 47 9 28 -16 37 0 0.00 M M 9.9 22 200 M M 0 28 200
20 66 32 49 5 16 0 0.00 M M 14.8 32 210 M M 0 44 190
21 46 39 43 -2 22 0 0.00 M M 12.5 22 150 M M 8 1 31 150
22 52 44 48 3 17 0 0.01 M M 7.9 16 10 M M 10 12 22 10
23 50 33 42 -4 23 0 T M M 10.4 21 20 M M 5 1 29 10
24 54 29 42 -4 23 0 0.00 M M 7.8 18 80 M M 4 24 80
25 65 37 51 5 14 0 0.03 M M 7.8 21 310 M M 5 28 300
26 44 27 36 -11 29 0 0.00 M M 9.5 20 320 M M 7 1 27 360
27 51 20 36 -11 29 0 0.00 M M 5.8 13 350 M M 3 17 340
28 53 26 40 -7 25 0 T M M 8.7 18 310 M M 3 18 25 310
29 55 34 45 -3 20 0 0.00 M M 10.7 18 80 M M 0 8 24 80
30 74 35 55 7 10 0 0.00 M M 17.9 32 190 M M 4 46 200
31 78 34 56 8 9 0 0.00 M M 23.8 43 280 M M 4 8 53 280
================================================================================
SM 1594 916 749 0 0.91 M 341.1 M 137
================================================================================
AV 51.4 29.5 11.0 FASTST M M 4 MAX(MPH)
MISC ----> 43 280 53 280
================================================================================
NOTES:
# LAST OF SEVERAL OCCURRENCES
COLUMN 17 PEAK WIND IN M.P.H.
PRELIMINARY LOCAL CLIMATOLOGICAL DATA (WS FORM: F-6) , PAGE 2
STATION: FALLS CITY NE
MONTH: MARCH
YEAR: 2023
LATITUDE: 40 4 N
LONGITUDE: 95 35 W
[TEMPERATURE DATA] [PRECIPITATION DATA] SYMBOLS USED IN COLUMN 16
AVERAGE MONTHLY: 40.5 TOTAL FOR MONTH: 0.91 1 = FOG OR MIST
DPTR FM NORMAL: -2.2 DPTR FM NORMAL: -1.23 2 = FOG REDUCING VISIBILITY
HIGHEST: 78 ON 31 GRTST 24HR 0.38 ON 11-11 TO 1/4 MILE OR LESS
LOWEST: 9 ON 19 3 = THUNDER
SNOW, ICE PELLETS, HAIL 4 = ICE PELLETS
TOTAL MONTH: M 5 = HAIL
GRTST 24HR M ON M 6 = FREEZING RAIN OR DRIZZLE
GRTST DEPTH: M ON M 7 = DUSTSTORM OR SANDSTORM:
VSBY 1/2 MILE OR LESS
8 = SMOKE OR HAZE
[NO. OF DAYS WITH] [WEATHER - DAYS WITH] 9 = BLOWING SNOW
X = TORNADO
MAX 32 OR BELOW: 1 0.01 INCH OR MORE: 7
MAX 90 OR ABOVE: 0 0.10 INCH OR MORE: 3
MIN 32 OR BELOW: 18 0.50 INCH OR MORE: 0
MIN 0 OR BELOW: 0 1.00 INCH OR MORE: 0
[HDD (BASE 65) ]
TOTAL THIS MO. 749 CLEAR (SCALE 0-3) 12
DPTR FM NORMAL 55 PTCLDY (SCALE 4-7) 15
TOTAL FM JUL 1 4894 CLOUDY (SCALE 8-10) 4
DPTR FM NORMAL -146
[CDD (BASE 65) ]
TOTAL THIS MO. 0
DPTR FM NORMAL -3 [PRESSURE DATA]
TOTAL FM JAN 1 0 HIGHEST SLP 30.51 ON 19
DPTR FM NORMAL -3 LOWEST SLP 29.31 ON 31
[REMARKS]
#FINAL-03-23#