000
CXUS52 KMLB 011140 CCA
CF6FPR
PRELIMINARY LOCAL CLIMATOLOGICAL DATA (WS FORM: F-6)
STATION: FORT PIERCE
MONTH: JUNE
YEAR: 2023
LATITUDE: 27 30 N
LONGITUDE: 80 22 W
TEMPERATURE IN F: :PCPN: SNOW: WIND :SUNSHINE: SKY :PK WND
================================================================================
1 2 3 4 5 6A 6B 7 8 9 10 11 12 13 14 15 16 17 18
12Z AVG MX 2MIN
DY MAX MIN AVG DEP HDD CDD WTR SNW DPTH SPD SPD DIR MIN PSBL S-S WX SPD DR
================================================================================
1 84 71 78 0 0 13 0.58 0.0 0 5.0 15 350 M M 6 123 26 350
2 84 71 78 0 0 13 T 0.0 0 5.2 16 280 M M 3 3 22 280
3 83 70 77 -2 0 12 0.02 0.0 0 3.6 14 100 M M 2 3 22 50
4 86 69 78 -1 0 13 T 0.0 0 6.2 14 10 M M 2 25 20
5 84 73 79 0 0 14 0.10 0.0 0 6.8 15 60 M M 5 1 25 20
6 83 65 74 -5 0 9 0.00 0.0 0 6.3 17 110 M M 1 26 90
7 90 69 80 1 0 15 0.77 0.0 0 4.4 22 320 M M 3 138 33 320
8 86 72 79 0 0 14 0.07 0.0 0 5.9 21 290 M M 2 138 29 280
9 90 70 80 1 0 15 0.02 0.0 0 6.0 20 120 M M 3 13 24 140
10 87 68 78 -1 0 13 0.00 0.0 0 4.4 13 110 M M 1 3 19 90
11 92 73 83 3 0 18 T 0.0 0 6.7 22 140 M M 1 3 30 130
12 91 71 81 1 0 16 0.41 0.0 0 6.1 22 220 M M 3 13 30 210
13 93 73 83 3 0 18 0.06 0.0 0 8.0 22 130 M M 2 13 29 130
14 93 74 84 4 0 19 0.03 0.0 0 6.2 22 280 M M 1 13 30 270
15 94 72 83 3 0 18 0.16 0.0 0 6.6 28 260 M M 3 13 43 250
16 93 72 83 3 0 18 0.61 0.0 0 7.4 26 300 M M 2 13 40 290
17 88 72 80 0 0 15 0.17 0.0 0 6.3 32 270 M M 2 13 47 270
18 91 71 81 1 0 16 0.63 0.0 0 9.5 33 280 M M 3 1238 49 270
19 94 69 82 2 0 17 1.06 0.0 0 9.2 24 330 M M 2 13 41 300
20 92 69 81 1 0 16 1.01 0.0 0 8.5 31 270 M M 4 13 43 260
21 88 70 79 -1 0 14 0.02 0.0 0 8.4 22 130 M M 2 3 30 120
22 90 71 81 0 0 16 0.04 0.0 0 6.9 20 290 M M 1 3 28 290
23 91 76 84 3 0 19 0.06 0.0 0 6.0 22 130 M M 1 3 28 120
24 91 70 81 0 0 16 1.07 0.0 0 4.1 30 160 M M 2 123 40 160
25 89 71 80 -1 0 15 0.70 0.0 0 5.8 18 220 M M 2 138 28 240
26 89 71 80 -1 0 15 0.00 0.0 0 4.0 21 130 M M 1 26 120
27 94 74 84 3 0 19 0.00 0.0 0 5.8 15 130 M M 1 18 130
28 94 75 85 4 0 20 0.12 0.0 0 5.7 16 80 M M 2 138 22 70
29 89 74 82 1 0 17 0.00 0.0 0 4.6 14 90 M M 2 20 60
30 89 79 84 3 0 19 0.00 0.0 0 6.0 13 60 M M 1 21 70
================================================================================
SM 2682 2145 0 472 7.71 0.0 185.6 M 66
================================================================================
AV 89.4 71.5 6.2 FASTST M M 2 MAX(MPH)
MISC ----> 33 280 49 270
================================================================================
NOTES:
# LAST OF SEVERAL OCCURRENCES
COLUMN 17 PEAK WIND IN M.P.H.
PRELIMINARY LOCAL CLIMATOLOGICAL DATA (WS FORM: F-6) , PAGE 2
STATION: FORT PIERCE
MONTH: JUNE
YEAR: 2023
LATITUDE: 27 30 N
LONGITUDE: 80 22 W
[TEMPERATURE DATA] [PRECIPITATION DATA] SYMBOLS USED IN COLUMN 16
AVERAGE MONTHLY: 80.5 TOTAL FOR MONTH: 7.71 1 = FOG OR MIST
DPTR FM NORMAL: 0.6 DPTR FM NORMAL: 1.02 2 = FOG REDUCING VISIBILITY
HIGHEST: 94 ON 28,27 GRTST 24HR 1.97 ON 19-20 TO 1/4 MILE OR LESS
LOWEST: 65 ON 6 3 = THUNDER
SNOW, ICE PELLETS, HAIL 4 = ICE PELLETS
TOTAL MONTH: 0.0 INCH 5 = HAIL
GRTST 24HR 0.0 6 = FREEZING RAIN OR DRIZZLE
GRTST DEPTH: 0 7 = DUSTSTORM OR SANDSTORM:
VSBY 1/2 MILE OR LESS
8 = SMOKE OR HAZE
[NO. OF DAYS WITH] [WEATHER - DAYS WITH] 9 = BLOWING SNOW
X = TORNADO
MAX 32 OR BELOW: 0 0.01 INCH OR MORE: 21
MAX 90 OR ABOVE: 16 0.10 INCH OR MORE: 13
MIN 32 OR BELOW: 0 0.50 INCH OR MORE: 8
MIN 0 OR BELOW: 0 1.00 INCH OR MORE: 3
[HDD (BASE 65) ]
TOTAL THIS MO. 0 CLEAR (SCALE 0-3) 26
DPTR FM NORMAL 0 PTCLDY (SCALE 4-7) 4
TOTAL FM JUL 1 176 CLOUDY (SCALE 8-10) 0
DPTR FM NORMAL -241
[CDD (BASE 65) ]
TOTAL THIS MO. 472
DPTR FM NORMAL 25 [PRESSURE DATA]
TOTAL FM JAN 1 1614 HIGHEST SLP 30.07 ON 23
DPTR FM NORMAL 344 LOWEST SLP 29.66 ON 4
[REMARKS]
#FINAL-06-23#
USED FPCF1 FOR MIN T ON 6/25 DUE TO ASOS ISSUES