000
CXUS54 KMAF 011636
CF6FST
PRELIMINARY LOCAL CLIMATOLOGICAL DATA (WS FORM: F-6)
STATION: FORT STOCKTON
MONTH: JULY
YEAR: 2023
LATITUDE: 30 55 N
LONGITUDE: 102 55 W
TEMPERATURE IN F: :PCPN: SNOW: WIND :SUNSHINE: SKY :PK WND
================================================================================
1 2 3 4 5 6A 6B 7 8 9 10 11 12 13 14 15 16 17 18
12Z AVG MX 2MIN
DY MAX MIN AVG DEP HDD CDD WTR SNW DPTH SPD SPD DIR MIN PSBL S-S WX SPD DR
================================================================================
1 97 71 84 2 0 19 0.00 M M 12.3 30 110 M M 0 39 110
2 94 68 81 -1 0 16 0.00 M M 10.6 23 170 M M 0 31 160
3 96 69 83 1 0 18 T M M 10.0 29 130 M M 1 3 41 130
4 98 69 84 2 0 19 0.00 M M 9.8 22 110 M M 0 30 140
5 99 74 87 5 0 22 0.00 M M 11.5 21 120 M M 0 32 110
6 97 75 86 4 0 21 0.00 M M 13.0 21 110 M M 0 29 120
7 97 73 85 3 0 20 0.00 M M 16.5 26 150 M M 0 37 170
8 98 73 86 4 0 21 0.00 M M 14.4 22 140 M M 0 30 160
9 105 76 91 9 0 26 0.00 M M 10.7 21 170 M M 0 28 150
10 104 78 91 9 0 26 0.00 M M 11.7 21 160 M M 0 30 150
11 108 82 95 13 0 30 0.00 M M 11.4 23 150 M M 0 31 150
12 109 81 95 13 0 30 0.00 M M 11.7 24 160 M M 0 35 110
13 108 82 95 13 0 30 0.00 M M 10.9 21 150 M M 1 30 160
14 107 80 94 12 0 29 0.00 M M 12.8 23 110 M M 0 33 110
15 102 81 92 10 0 27 0.00 M M 14.5 23 120 M M 0 30 120
16 102 75 89 7 0 24 0.00 M M 11.4 22 120 M M 0 28 110
17 105 75 90 7 0 25 0.00 M M 12.5 22 130 M M 0 34 110
18 107 79 93 10 0 28 0.00 M M 12.7 20 150 M M 0 30 160
19 107 78 93 10 0 28 0.00 M M 14.3 24 130 M M 0 35 120
20 103 78 91 8 0 26 0.00 M M 14.8 23 110 M M 0 33 160
21 102 76 89 6 0 24 0.00 M M 12.0 21 120 M M 0 30 140
22 99 72 86 3 0 21 0.00 M M 8.2 16 80 M M 0 27 90
23 103 77 90 7 0 25 0.00 M M 8.5 17 50 M M 1 23 60
24 102 77 90 7 0 25 0.00 M M 10.2 23 100 M M 0 27 110
25 100 73 87 4 0 22 0.00 M M 12.6 21 120 M M M 30 130
26 100 75 88 5 0 23 0.00 M M 12.5 21 110 M M M 29 170
27 99 75 87 4 0 22 0.00 M M 13.7 23 120 M M 0 30 130
28 98 75 87 4 0 22 0.00 M M 12.0 23 110 M M 0 33 110
29 97 73 85 2 0 20 0.00 M M 11.9 22 120 M M 0 30 130
30 97 73 85 2 0 20 0.00 M M 12.1 22 120 M M 1 30 120
31 101 78 90 7 0 25 0.00 0.0 0 10.4 21 230 M M 1 27 240
================================================================================
SM 3141 2341 0 734 T 0.0 371.6 M 5
================================================================================
AV101.3 75.5 12.0 FASTST M M 0 MAX(MPH)
MISC ----> 30 110 41 130
================================================================================
NOTES:
# LAST OF SEVERAL OCCURRENCES
COLUMN 17 PEAK WIND IN M.P.H.
PRELIMINARY LOCAL CLIMATOLOGICAL DATA (WS FORM: F-6) , PAGE 2
STATION: FORT STOCKTON
MONTH: JULY
YEAR: 2023
LATITUDE: 30 55 N
LONGITUDE: 102 55 W
[TEMPERATURE DATA] [PRECIPITATION DATA] SYMBOLS USED IN COLUMN 16
AVERAGE MONTHLY: 88.4 TOTAL FOR MONTH: T 1 = FOG OR MIST
DPTR FM NORMAL: 5.8 DPTR FM NORMAL: -1.69 2 = FOG REDUCING VISIBILITY
HIGHEST: 109 ON 12 GRTST 24HR T ON 3- 3 TO 1/4 MILE OR LESS
LOWEST: 68 ON 2 3 = THUNDER
SNOW, ICE PELLETS, HAIL 4 = ICE PELLETS
TOTAL MONTH: 0.0 INCH 5 = HAIL
GRTST 24HR 0.0 6 = FREEZING RAIN OR DRIZZLE
GRTST DEPTH: 0 7 = DUSTSTORM OR SANDSTORM:
VSBY 1/2 MILE OR LESS
8 = SMOKE OR HAZE
[NO. OF DAYS WITH] [WEATHER - DAYS WITH] 9 = BLOWING SNOW
X = TORNADO
MAX 32 OR BELOW: 0 0.01 INCH OR MORE: 0
MAX 90 OR ABOVE: 31 0.10 INCH OR MORE: 0
MIN 32 OR BELOW: 0 0.50 INCH OR MORE: 0
MIN 0 OR BELOW: 0 1.00 INCH OR MORE: 0
[HDD (BASE 65) ]
TOTAL THIS MO. 0 CLEAR (SCALE 0-3) 29
DPTR FM NORMAL 0 PTCLDY (SCALE 4-7) 0
TOTAL FM JUL 1 0 CLOUDY (SCALE 8-10) 2
DPTR FM NORMAL 0
[CDD (BASE 65) ]
TOTAL THIS MO. 734
DPTR FM NORMAL 188 [PRESSURE DATA]
TOTAL FM JAN 1 1880 HIGHEST SLP 30.05 ON 30
DPTR FM NORMAL 295 LOWEST SLP 29.65 ON 14
[REMARKS]
#FINAL-07-23#