000
CXUS56 KSGX 011145
CF6FUL
PRELIMINARY LOCAL CLIMATOLOGICAL DATA (WS FORM: F-6)
STATION: FULLERTON AIRPORT CA
MONTH: DECEMBER
YEAR: 2023
LATITUDE: 33 52 N
LONGITUDE: 117 58 W
TEMPERATURE IN F: :PCPN: SNOW: WIND :SUNSHINE: SKY :PK WND
================================================================================
1 2 3 4 5 6A 6B 7 8 9 10 11 12 13 14 15 16 17 18
12Z AVG MX 2MIN
DY MAX MIN AVG DEP HDD CDD WTR SNW DPTH SPD SPD DIR MIN PSBL S-S WX SPD DR
================================================================================
1 70 48 59 1 6 0 0.00 M M 2.6 12 170 M M 2 1 15 170
2 69 46 58 0 7 0 0.00 M M 3.1 9 230 M M 2 8 12 220
3 71 47 59 1 6 0 0.00 M M 1.3 8 210 M M 1 18 11 200
4 78 48 63 5 2 0 0.00 M M 0.9 7 200 M M 2 18 9 230
5 85 50 68 10 0 3 0.00 M M 1.8 13 80 M M 0 1 16 80
6 76 51 64 7 1 0 0.00 M M 2.4 10 190 M M 0 18 13 180
7 69 53 61 4 4 0 0.00 M M 4.1 10 220 M M 5 15 220
8 69 47 58 1 7 0 0.00 M M 2.3 8 80 M M 1 1 10 190
9 74 45 60 3 5 0 0.00 M M 10.3 24 80 M M 1 18 32 80
10 79 51 65 8 0 0 0.00 M M 3.3 13 40 M M 1 8 17 40
11 74 44 59 2 6 0 0.00 M M 0.5 9 190 M M 2 11 220
12 68 45 57 0 8 0 0.00 M M 2.0 7 200 M M 1 18 10 220
13 72 49 61 4 4 0 0.00 M M 1.8 9 210 M M 2 1 11 220
14 77 45 61 5 4 0 0.00 M M 1.2 7 280 M M 0 18 10 330
15 83 45 64 8 1 0 0.00 M M 3.1 15 80 M M 1 8 21 80
16 82 46 64 8 1 0 0.00 M M 2.3 10 280 M M 1 8 16 270
17 76 48 62 6 3 0 0.00 M M 2.2 9 150 M M 2 8 12 150
18 74 56 65 9 0 0 T M M 2.3 9 90 M M 6 11 360
19 69 57 63 7 2 0 0.02 M M 4.5 15 70 M M 10 1 18 60
20 68 58 63 7 2 0 0.79 M M 4.7 12 170 M M 10 1 17 170
21 69 58 64 8 1 0 0.20 M M 5.2 14 160 M M 8 13 21 160
22 68 55 62 6 3 0 0.44 M M 4.6 18 70 M M 5 13 23 80
23 67 53 60 4 5 0 0.00 M M 3.6 9 220 M M 5 1 14 220
24 69 51 60 4 5 0 0.00 M M 1.2 8 270 M M 3 1 11 290
25 69 47 58 2 7 0 0.00 M M 1.2 9 200 M M 1 18 12 220
26 70 49 60 3 5 0 0.00 M M 0.3 5 100 M M 2 18 9 220
27 67 49 58 1 7 0 0.00 M M 1.2 8 290 M M 2 18 12 280
28 69 52 61 4 4 0 0.00 M M 1.7 8 170 M M 5 18 9 160
29 66 49 58 1 7 0 0.00 M M 1.2 7 210 M M 4 18 11 210
30 65 53 59 2 6 0 M 0.0 0 3.7 12 250 M M 6 1 18 280
31 61 50 56 -1 9 0 0.01 0.0 0 3.5 9 220 M M 7 1 14 120
================================================================================
SM 2223 1545 128 3 1.46 0.0 84.1 M 98
================================================================================
AV 71.7 49.8 2.7 FASTST M M 3 MAX(MPH)
MISC ----> 24 80 32 80
================================================================================
NOTES:
# LAST OF SEVERAL OCCURRENCES
COLUMN 17 PEAK WIND IN M.P.H.
PRELIMINARY LOCAL CLIMATOLOGICAL DATA (WS FORM: F-6) , PAGE 2
STATION: FULLERTON AIRPORT CA
MONTH: DECEMBER
YEAR: 2023
LATITUDE: 33 52 N
LONGITUDE: 117 58 W
[TEMPERATURE DATA] [PRECIPITATION DATA] SYMBOLS USED IN COLUMN 16
AVERAGE MONTHLY: 60.8 TOTAL FOR MONTH: 1.46 1 = FOG OR MIST
DPTR FM NORMAL: 3.9 DPTR FM NORMAL: -0.40 2 = FOG REDUCING VISIBILITY
HIGHEST: 85 ON 5 GRTST 24HR 0.80 ON 19-20 TO 1/4 MILE OR LESS
LOWEST: 44 ON 11 3 = THUNDER
SNOW, ICE PELLETS, HAIL 4 = ICE PELLETS
TOTAL MONTH: 0.0 INCH 5 = HAIL
GRTST 24HR 0.0 6 = FREEZING RAIN OR DRIZZLE
GRTST DEPTH: 0 7 = DUSTSTORM OR SANDSTORM:
VSBY 1/2 MILE OR LESS
8 = SMOKE OR HAZE
[NO. OF DAYS WITH] [WEATHER - DAYS WITH] 9 = BLOWING SNOW
X = TORNADO
MAX 32 OR BELOW: 0 0.01 INCH OR MORE: 5
MAX 90 OR ABOVE: 0 0.10 INCH OR MORE: 3
MIN 32 OR BELOW: 0 0.50 INCH OR MORE: 1
MIN 0 OR BELOW: 0 1.00 INCH OR MORE: 0
[HDD (BASE 65) ]
TOTAL THIS MO. 128 CLEAR (SCALE 0-3) 19
DPTR FM NORMAL -126 PTCLDY (SCALE 4-7) 10
TOTAL FM JUL 1 172 CLOUDY (SCALE 8-10) 2
DPTR FM NORMAL -210
[CDD (BASE 65) ]
TOTAL THIS MO. 3
DPTR FM NORMAL 1 [PRESSURE DATA]
TOTAL FM JAN 1 1336 HIGHEST SLP 30.23 ON 9
DPTR FM NORMAL -172 LOWEST SLP 29.82 ON 20
[REMARKS]
#FINAL-12-23#