000
CXUS54 KTSA 121144
CF6FYV
PRELIMINARY LOCAL CLIMATOLOGICAL DATA (WS FORM: F-6)
STATION: FAYETTEVILLE ARKANSAS
MONTH: MARCH
YEAR: 2024
LATITUDE: 36 0 N
LONGITUDE: 94 10 W
TEMPERATURE IN F: :PCPN: SNOW: WIND :SUNSHINE: SKY :PK WND
================================================================================
1 2 3 4 5 6A 6B 7 8 9 10 11 12 13 14 15 16 17 18
12Z AVG MX 2MIN
DY MAX MIN AVG DEP HDD CDD WTR SNW DPTH SPD SPD DIR MIN PSBL S-S WX SPD DR
================================================================================
1 59 33 46 2 19 0 0.00 0.0 0 3.6 13 180 M M 5 16 180
2 75 31 53 9 12 0 0.00 0.0 0 10.2 24 190 M M 0 1 34 170
3 78 58 68 24 0 3 0.00 0.0 0 15.9 25 180 M M 0 8 37 190
4 81 56 69 24 0 4 0.00 0.0 0 10.1 25 160 M M 2 36 180
5 73 50 62 17 3 0 0.00 0.0 0 8.0 16 320 M M 4 8 22 190
6 74 48 61 16 4 0 0.00 0.0 0 4.2 10 270 M M 5 18 16 50
7 64 51 58 12 7 0 0.11 0.0 0 8.7 21 160 M M 4 1 30 140
8 65 43 54 8 11 0 0.71 0.0 0 7.0 20 320 M M 9 1 29 320
9 54 31 43 -3 22 0 0.06 0.0 0 9.0 17 310 M M 4 1 24 330
10 63 28 46 -1 19 0 0.00 0.0 0 3.1 9 270 M M 0 14 320
11 68 29 49 2 16 0 0.00 0.0 0 5.8 22 200 M M 0 31 200
12 73 44 59 12 6 0 0.00 0.0 0 10.6 25 200 M M 1 36 210
13 78 61 70 22 0 5 0.00 0.0 0 13.0 25 180 M M 2 34 150
14 80 57 69 21 0 4 0.56 0.0 0 10.1 35 270 M M 6 138 51 280
15 63 40 52 4 13 0 0.00 0.0 0 6.2 16 350 M M 6 1 25 350
16 70 34 52 4 13 0 0.00 0.0 0 3.2 14 310 M M 2 1 19 240
17 61 39 50 1 15 0 T 0.0 0 9.1 21 330 M M 4 31 330
18 46 27 37 -12 28 0 0.00 0.0 0 7.2 18 330 M M 0 27 320
19 68 26 47 -2 18 0 0.00 0.0 0 10.0 24 210 M M 0 31 210
20 78 42 60 10 5 0 0.00 0.0 0 5.8 17 210 M M 1 26 210
21 70 41 56 6 9 0 0.04 0.0 0 3.7 17 170 M M 5 18 23 170
22 68 46 57 7 8 0 0.05 0.0 0 5.5 22 350 M M 9 30 350
23 65 38 52 2 13 0 0.00 0.0 0 6.6 14 50 M M 5 8 24 50
24 64 49 57 6 8 0 T 0.0 0 13.5 29 170 M M 3 8 45 170
25 59 37 48 -3 17 0 2.20 0.0 0 9.1 24 260 M M 8 13 34 260
26 46 31 39 -12 26 0 0.00 0.0 0 8.8 18 250 M M 7 31 260
27 59 27 43 -9 22 0 0.00 0.0 0 2.0 10 330 M M 1 16 340
28 67 30 49 -3 16 0 0.00 0.0 0 3.1 14 190 M M 0 20 200
29 77 38 58 6 7 0 0.00 0.0 0 14.3 32 190 M M 0 8 44 190
30 77 59 68 15 0 3 0.00 0.0 0 10.3 20 210 M M 5 30 220
31 73 61 67 14 0 2 0.00 0.0 0 11.0 23 190 M M 9 31 180
================================================================================
SM 2096 1285 337 21 3.73 0.0 248.7 M 107
================================================================================
AV 67.6 41.5 8.0 FASTST M M 3 MAX(MPH)
MISC ----> 35 270 51 280
================================================================================
NOTES:
# LAST OF SEVERAL OCCURRENCES
COLUMN 17 PEAK WIND IN M.P.H.
PRELIMINARY LOCAL CLIMATOLOGICAL DATA (WS FORM: F-6) , PAGE 2
STATION: FAYETTEVILLE ARKANSAS
MONTH: MARCH
YEAR: 2024
LATITUDE: 36 0 N
LONGITUDE: 94 10 W
[TEMPERATURE DATA] [PRECIPITATION DATA] SYMBOLS USED IN COLUMN 16
AVERAGE MONTHLY: 54.5 TOTAL FOR MONTH: 3.73 1 = FOG OR MIST
DPTR FM NORMAL: 6.1 DPTR FM NORMAL: -0.25 2 = FOG REDUCING VISIBILITY
HIGHEST: 81 ON 4 GRTST 24HR 2.20 ON 25-25 TO 1/4 MILE OR LESS
LOWEST: 26 ON 19 3 = THUNDER
SNOW, ICE PELLETS, HAIL 4 = ICE PELLETS
TOTAL MONTH: T 5 = HAIL
GRTST 24HR 0.0 6 = FREEZING RAIN OR DRIZZLE
GRTST DEPTH: 0 7 = DUSTSTORM OR SANDSTORM:
VSBY 1/2 MILE OR LESS
8 = SMOKE OR HAZE
[NO. OF DAYS WITH] [WEATHER - DAYS WITH] 9 = BLOWING SNOW
X = TORNADO
MAX 32 OR BELOW: 0 0.01 INCH OR MORE: 7
MAX 90 OR ABOVE: 0 0.10 INCH OR MORE: 4
MIN 32 OR BELOW: 9 0.50 INCH OR MORE: 3
MIN 0 OR BELOW: 0 1.00 INCH OR MORE: 1
[HDD (BASE 65) ]
TOTAL THIS MO. 337 CLEAR (SCALE 0-3) 15
DPTR FM NORMAL -183 PTCLDY (SCALE 4-7) 12
TOTAL FM JUL 1 3035 CLOUDY (SCALE 8-10) 4
DPTR FM NORMAL -692
[CDD (BASE 65) ]
TOTAL THIS MO. 21
DPTR FM NORMAL 16 [PRESSURE DATA]
TOTAL FM JAN 1 21 HIGHEST SLP 30.37 ON 18
DPTR FM NORMAL 15 LOWEST SLP 29.38 ON 25
[REMARKS]
#FINAL-03-24#