089
CXUS54 KTSA 012011
CF6FYV
PRELIMINARY LOCAL CLIMATOLOGICAL DATA (WS FORM: F-6)
STATION: FAYETTEVILLE ARKANSAS
MONTH: JUNE
YEAR: 2020
LATITUDE: 36 0 N
LONGITUDE: 94 10 W
TEMPERATURE IN F: :PCPN: SNOW: WIND :SUNSHINE: SKY :PK WND
================================================================================
1 2 3 4 5 6A 6B 7 8 9 10 11 12 13 14 15 16 17 18
12Z AVG MX 2MIN
DY MAX MIN AVG DEP HDD CDD WTR SNW DPTH SPD SPD DIR MIN PSBL S-S WX SPD DR
================================================================================
1 83 57 70 1 0 5 0.00 0.0 0 3.9 16 170 M M 0 1 22 180
2 85 58 72 3 0 7 0.00 0.0 0 4.1 14 180 M M 0 18 210
3 88 70 79 9 0 14 T 0.0 0 6.5 15 210 M M 2 22 200
4 87 65 76 6 0 11 1.28 0.0 0 6.4 21 200 M M 2 13 30 210
5 94 73 84 14 0 19 0.00 0.0 0 4.3 12 240 M M 0 17 200
6 95 70 83 13 0 18 0.00 0.0 0 3.1 13 80 M M 1 19 40
7 93 64 79 8 0 14 0.00 0.0 0 4.2 13 70 M M 0 1 18 90
8 87 69 78 7 0 13 0.19 0.0 0 4.3 16 80 M M 2 1 25 90
9 92 65 79 8 0 14 T 0.0 0 13.0 29 190 M M 4 41 190
10 79 56 68 -4 0 3 0.00 0.0 0 11.7 23 310 M M 5 35 220
11 86 53 70 -2 0 5 0.00 0.0 0 2.6 9 70 M M 0 13 100
12 88 57 73 1 0 8 0.00 0.0 0 2.8 12 170 M M 1 15 170
13 91 59 75 3 0 10 0.00 0.0 0 1.6 8 80 M M 1 12 80
14 91 63 77 4 0 12 0.00 0.0 0 1.9 14 190 M M 1 18 190
15 90 62 76 3 0 11 0.00 0.0 0 2.8 13 180 M M 2 1 17 200
16 88 63 76 3 0 11 0.94 0.0 0 3.0 17 350 M M 2 13 29 350
17 85 62 74 1 0 9 0.00 0.0 0 4.6 13 180 M M 1 17 170
18 86 63 75 1 0 10 0.00 0.0 0 5.2 15 200 M M 0 20 180
19 88 65 77 3 0 12 0.00 0.0 0 5.2 22 330 M M 1 1 26 330
20 80 64 72 -2 0 7 0.01 0.0 0 2.5 13 210 M M 4 12 16 200
21 84 61 73 -1 0 8 0.00 0.0 0 5.3 21 200 M M 4 12 28 190
22 85 64 75 0 0 10 T 0.0 0 5.8 12 250 M M 3 19 170
23 84 63 74 -1 0 9 0.02 0.0 0 3.6 15 330 M M 2 1 20 350
24 86 56 71 -4 0 6 0.00 0.0 0 1.9 9 70 M M 1 12 16 80
25 88 59 74 -1 0 9 0.00 0.0 0 4.8 17 170 M M 0 23 160
26 85 64 75 0 0 10 T 0.0 0 7.7 17 170 M M 4 1 23 150
27 85 71 78 2 0 13 0.00 0.0 0 10.8 22 190 M M 3 18 30 190
28 89 74 82 6 0 17 0.00 0.0 0 12.2 23 180 M M 2 33 170
29 87 74 81 5 0 16 0.00 0.0 0 11.8 23 180 M M 4 3 32 180
30 89 74 82 6 0 17 0.00 0.0 0 9.5 21 170 M M 4 28 180
================================================================================
SM 2618 1918 0 328 2.44 0.0 167.1 M 56
================================================================================
AV 87.3 63.9 5.6 FASTST M M 2 MAX(MPH)
MISC ----> # 29 190 # 41 190
================================================================================
NOTES:
# LAST OF SEVERAL OCCURRENCES
COLUMN 17 PEAK WIND IN M.P.H.
PRELIMINARY LOCAL CLIMATOLOGICAL DATA (WS FORM: F-6) , PAGE 2
STATION: FAYETTEVILLE ARKANSAS
MONTH: JUNE
YEAR: 2020
LATITUDE: 36 0 N
LONGITUDE: 94 10 W
[TEMPERATURE DATA] [PRECIPITATION DATA] SYMBOLS USED IN COLUMN 16
AVERAGE MONTHLY: 75.6 TOTAL FOR MONTH: 2.44 1 = FOG OR MIST
DPTR FM NORMAL: 2.7 DPTR FM NORMAL: -2.54 2 = FOG REDUCING VISIBILITY
HIGHEST: 95 ON 6 GRTST 24HR 1.28 ON 4- 4 TO 1/4 MILE OR LESS
LOWEST: 53 ON 11 3 = THUNDER
SNOW, ICE PELLETS, HAIL 4 = ICE PELLETS
TOTAL MONTH: 0.0 INCH 5 = HAIL
GRTST 24HR 0.0 6 = FREEZING RAIN OR DRIZZLE
GRTST DEPTH: 0 7 = DUSTSTORM OR SANDSTORM:
VSBY 1/2 MILE OR LESS
8 = SMOKE OR HAZE
[NO. OF DAYS WITH] [WEATHER - DAYS WITH] 9 = BLOWING SNOW
X = TORNADO
MAX 32 OR BELOW: 0 0.01 INCH OR MORE: 5
MAX 90 OR ABOVE: 7 0.10 INCH OR MORE: 3
MIN 32 OR BELOW: 0 0.50 INCH OR MORE: 2
MIN 0 OR BELOW: 0 1.00 INCH OR MORE: 1
[HDD (BASE 65) ]
TOTAL THIS MO. 0 CLEAR (SCALE 0-3) 21
DPTR FM NORMAL -8 PTCLDY (SCALE 4-7) 9
TOTAL FM JUL 1 3595 CLOUDY (SCALE 8-10) 0
DPTR FM NORMAL -595
[CDD (BASE 65) ]
TOTAL THIS MO. 328
DPTR FM NORMAL 83 [PRESSURE DATA]
TOTAL FM JAN 1 478 HIGHEST SLP 30.33 ON 12
DPTR FM NORMAL 120 LOWEST SLP 29.51 ON 9
[REMARKS]
#FINAL-06-20#