000
CXUS53 KDDC 021658
CLSGCK
CLIMATE REPORT
NATIONAL WEATHER SERVICE DODGE CITY KS
1147 AM CDT WED SEP 2 2020
...................................
...THE GARDEN CITY REGIONAL ARPT KS CLIMATE SUMMARY FOR THE SEASON, FROM
6/1/2020 TO 8/31/2020...
CLIMATE NORMAL PERIOD 1981 TO 2010
CLIMATE RECORD PERIOD 1948 TO 2020
WEATHER OBSERVED NORMAL DEPART LAST YEAR`S
VALUE DATE(S) VALUE FROM VALUE DATE(S)
NORMAL
................................................................
TEMPERATURE (F)
RECORD
HIGH 110 06/08/1985
07/11/1954
06/24/1953
LOW 38 06/10/2019
HIGHEST 103 07/08 MM MM 103 08/20
07/31
07/19
LOWEST 48 06/10 MM MM 38 06/10
AVG. MAXIMUM 91.0 89.2 1.8 89.7
AVG. MINIMUM 63.4 62.7 0.7 62.0
MEAN 77.2 75.9 1.3 75.8
DAYS MAX >= 90 59 47.2 11.8 45
DAYS MAX <= 32 0 0.0 0.0 0
DAYS MIN <= 32 0 0.0 0.0 0
DAYS MIN <= 0 0 0.0 0.0 0
PRECIPITATION (INCHES)
RECORD
MAXIMUM 18.27 1979
MINIMUM 2.00 1964
TOTALS 8.89 8.71 0.18 4.09
DAILY AVG. 0.10 0.09 0.01 0.05
DAYS >= .01 26 25.6 0.4 29
DAYS >= .10 14 16.4 -2.4 13
DAYS >= .50 5 6.3 -1.3 1
DAYS >= 1.00 2 2.3 -0.3 0
GREATEST
24 HR. TOTAL 2.37 07/14 TO 07/15 06/17 TO 06/18
DEGREE_DAYS
HEATING TOTAL 3 20 -17 13
SINCE 7/1 0 4 -4 0
COOLING TOTAL 1150 1027 123 1040
SINCE 1/1 1211 1116 95 1078
.................................................................
WIND (MPH)
AVERAGE WIND SPEED 12.7
RESULTANT WIND SPEED/DIRECTION 7/155
HIGHEST WIND SPEED/DIRECTION 52/330 DATE 06/09
HIGHEST GUST SPEED/DIRECTION 71/350 DATE 08/16
SKY COVER
POSSIBLE SUNSHINE (PERCENT) MM
AVERAGE SKY COVER 0.10
NUMBER OF DAYS FAIR 77
NUMBER OF DAYS PC 15
NUMBER OF DAYS CLOUDY 0
AVERAGE RH (PERCENT) 63
WEATHER CONDITIONS. NUMBER OF DAYS WITH
THUNDERSTORM 31 MIXED PRECIP 0
HEAVY RAIN 11 RAIN 13
LIGHT RAIN 27 FREEZING RAIN 0
LT FREEZING RAIN 0 HAIL 0
HEAVY SNOW 0 SNOW 0
LIGHT SNOW 0 SLEET 0
FOG 29 FOG W/VIS <= 1/4 MILE 5
HAZE 11 BLOWING SNOW 0
TORNADO 0
- INDICATES NEGATIVE NUMBERS.
R INDICATES RECORD WAS SET OR TIED.
MM INDICATES DATA IS MISSING.
T INDICATES TRACE AMOUNT.
$$