000
CXUS54 KFWD 010831
CF6GDJ
PRELIMINARY LOCAL CLIMATOLOGICAL DATA (WS FORM: F-6)
STATION: GRANBURY
MONTH: NOVEMBER
YEAR: 2023
LATITUDE: 32 26 N
LONGITUDE: 97 48 W
TEMPERATURE IN F: :PCPN: SNOW: WIND :SUNSHINE: SKY :PK WND
================================================================================
1 2 3 4 5 6A 6B 7 8 9 10 11 12 13 14 15 16 17 18
12Z AVG MX 2MIN
DY MAX MIN AVG DEP HDD CDD WTR SNW DPTH SPD SPD DIR MIN PSBL S-S WX SPD DR
================================================================================
1 57 30 44 -17 21 0 0.00 M M 2.9 8 140 M M 0 M M
2 64 34 49 -11 16 0 0.00 M M 5.8 13 130 M M 0 17 140
3 73 41 57 -3 8 0 0.00 M M 7.3 16 170 M M 0 20 180
4 76 54 65 5 0 0 0.00 M M 7.2 14 170 M M 3 18 180
5 78 53 66 7 0 1 0.00 M M 6.2 15 190 M M 0 1 20 190
6 82 63 73 14 0 8 0.00 M M 9.4 17 190 M M 0 22 200
7 87 58 73 14 0 8 0.00 M M 7.8 14 170 M M 0 18 150
8 86 64 75 17 0 10 0.00 M M 8.4 13 190 M M 0 22 210
9 73 50 62 4 3 0 0.06 M M 8.2 14 340 M M 8 20 360
10 56 50 53 -4 12 0 0.00 M M 7.3 12 40 M M 10 8 16 350
11 65 51 58 1 7 0 0.00 M M 4.5 9 40 M M 5 M M
12 62 45 54 -2 11 0 0.00 M M 0.7 3 80 M M 1 M M
13 63 49 56 0 9 0 0.00 M M 3.2 7 30 M M 5 M M
14 68 47 58 3 7 0 0.00 M M 1.1 5 260 M M 1 M M
15 71 43 57 2 8 0 0.00 M M 0.6 6 130 M M 0 M M
16 61 44 53 -1 12 0 0.00 M M 5.8 13 120 M M 4 1 M M
17 64 53 59 5 6 0 T M M 5.9 9 40 M M 7 1 M M
18 67 52 60 6 5 0 0.00 M M 2.5 6 320 M M 5 1 M M
19 65 51 58 5 7 0 0.00 M M 6.7 15 170 M M 8 1 21 170
20 73 55 64 12 1 0 0.00 M M 12.1 20 310 M M 3 29 310
21 56 38 47 -5 18 0 0.00 M M 12.9 21 340 M M 7 29 350
22 62 33 48 -4 17 0 0.00 M M 3.3 9 330 M M 0 17 330
23 60 34 47 -4 18 0 0.00 M M 4.1 10 130 M M 0 M M
24 64 35 50 -1 15 0 0.00 M M 3.2 8 90 M M 1 1 M M
25 59 35 47 -3 18 0 0.03 M M 4.3 15 150 M M 5 18 140
26 51 33 42 -8 23 0 0.00 M M 10.9 20 320 M M 1 25 320
27 53 27 40 -9 25 0 0.00 M M 2.0 6 330 M M 0 M M
28 61 34 48 -1 17 0 0.00 M M 3.4 8 140 M M 3 M M
29 65 36 51 3 14 0 0.00 M M 6.1 16 180 M M 4 23 220
30 71 51 61 13 4 0 0.00 M M 8.1 10 240 M M 7 1 17 140
================================================================================
SM 1993 1343 302 27 0.09 M 171.9 M 88
================================================================================
AV 66.4 44.8 5.7 FASTST M M 3 MAX(MPH)
MISC ----> 21 340 # 29 310
================================================================================
NOTES:
# LAST OF SEVERAL OCCURRENCES
COLUMN 17 PEAK WIND IN M.P.H.
PRELIMINARY LOCAL CLIMATOLOGICAL DATA (WS FORM: F-6) , PAGE 2
STATION: GRANBURY
MONTH: NOVEMBER
YEAR: 2023
LATITUDE: 32 26 N
LONGITUDE: 97 48 W
[TEMPERATURE DATA] [PRECIPITATION DATA] SYMBOLS USED IN COLUMN 16
AVERAGE MONTHLY: 55.6 TOTAL FOR MONTH: 0.09 1 = FOG OR MIST
DPTR FM NORMAL: 1.0 DPTR FM NORMAL: M 2 = FOG REDUCING VISIBILITY
HIGHEST: 87 ON 7 GRTST 24HR 0.06 ON 9- 9 TO 1/4 MILE OR LESS
LOWEST: 27 ON 27 3 = THUNDER
SNOW, ICE PELLETS, HAIL 4 = ICE PELLETS
TOTAL MONTH: M 5 = HAIL
GRTST 24HR M ON M 6 = FREEZING RAIN OR DRIZZLE
GRTST DEPTH: M ON M 7 = DUSTSTORM OR SANDSTORM:
VSBY 1/2 MILE OR LESS
8 = SMOKE OR HAZE
[NO. OF DAYS WITH] [WEATHER - DAYS WITH] 9 = BLOWING SNOW
X = TORNADO
MAX 32 OR BELOW: 0 0.01 INCH OR MORE: 2
MAX 90 OR ABOVE: 0 0.10 INCH OR MORE: 0
MIN 32 OR BELOW: 2 0.50 INCH OR MORE: 0
MIN 0 OR BELOW: 0 1.00 INCH OR MORE: 0
[HDD (BASE 65) ]
TOTAL THIS MO. 302 CLEAR (SCALE 0-3) 18
DPTR FM NORMAL -25 PTCLDY (SCALE 4-7) 10
TOTAL FM JUL 1 400 CLOUDY (SCALE 8-10) 2
DPTR FM NORMAL -23
[CDD (BASE 65) ]
TOTAL THIS MO. 27
DPTR FM NORMAL 12 [PRESSURE DATA]
TOTAL FM JAN 1 3271 HIGHEST SLP M ON M
DPTR FM NORMAL 879 LOWEST SLP M ON M
[REMARKS]
#FINAL-11-23#