000
CXUS54 KMAF 011210
CF6GDP
PRELIMINARY LOCAL CLIMATOLOGICAL DATA (WS FORM: F-6)
STATION: GUADALUPE PASS
MONTH: JANUARY
YEAR: 2021
LATITUDE: 31 49 N
LONGITUDE: 104 48 W
TEMPERATURE IN F: :PCPN: SNOW: WIND :SUNSHINE: SKY :PK WND
================================================================================
1 2 3 4 5 6A 6B 7 8 9 10 11 12 13 14 15 16 17 18
12Z AVG MX 2MIN
DY MAX MIN AVG DEP HDD CDD WTR SNW DPTH SPD SPD DIR MIN PSBL S-S WX SPD DR
================================================================================
1 41 29 35 -5 30 0 0.00 M M 10.1 35 70 M M 0 37 70
2 46 26 36 -4 29 0 0.00 M M 26.0 52 250 M M 0 18 59 240
3 54 30 42 2 23 0 0.00 M M 25.6 44 240 M M 0 49 240
4 57 37 47 7 18 0 0.00 M M 16.2 45 250 M M 0 50 250
5 61 36 49 8 16 0 0.00 M M 17.8 35 250 M M 0 40 240
6 53 36 45 4 20 0 0.00 M M 16.5 37 40 M M 0 40 40
7 56 32 44 3 21 0 0.00 M M 16.4 31 250 M M 0 36 250
8 47 25 36 -5 29 0 T M M 19.8 40 60 M M 0 28 44 60
9 31 23 27 -14 38 0 T M M 32.3 49 50 M M 8 1268 160 180
10 31 23 27 -14 38 0 T M M 25.1 52 50 M M 9 128 54 50
11 37 22 30 -11 35 0 T M M 8.1 22 70 M M 5 1 23 70
12 46 23 35 -6 30 0 0.00 M M 15.5 26 240 M M 0 8 32 250
13 54 25 40 -1 25 0 M M M 22.7 41 240 M M 0 46 240
14 56 37 47 5 18 0 0.00 M M 17.2 39 70 M M 0 18 45 50
15 54 28 41 -1 24 0 0.00 M M 18.2 44 50 M M 0 47 60
16 62 33 48 6 17 0 0.00 M M 19.8 36 240 M M 0 41 240
17 61 35 48 6 17 0 0.00 M M 17.0 31 240 M M 0 36 240
18 68 39 54 12 11 0 0.00 M M 26.5 48 50 M M 2 53 50
19 40 31 36 -6 29 0 T M M 44.1 58 50 M M 3 64 50
20 45 28 37 -5 28 0 T M M 20.9 37 60 M M 5 1268 39 60
21 48 38 43 1 22 0 0.16 M M 15.7 30 250 M M 7 128 37 260
22 56 39 48 6 17 0 0.00 M M 17.1 30 240 M M 6 12 35 240
23 60 40 50 8 15 0 0.00 M M 19.6 39 250 M M 0 45 250
24 64 37 51 8 14 0 0.00 M M 21.8 63 240 M M 4 8 77 250
25 47 32 40 -3 25 0 0.00 M M 29.7 53 240 M M 3 63 230
26 40 27 34 -9 31 0 0.01 M M 29.3 52 250 M M 4 18 64 250
27 50 21 36 -7 29 0 0.00 M M 14.9 41 250 M M 0 51 260
28 56 36 46 3 19 0 0.00 M M 10.8 21 70 M M 0 22 60
29 61 41 51 8 14 0 T M M 13.3 32 240 M M 2 42 250
30 56 41 49 6 16 0 0.00 M M 37.4 68 260 M M 1 8 83 260
31 50 34 42 -1 23 0 0.00 M M 22.4 38 50 M M 0 8 43 40
================================================================================
SM 1588 984 721 0 0.17 M 647.8 M 59
================================================================================
AV 51.2 31.7 20.9 FASTST M M 2 MAX(MPH)
MISC ----> 68 260 160 180
================================================================================
NOTES:
# LAST OF SEVERAL OCCURRENCES
COLUMN 17 PEAK WIND IN M.P.H.
PRELIMINARY LOCAL CLIMATOLOGICAL DATA (WS FORM: F-6) , PAGE 2
STATION: GUADALUPE PASS
MONTH: JANUARY
YEAR: 2021
LATITUDE: 31 49 N
LONGITUDE: 104 48 W
[TEMPERATURE DATA] [PRECIPITATION DATA] SYMBOLS USED IN COLUMN 16
AVERAGE MONTHLY: 41.5 TOTAL FOR MONTH: 0.17 1 = FOG OR MIST
DPTR FM NORMAL: -0.3 DPTR FM NORMAL: -0.42 2 = FOG REDUCING VISIBILITY
HIGHEST: 68 ON 18 GRTST 24HR 0.16 ON 21-21 TO 1/4 MILE OR LESS
LOWEST: 21 ON 27 3 = THUNDER
SNOW, ICE PELLETS, HAIL 4 = ICE PELLETS
TOTAL MONTH: M 5 = HAIL
GRTST 24HR M ON M 6 = FREEZING RAIN OR DRIZZLE
GRTST DEPTH: M ON M 7 = DUSTSTORM OR SANDSTORM:
VSBY 1/2 MILE OR LESS
8 = SMOKE OR HAZE
[NO. OF DAYS WITH] [WEATHER - DAYS WITH] 9 = BLOWING SNOW
X = TORNADO
MAX 32 OR BELOW: 2 0.01 INCH OR MORE: 2
MAX 90 OR ABOVE: 0 0.10 INCH OR MORE: 1
MIN 32 OR BELOW: 16 0.50 INCH OR MORE: 0
MIN 0 OR BELOW: 0 1.00 INCH OR MORE: 0
[HDD (BASE 65) ]
TOTAL THIS MO. 721 CLEAR (SCALE 0-3) 22
DPTR FM NORMAL 0 PTCLDY (SCALE 4-7) 8
TOTAL FM JUL 1 1793 CLOUDY (SCALE 8-10) 1
DPTR FM NORMAL -327
[CDD (BASE 65) ]
TOTAL THIS MO. 0
DPTR FM NORMAL 0 [PRESSURE DATA]
TOTAL FM JAN 1 0 HIGHEST SLP 30.46 ON 11
DPTR FM NORMAL 0 LOWEST SLP 29.54 ON 24
[REMARKS]
#FINAL-01-21#