000
CXUS56 KOTX 011010
CF6GEG
PRELIMINARY LOCAL CLIMATOLOGICAL DATA (WS FORM: F-6)
STATION: SPOKANE WA AIRPORT
MONTH: FEBRUARY
YEAR: 2021
LATITUDE: 47 37 N
LONGITUDE: 117 32 W
TEMPERATURE IN F: :PCPN: SNOW: WIND :SUNSHINE: SKY :PK WND
================================================================================
1 2 3 4 5 6A 6B 7 8 9 10 11 12 13 14 15 16 17 18
12Z AVG MX 2MIN
DY MAX MIN AVG DEP HDD CDD WTR SNW DPTH SPD SPD DIR MIN PSBL S-S WX SPD DR
================================================================================
1 52 34 43 12 22 0 0.01 0.0 0 9.0 16 150 M M 9 22 160
2 48 30 39 7 26 0 T T 0 16.3 37 220 M M 7 5 45 230
3 39 28 34 2 31 0 0.00 0.0 0 8.8 17 220 M M 6 21 220
4 39 29 34 2 31 0 0.06 T 0 11.9 18 210 M M 10 1 24 210
5 47 32 40 8 25 0 0.02 T 0 15.0 26 290 M M 6 1 32 280
6 45 32 39 7 26 0 T T 0 16.0 31 240 M M 7 1 36 240
7 35 27 31 -1 34 0 T T 0 7.4 16 250 M M 8 20 260
8 32 23 28 -4 37 0 T T 0 6.4 14 20 M M 9 17 360
9 24 18 21 -11 44 0 T T 0 5.8 14 40 M M 8 16 30
10 29 17 23 -9 42 0 0.00 0.0 0 5.1 13 20 M M 7 14 10
11 21 11 16 -16 49 0 0.00 0.0 0 15.6 29 50 M M 9 38 50
12 19 9 14 -18 51 0 0.00 0.0 0 14.5 28 40 M M 9 35 60
13 22 16 19 -13 46 0 T T 0 14.8 26 70 M M 10 9 36 90
14 20 17 19 -14 46 0 0.08 1.6 2 7.2 13 70 M M 10 1 14 70
15 23 17 20 -13 45 0 0.24 2.9 2 5.3 12 200 M M 10 18 15 210
16 26 18 22 -11 43 0 0.02 0.5 4 3.3 10 230 M M 10 1 12 230
17 35 16 26 -7 39 0 T T 4 5.7 15 330 M M 7 12 20 330
18 29 11 20 -13 45 0 0.13 1.7 3 5.6 10 90 M M 9 128 14 60
19 31 27 29 -5 36 0 0.01 0.5 5 6.3 14 200 M M 10 128 16 200
20 30 27 29 -5 36 0 0.00 0.0 5 9.3 16 190 M M 10 128 21 200
21 38 30 34 0 31 0 T 0.4 4 18.4 29 210 M M 9 19 41 220
22 45 35 40 6 25 0 0.04 0.0 1 22.2 35 220 M M 9 45 220
23 39 27 33 -1 32 0 0.00 0.0 0 14.0 29 260 M M 4 35 250
24 37 22 30 -4 35 0 0.00 0.0 0 5.7 15 220 M M 4 1 18 200
25 42 29 36 1 29 0 0.18 2.6 0 19.4 32 210 M M 9 129 44 200
26 42 30 36 1 29 0 T T 1 13.8 28 240 M M 8 35 220
27 39 18 29 -6 36 0 0.05 1.6 2 9.2 17 270 M M 5 1 22 240
28 44 30 37 1 28 0 0.00 0.0 0 11.2 18 220 M M 8 23 210
================================================================================
SM 972 660 999 0 0.84 11.8 303.2 M 227
================================================================================
AV 34.7 23.6 10.8 FASTST M M 8 MAX(MPH)
MISC ----> 37 220 # 45 230
================================================================================
NOTES:
# LAST OF SEVERAL OCCURRENCES
COLUMN 17 PEAK WIND IN M.P.H.
PRELIMINARY LOCAL CLIMATOLOGICAL DATA (WS FORM: F-6) , PAGE 2
STATION: SPOKANE WA AIRPORT
MONTH: FEBRUARY
YEAR: 2021
LATITUDE: 47 37 N
LONGITUDE: 117 32 W
[TEMPERATURE DATA] [PRECIPITATION DATA] SYMBOLS USED IN COLUMN 16
AVERAGE MONTHLY: 29.1 TOTAL FOR MONTH: 0.84 1 = FOG OR MIST
DPTR FM NORMAL: -3.9 DPTR FM NORMAL: -0.49 2 = FOG REDUCING VISIBILITY
HIGHEST: 52 ON 1 GRTST 24HR 0.30 ON 14-15 TO 1/4 MILE OR LESS
LOWEST: 9 ON 12 3 = THUNDER
SNOW, ICE PELLETS, HAIL 4 = ICE PELLETS
TOTAL MONTH: 11.8 INCHES 5 = HAIL
GRTST 24HR 2.9 ON 15-15 6 = FREEZING RAIN OR DRIZZLE
GRTST DEPTH: 5 ON 20,19 7 = DUSTSTORM OR SANDSTORM:
VSBY 1/2 MILE OR LESS
8 = SMOKE OR HAZE
[NO. OF DAYS WITH] [WEATHER - DAYS WITH] 9 = BLOWING SNOW
X = TORNADO
MAX 32 OR BELOW: 12 0.01 INCH OR MORE: 11
MAX 90 OR ABOVE: 0 0.10 INCH OR MORE: 3
MIN 32 OR BELOW: 26 0.50 INCH OR MORE: 0
MIN 0 OR BELOW: 0 1.00 INCH OR MORE: 0
[HDD (BASE 65) ]
TOTAL THIS MO. 999 CLEAR (SCALE 0-3) 0
DPTR FM NORMAL 103 PTCLDY (SCALE 4-7) 12
TOTAL FM JUL 1 4460 CLOUDY (SCALE 8-10) 16
DPTR FM NORMAL -368
[CDD (BASE 65) ]
TOTAL THIS MO. 0
DPTR FM NORMAL 0 [PRESSURE DATA]
TOTAL FM JAN 1 0 HIGHEST SLP M ON M
DPTR FM NORMAL 0 LOWEST SLP 29.70 ON 6
[REMARKS]
#FINAL-02-21#