000
CXUS55 KRIW 011110
CF6GEY
PRELIMINARY LOCAL CLIMATOLOGICAL DATA (WS FORM: F-6)
STATION: GREYBULL WY
MONTH: DECEMBER
YEAR: 2022
LATITUDE: 44 30 N
LONGITUDE: 108 4 W
TEMPERATURE IN F: :PCPN: SNOW: WIND :SUNSHINE: SKY :PK WND
================================================================================
1 2 3 4 5 6A 6B 7 8 9 10 11 12 13 14 15 16 17 18
12Z AVG MX 2MIN
DY MAX MIN AVG DEP HDD CDD WTR SNW DPTH SPD SPD DIR MIN PSBL S-S WX SPD DR
================================================================================
1 45 6 26 2 39 0 0.00 M M 7.9 20 150 M M 0 30 140
2 39 8 24 1 41 0 T M M 12.2 32 310 M M 4 1 42 300
3 29 1 15 -8 50 0 0.00 M M 4.3 13 150 M M 0 16 190
4 24 -1 12 -10 53 0 0.00 M M 2.9 9 150 M M 4 12 160
5 28 13 21 -1 44 0 0.00 M M 6.0 15 150 M M 7 12 20 150
6 34 6 20 -2 45 0 0.00 M M 4.5 12 120 M M 3 128 16 120
7 35 5 20 -1 45 0 0.00 M M 2.6 12 230 M M 0 16 290
8 31 -1 15 -6 50 0 0.00 M M 3.0 7 140 M M 0 10 150
9 32 2 17 -3 48 0 0.00 M M 3.4 14 300 M M 1 20 280
10 26 1 14 -6 51 0 0.00 M M 3.2 9 360 M M 0 11 120
11 41 7 24 4 41 0 0.00 M M 3.7 12 290 M M 1 15 290
12 30 17 24 4 41 0 0.03 M M 12.2 21 310 M M 8 1 27 320
13 21 11 16 -3 49 0 T M M 4.6 15 300 M M 7 8 19 290
14 30 8 19 0 46 0 T M M 9.5 32 340 M M 5 44 340
15 25 17 21 2 44 0 T M M 16.8 29 350 M M 3 40 340
16 24 4 14 -5 51 0 0.00 M M 5.2 24 350 M M 2 34 340
17 26 7 17 -2 48 0 0.00 M M 3.2 12 170 M M 3 16 150
18 18 -2 8 -10 57 0 0.00 M M 5.0 14 320 M M 0 17 320
19 12 -8 2 -16 63 0 0.00 M M 4.1 12 300 M M 1 14 300
20 10 -4 3 -15 62 0 0.00 M M 2.1 7 20 M M 1 10 300
21 6 -26 -10 -28 75 0 T M M 15.7 39 310 M M 8 18 54 320
22 -15 -36 -25 -43 90 0 T M M 3.8 8 140 M M 0 8 12 130
23 2 -27 -12 -30 77 0 0.00 M M 3.0 9 140 M M 5 13 120
24 20 -3 9 -9 56 0 0.00 M M 2.3 8 220 M M 4 9 290
25 29 7 18 0 47 0 T M M 3.7 14 330 M M 7 17 330
26 36 18 27 9 38 0 0.00 M M 3.4 8 350 M M 2 1 12 110
27 47 16 32 15 33 0 0.00 M M 5.1 13 130 M M 1 17 150
28 46 17 32 15 33 0 0.00 M M 3.6 12 230 M M 1 19 240
29 36 12 24 7 41 0 0.00 M M 3.1 9 240 M M 2 13 240
30 28 5 17 0 48 0 0.00 M M 3.1 8 180 M M 1 10 140
31 34 11 23 6 42 0 T M M 2.5 10 260 M M 6 1 11 260
================================================================================
SM 829 91 1548 0 0.03 M 165.7 M 87
================================================================================
AV 26.7 2.9 5.3 FASTST M M 3 MAX(MPH)
MISC ----> 39 310 54 320
================================================================================
NOTES:
# LAST OF SEVERAL OCCURRENCES
COLUMN 17 PEAK WIND IN M.P.H.
PRELIMINARY LOCAL CLIMATOLOGICAL DATA (WS FORM: F-6) , PAGE 2
STATION: GREYBULL WY
MONTH: DECEMBER
YEAR: 2022
LATITUDE: 44 30 N
LONGITUDE: 108 4 W
[TEMPERATURE DATA] [PRECIPITATION DATA] SYMBOLS USED IN COLUMN 16
AVERAGE MONTHLY: 14.8 TOTAL FOR MONTH: 0.03 1 = FOG OR MIST
DPTR FM NORMAL: -4.5 DPTR FM NORMAL: -0.08 2 = FOG REDUCING VISIBILITY
HIGHEST: 47 ON 27 GRTST 24HR 0.03 ON 12-12 TO 1/4 MILE OR LESS
LOWEST: -36 ON 22 3 = THUNDER
SNOW, ICE PELLETS, HAIL 4 = ICE PELLETS
TOTAL MONTH: M 5 = HAIL
GRTST 24HR M ON M 6 = FREEZING RAIN OR DRIZZLE
GRTST DEPTH: M ON M 7 = DUSTSTORM OR SANDSTORM:
VSBY 1/2 MILE OR LESS
8 = SMOKE OR HAZE
[NO. OF DAYS WITH] [WEATHER - DAYS WITH] 9 = BLOWING SNOW
X = TORNADO
MAX 32 OR BELOW: 21 0.01 INCH OR MORE: 1
MAX 90 OR ABOVE: 0 0.10 INCH OR MORE: 0
MIN 32 OR BELOW: 31 0.50 INCH OR MORE: 0
MIN 0 OR BELOW: 9 1.00 INCH OR MORE: 0
[HDD (BASE 65) ]
TOTAL THIS MO. 1548 CLEAR (SCALE 0-3) 19
DPTR FM NORMAL 133 PTCLDY (SCALE 4-7) 12
TOTAL FM JUL 1 3480 CLOUDY (SCALE 8-10) 0
DPTR FM NORMAL 286
[CDD (BASE 65) ]
TOTAL THIS MO. 0
DPTR FM NORMAL 0 [PRESSURE DATA]
TOTAL FM JAN 1 943 HIGHEST SLP 31.07 ON 22
DPTR FM NORMAL 199 LOWEST SLP 29.30 ON 27
[REMARKS]
#FINAL-12-22#