000
CXUS55 KRIW 011010
CF6GEY
PRELIMINARY LOCAL CLIMATOLOGICAL DATA (WS FORM: F-6)
STATION: GREYBULL WY
MONTH: JUNE
YEAR: 2021
LATITUDE: 44 30 N
LONGITUDE: 108 4 W
TEMPERATURE IN F: :PCPN: SNOW: WIND :SUNSHINE: SKY :PK WND
================================================================================
1 2 3 4 5 6A 6B 7 8 9 10 11 12 13 14 15 16 17 18
12Z AVG MX 2MIN
DY MAX MIN AVG DEP HDD CDD WTR SNW DPTH SPD SPD DIR MIN PSBL S-S WX SPD DR
================================================================================
1 82 58 70 7 0 5 0.00 M M 11.4 23 330 M M 0 29 320
2 89 51 70 7 0 5 0.00 M M 4.3 17 310 M M 0 24 310
3 95 54 75 12 0 10 0.00 M M 3.2 9 110 M M 0 15 100
4 98 56 77 13 0 12 T M M 5.8 25 10 M M 0 35 350
5 99 59 79 15 0 14 T M M 10.4 31 280 M M 0 42 250
6 88 59 74 10 0 9 0.00 M M 10.1 37 330 M M 0 48 340
7 89 55 72 8 0 7 0.00 M M 9.8 22 310 M M 0 28 300
8 95 59 77 12 0 12 0.00 M M 5.2 53 290 M M 0 79 290
9 96 56 76 11 0 11 0.00 M M 8.8 23 150 M M 0 35 140
10 95 54 75 10 0 10 T M M 16.2 39 290 M M 1 54 280
11 77 43 60 -6 5 0 0.00 M M 4.2 18 320 M M 0 24 320
12 M 46 M M M M 0.00 M M M M M M M M M M
13 M M M M M M 0.00 M M 5.3 20 310 M M 0 26 310
14 105 M M M M M 0.00 M M 5.3 20 180 M M 0 28 160
15 108 60 84 17 0 19 0.00 M M 6.6 17 260 M M 0 33 140
16 95 59 77 10 0 12 0.00 M M 9.7 23 300 M M 0 29 320
17 93 63 78 11 0 13 0.00 M M 8.3 18 340 M M 0 25 350
18 92 59 76 8 0 11 0.00 M M 6.3 18 310 M M 0 24 310
19 94 56 75 7 0 10 0.00 M M 9.2 35 340 M M 0 43 340
20 75 60 68 0 0 3 T M M 20.7 35 330 M M 6 45 340
21 81 51 66 -3 0 1 0.00 M M 5.6 14 280 M M 2 17 310
22 96 50 73 4 0 8 0.00 M M 4.0 13 360 M M 0 18 20
23 97 59 78 9 0 13 T M M 8.3 33 340 M M 0 52 340
24 89 58 74 4 0 9 T M M 7.3 28 330 M M 2 35 330
25 84 63 74 4 0 9 T M M 13.3 30 310 M M 4 42 320
26 82 60 71 1 0 6 T M M 12.4 36 330 M M 7 49 360
27 87 59 73 2 0 8 0.02 M M 10.2 31 340 M M 4 40 10
28 88 63 76 5 0 11 0.00 M M 8.4 18 340 M M 2 25 20
29 92 56 74 3 0 9 0.00 M M 5.4 14 180 M M 0 23 170
30 95 62 79 7 0 14 0.00 M M 6.0 13 160 M M 0 17 160
================================================================================
SM 2556 1588 5 251 0.02 M 241.7 M 28
================================================================================
AV 91.3 56.7 8.3 FASTST M M 1 MAX(MPH)
MISC ----> 53 290 79 290
================================================================================
NOTES:
# LAST OF SEVERAL OCCURRENCES
COLUMN 17 PEAK WIND IN M.P.H.
PRELIMINARY LOCAL CLIMATOLOGICAL DATA (WS FORM: F-6) , PAGE 2
STATION: GREYBULL WY
MONTH: JUNE
YEAR: 2021
LATITUDE: 44 30 N
LONGITUDE: 108 4 W
[TEMPERATURE DATA] [PRECIPITATION DATA] SYMBOLS USED IN COLUMN 16
AVERAGE MONTHLY: 74.0 TOTAL FOR MONTH: 0.02 1 = FOG OR MIST
DPTR FM NORMAL: 7.0 DPTR FM NORMAL: -1.06 2 = FOG REDUCING VISIBILITY
HIGHEST: 108 ON 15 GRTST 24HR 0.02 ON 26-27 TO 1/4 MILE OR LESS
LOWEST: 43 ON 11 3 = THUNDER
SNOW, ICE PELLETS, HAIL 4 = ICE PELLETS
TOTAL MONTH: M 5 = HAIL
GRTST 24HR M ON M 6 = FREEZING RAIN OR DRIZZLE
GRTST DEPTH: M ON M 7 = DUSTSTORM OR SANDSTORM:
VSBY 1/2 MILE OR LESS
8 = SMOKE OR HAZE
[NO. OF DAYS WITH] [WEATHER - DAYS WITH] 9 = BLOWING SNOW
X = TORNADO
MAX 32 OR BELOW: 0 0.01 INCH OR MORE: 1
MAX 90 OR ABOVE: 16 0.10 INCH OR MORE: 0
MIN 32 OR BELOW: 0 0.50 INCH OR MORE: 0
MIN 0 OR BELOW: 0 1.00 INCH OR MORE: 0
[HDD (BASE 65) ]
TOTAL THIS MO. 5 CLEAR (SCALE 0-3) 25
DPTR FM NORMAL -57 PTCLDY (SCALE 4-7) 4
TOTAL FM JUL 1 7375 CLOUDY (SCALE 8-10) 1
DPTR FM NORMAL -173
[CDD (BASE 65) ]
TOTAL THIS MO. 251
DPTR FM NORMAL 129 [PRESSURE DATA]
TOTAL FM JAN 1 258 HIGHEST SLP 30.14 ON 21
DPTR FM NORMAL 112 LOWEST SLP 29.38 ON 5
[REMARKS]
#FINAL-06-21#