000
CXUS54 KSHV 011300
CF6GGG
PRELIMINARY LOCAL CLIMATOLOGICAL DATA (WS FORM: F-6)
STATION: LONGVIEW
MONTH: MARCH
YEAR: 2022
LATITUDE: 32 22 N
LONGITUDE: 94 43 W
TEMPERATURE IN F: :PCPN: SNOW: WIND :SUNSHINE: SKY :PK WND
================================================================================
1 2 3 4 5 6A 6B 7 8 9 10 11 12 13 14 15 16 17 18
12Z AVG MX 2MIN
DY MAX MIN AVG DEP HDD CDD WTR SNW DPTH SPD SPD DIR MIN PSBL S-S WX SPD DR
================================================================================
1 73 30 52 -3 13 0 0.00 0.0 0 3.5 10 190 M M 0 13 200
2 77 37 57 2 8 0 0.00 0.0 0 3.2 12 180 M M 0 16 160
3 78 41 60 5 5 0 0.00 0.0 0 3.7 13 120 M M 0 16 140
4 78 45 62 6 3 0 0.00 0.0 0 7.8 21 180 M M 4 25 180
5 82 61 72 16 0 7 T 0.0 0 11.3 23 190 M M 8 28 180
6 84 69 77 21 0 12 T 0.0 0 12.7 23 160 M M 8 18 31 160
7 73 38 56 0 9 0 0.05 0.0 0 11.4 31 310 M M 8 39 290
8 41 36 39 -18 26 0 0.32 0.0 0 5.9 16 80 M M 7 1 22 70
9 56 30 43 -14 22 0 0.00 0.0 0 2.8 12 30 M M 3 1 15 330
10 68 34 51 -6 14 0 0.00 0.0 0 4.5 12 130 M M 1 15 60
11 51 32 42 -15 23 0 0.28 0.0 0 10.7 22 350 M M 8 138 28 350
12 55 23 39 -19 26 0 0.00 0.0 0 6.0 14 340 M M 0 18 340
13 66 30 48 -10 17 0 0.00 0.0 0 10.2 18 160 M M 1 24 170
14 73 46 60 2 5 0 0.96 0.0 0 12.2 28 280 M M 7 13 38 280
15 64 48 56 -2 9 0 0.03 0.0 0 5.4 15 270 M M 8 18 20 10
16 77 41 59 0 6 0 0.00 0.0 0 3.0 14 190 M M 1 18 21 160
17 79 50 65 6 0 0 0.07 0.0 0 10.3 21 160 M M 3 3 29 150
18 66 44 55 -4 10 0 0.00 0.0 0 12.9 28 300 M M 3 35 310
19 74 35 55 -5 10 0 0.00 0.0 0 4.0 16 310 M M 0 20 330
20 79 42 61 1 4 0 0.00 0.0 0 8.2 18 160 M M 0 22 170
21 70 53 62 2 3 0 0.92 0.0 0 12.4 18 160 M M 9 13 32 150
22 63 49 56 -4 9 0 1.26 0.0 0 9.9 21 280 M M 10 3 28 290
23 64 41 53 -7 12 0 0.00 0.0 0 11.7 26 300 M M 2 34 300
24 M 37 M M M M 0.00 0.0 0 3.3 7 350 M M 2 M M
25 M M M M M M 0.00 0.0 0 M M M M M M M M
26 84 M M M M M 0.00 0.0 0 7.4 17 230 M M 0 22 240
27 86 52 69 8 0 4 0.00 0.0 0 6.9 17 200 M M 0 1 23 200
28 84 60 72 10 0 7 0.00 0.0 0 10.3 21 180 M M 3 27 180
29 81 67 74 12 0 9 0.00 0.0 0 17.1 32 170 M M 5 42 170
30 74 45 60 -2 5 0 0.77 0.0 0 14.3 31 180 M M 6 1 43 180
31 70 39 55 -7 10 0 0.00 0.0 0 6.3 23 300 M M 1 29 300
================================================================================
SM 2070 1255 249 39 4.66 0.0 249.3 M 108
================================================================================
AV 71.4 43.3 8.3 FASTST M M 4 MAX(MPH)
MISC ----> 32 170 43 180
================================================================================
NOTES:
# LAST OF SEVERAL OCCURRENCES
COLUMN 17 PEAK WIND IN M.P.H.
PRELIMINARY LOCAL CLIMATOLOGICAL DATA (WS FORM: F-6) , PAGE 2
STATION: LONGVIEW
MONTH: MARCH
YEAR: 2022
LATITUDE: 32 22 N
LONGITUDE: 94 43 W
[TEMPERATURE DATA] [PRECIPITATION DATA] SYMBOLS USED IN COLUMN 16
AVERAGE MONTHLY: 57.3 TOTAL FOR MONTH: 4.66 1 = FOG OR MIST
DPTR FM NORMAL: -1.3 DPTR FM NORMAL: 0.21 2 = FOG REDUCING VISIBILITY
HIGHEST: 86 ON 27 GRTST 24HR 1.26 ON 22-22 TO 1/4 MILE OR LESS
LOWEST: 23 ON 12 3 = THUNDER
SNOW, ICE PELLETS, HAIL 4 = ICE PELLETS
TOTAL MONTH: 0.0 INCH 5 = HAIL
GRTST 24HR 0.0 6 = FREEZING RAIN OR DRIZZLE
GRTST DEPTH: 0 7 = DUSTSTORM OR SANDSTORM:
VSBY 1/2 MILE OR LESS
8 = SMOKE OR HAZE
[NO. OF DAYS WITH] [WEATHER - DAYS WITH] 9 = BLOWING SNOW
X = TORNADO
MAX 32 OR BELOW: 0 0.01 INCH OR MORE: 9
MAX 90 OR ABOVE: 0 0.10 INCH OR MORE: 6
MIN 32 OR BELOW: 5 0.50 INCH OR MORE: 4
MIN 0 OR BELOW: 0 1.00 INCH OR MORE: 1
[HDD (BASE 65) ]
TOTAL THIS MO. 249 CLEAR (SCALE 0-3) 16
DPTR FM NORMAL 14 PTCLDY (SCALE 4-7) 9
TOTAL FM JUL 1 1822 CLOUDY (SCALE 8-10) 6
DPTR FM NORMAL -222
[CDD (BASE 65) ]
TOTAL THIS MO. 39
DPTR FM NORMAL 2 [PRESSURE DATA]
TOTAL FM JAN 1 48 HIGHEST SLP 30.07 ON 28
DPTR FM NORMAL -5 LOWEST SLP 29.46 ON 30
[REMARKS]
#FINAL-03-22#