000
CXUS55 KGJT 010910
CF6GJT
PRELIMINARY LOCAL CLIMATOLOGICAL DATA (WS FORM: F-6)
STATION: GRAND JUNCTION CO
MONTH: SEPTEMBER
YEAR: 2021
LATITUDE: 39 7 N
LONGITUDE: 108 32 W
TEMPERATURE IN F: :PCPN: SNOW: WIND :SUNSHINE: SKY :PK WND
================================================================================
1 2 3 4 5 6A 6B 7 8 9 10 11 12 13 14 15 16 17 18
12Z AVG MX 2MIN
DY MAX MIN AVG DEP HDD CDD WTR SNW DPTH SPD SPD DIR MIN PSBL S-S WX SPD DR
================================================================================
1 78 60 69 -3 0 4 0.76 0.0 0 4.7 15 280 M M 8 1 22 290
2 78 61 70 -2 0 5 0.00 0.0 0 4.0 10 300 M M 4 1 15 330
3 83 59 71 -1 0 6 T 0.0 0 7.0 14 190 M M 0 3 21 230
4 87 58 73 1 0 8 0.00 0.0 0 6.5 14 290 M M 1 18 300
5 89 53 71 0 0 6 0.00 0.0 0 6.5 16 130 M M 0 18 130
6 90 54 72 1 0 7 0.00 0.0 0 6.9 14 130 M M 0 16 120
7 92 57 75 4 0 10 0.00 0.0 0 7.4 18 130 M M 0 8 21 130
8 93 57 75 5 0 10 0.00 0.0 0 8.4 17 130 M M 0 20 120
9 94 54 74 4 0 9 0.00 0.0 0 7.4 17 100 M M 0 21 100
10 94 57 76 6 0 11 0.00 0.0 0 7.5 17 110 M M 0 20 300
11 92 60 76 7 0 11 0.04 0.0 0 8.1 26 160 M M 1 3 42 160
12 87 57 72 3 0 7 0.03 0.0 0 6.9 22 250 M M 1 32 260
13 91 63 77 9 0 12 0.00 0.0 0 9.2 18 290 M M 2 26 290
14 89 59 74 6 0 9 0.00 0.0 0 5.6 17 300 M M 0 24 330
15 89 56 73 5 0 8 0.00 0.0 0 8.5 16 320 M M 0 22 310
16 89 55 72 5 0 7 0.00 0.0 0 8.6 22 300 M M 0 30 300
17 87 58 73 6 0 8 0.00 0.0 0 9.5 18 300 M M 0 24 290
18 85 55 70 4 0 5 0.02 0.0 0 12.8 43 230 M M 4 38 57 240
19 81 56 69 3 0 4 0.00 0.0 0 9.4 22 140 M M 6 30 140
20 72 50 61 -4 4 0 0.00 0.0 0 9.5 22 50 M M 0 31 50
21 72 49 61 -4 4 0 0.00 0.0 0 7.6 29 40 M M 0 39 30
22 78 43 61 -3 4 0 0.00 0.0 0 7.2 14 120 M M 0 17 310
23 81 49 65 1 0 0 0.00 0.0 0 9.4 17 120 M M 0 23 310
24 84 47 66 2 0 1 0.00 0.0 0 6.2 15 130 M M 0 18 140
25 85 48 67 4 0 2 0.00 0.0 0 7.4 16 320 M M 0 21 320
26 80 51 66 3 0 1 0.00 0.0 0 7.3 17 300 M M 0 20 290
27 83 50 67 5 0 2 0.00 0.0 0 6.0 15 140 M M 0 18 110
28 75 57 66 4 0 1 0.09 0.0 0 10.9 26 50 M M 3 3 33 50
29 64 51 58 -3 7 0 0.82 0.0 0 5.6 22 270 M M 8 13 30 270
30 65 50 58 -3 7 0 0.13 0.0 0 3.7 18 110 M M 8 1 24 120
================================================================================
SM 2507 1634 26 154 1.89 0.0 225.7 M 46
================================================================================
AV 83.6 54.5 7.5 FASTST M M 2 MAX(MPH)
MISC ----> 43 230 57 240
================================================================================
NOTES:
# LAST OF SEVERAL OCCURRENCES
COLUMN 17 PEAK WIND IN M.P.H.
PRELIMINARY LOCAL CLIMATOLOGICAL DATA (WS FORM: F-6) , PAGE 2
STATION: GRAND JUNCTION CO
MONTH: SEPTEMBER
YEAR: 2021
LATITUDE: 39 7 N
LONGITUDE: 108 32 W
[TEMPERATURE DATA] [PRECIPITATION DATA] SYMBOLS USED IN COLUMN 16
AVERAGE MONTHLY: 69.0 TOTAL FOR MONTH: 1.89 1 = FOG OR MIST
DPTR FM NORMAL: 1.9 DPTR FM NORMAL: 0.70 2 = FOG REDUCING VISIBILITY
HIGHEST: 94 ON 10, 9 GRTST 24HR 0.90 ON 28-29 TO 1/4 MILE OR LESS
LOWEST: 43 ON 22 3 = THUNDER
SNOW, ICE PELLETS, HAIL 4 = ICE PELLETS
TOTAL MONTH: 0.0 INCH 5 = HAIL
GRTST 24HR 0.0 6 = FREEZING RAIN OR DRIZZLE
GRTST DEPTH: 0 7 = DUSTSTORM OR SANDSTORM:
VSBY 1/2 MILE OR LESS
8 = SMOKE OR HAZE
[NO. OF DAYS WITH] [WEATHER - DAYS WITH] 9 = BLOWING SNOW
X = TORNADO
MAX 32 OR BELOW: 0 0.01 INCH OR MORE: 7
MAX 90 OR ABOVE: 7 0.10 INCH OR MORE: 3
MIN 32 OR BELOW: 0 0.50 INCH OR MORE: 2
MIN 0 OR BELOW: 0 1.00 INCH OR MORE: 0
[HDD (BASE 65) ]
TOTAL THIS MO. 26 CLEAR (SCALE 0-3) 23
DPTR FM NORMAL -33 PTCLDY (SCALE 4-7) 7
TOTAL FM JUL 1 35 CLOUDY (SCALE 8-10) 0
DPTR FM NORMAL -23
[CDD (BASE 65) ]
TOTAL THIS MO. 154
DPTR FM NORMAL 32 [PRESSURE DATA]
TOTAL FM JAN 1 1498 HIGHEST SLP M ON M
DPTR FM NORMAL 270 LOWEST SLP 29.57 ON 1
[REMARKS]
#FINAL-09-21#