000
CXUS55 KGJT 010910
CF6GJT
PRELIMINARY LOCAL CLIMATOLOGICAL DATA (WS FORM: F-6)
STATION: GRAND JUNCTION CO
MONTH: APRIL
YEAR: 2021
LATITUDE: 39 7 N
LONGITUDE: 108 32 W
TEMPERATURE IN F: :PCPN: SNOW: WIND :SUNSHINE: SKY :PK WND
================================================================================
1 2 3 4 5 6A 6B 7 8 9 10 11 12 13 14 15 16 17 18
12Z AVG MX 2MIN
DY MAX MIN AVG DEP HDD CDD WTR SNW DPTH SPD SPD DIR MIN PSBL S-S WX SPD DR
================================================================================
1 66 26 46 -2 19 0 0.00 0.0 0 5.6 16 300 M M 0 20 300
2 76 37 57 9 8 0 0.00 0.0 0 6.2 15 100 M M 0 19 290
3 80 41 61 13 4 0 0.00 0.0 0 8.5 16 250 M M 0 23 290
4 81 43 62 14 3 0 0.00 0.0 0 8.9 22 250 M M 0 29 270
5 81 48 65 16 0 0 0.00 0.0 0 11.2 26 270 M M 0 37 270
6 60 38 49 0 16 0 0.00 0.0 0 10.5 29 270 M M 3 41 250
7 63 31 47 -2 18 0 0.00 0.0 0 7.5 17 310 M M 0 24 320
8 73 39 56 7 9 0 0.00 0.0 0 9.8 26 250 M M 1 36 240
9 63 35 49 -1 16 0 0.00 0.0 0 8.0 24 40 M M 0 31 50
10 72 30 51 1 14 0 0.00 0.0 0 8.6 24 230 M M 0 8 36 250
11 73 36 55 5 10 0 0.00 0.0 0 8.9 24 250 M M 0 33 260
12 68 29 49 -1 16 0 0.00 0.0 0 7.6 23 310 M M 0 32 320
13 65 42 54 3 11 0 0.03 0.0 0 6.7 23 150 M M 5 39 180
14 74 41 58 7 7 0 0.00 0.0 0 13.8 36 200 M M 1 50 200
15 48 34 41 -10 24 0 0.26 T 0 6.9 26 290 M M 8 1 34 290
16 51 31 41 -11 24 0 0.00 0.0 0 5.9 16 30 M M 4 22 40
17 57 35 46 -6 19 0 0.00 0.0 0 9.2 28 40 M M 4 34 40
18 63 29 46 -6 19 0 0.00 0.0 0 6.2 15 260 M M 1 22 270
19 70 33 52 -1 13 0 0.00 0.0 0 13.6 43 320 M M 2 55 320
20 54 23 39 -14 26 0 0.00 0.0 0 5.4 16 290 M M 1 20 290
21 65 32 49 -4 16 0 0.00 0.0 0 5.5 18 80 M M 2 24 60
22 65 42 54 0 11 0 T 0.0 0 8.6 24 310 M M 2 36 320
23 65 40 53 -1 12 0 0.00 0.0 0 10.5 31 320 M M 1 41 310
24 73 36 55 1 10 0 0.00 0.0 0 8.9 23 270 M M 1 29 250
25 80 46 63 8 2 0 0.00 0.0 0 13.5 29 180 M M 0 44 230
26 69 53 61 6 4 0 0.00 0.0 0 15.9 31 180 M M 2 41 180
27 59 36 48 -7 17 0 0.01 0.0 0 8.0 24 300 M M 7 3 31 300
28 71 34 53 -3 12 0 0.00 0.0 0 7.4 20 340 M M 3 27 10
29 78 40 59 3 6 0 0.00 0.0 0 6.2 14 270 M M 0 21 290
30 84 47 66 10 0 1 0.00 0.0 0 7.3 17 110 M M 0 20 270
================================================================================
SM 2047 1107 366 1 0.30 T 260.8 M 48
================================================================================
AV 68.2 36.9 8.7 FASTST M M 2 MAX(MPH)
MISC ----> 43 320 55 320
================================================================================
NOTES:
# LAST OF SEVERAL OCCURRENCES
COLUMN 17 PEAK WIND IN M.P.H.
PRELIMINARY LOCAL CLIMATOLOGICAL DATA (WS FORM: F-6) , PAGE 2
STATION: GRAND JUNCTION CO
MONTH: APRIL
YEAR: 2021
LATITUDE: 39 7 N
LONGITUDE: 108 32 W
[TEMPERATURE DATA] [PRECIPITATION DATA] SYMBOLS USED IN COLUMN 16
AVERAGE MONTHLY: 52.6 TOTAL FOR MONTH: 0.30 1 = FOG OR MIST
DPTR FM NORMAL: 0.9 DPTR FM NORMAL: -0.61 2 = FOG REDUCING VISIBILITY
HIGHEST: 84 ON 30 GRTST 24HR 0.26 ON 15-15 TO 1/4 MILE OR LESS
LOWEST: 23 ON 20 3 = THUNDER
SNOW, ICE PELLETS, HAIL 4 = ICE PELLETS
TOTAL MONTH: T 5 = HAIL
GRTST 24HR T ON 15-15 6 = FREEZING RAIN OR DRIZZLE
GRTST DEPTH: 0 7 = DUSTSTORM OR SANDSTORM:
VSBY 1/2 MILE OR LESS
8 = SMOKE OR HAZE
[NO. OF DAYS WITH] [WEATHER - DAYS WITH] 9 = BLOWING SNOW
X = TORNADO
MAX 32 OR BELOW: 0 0.01 INCH OR MORE: 3
MAX 90 OR ABOVE: 0 0.10 INCH OR MORE: 1
MIN 32 OR BELOW: 8 0.50 INCH OR MORE: 0
MIN 0 OR BELOW: 0 1.00 INCH OR MORE: 0
[HDD (BASE 65) ]
TOTAL THIS MO. 366 CLEAR (SCALE 0-3) 25
DPTR FM NORMAL -36 PTCLDY (SCALE 4-7) 5
TOTAL FM JUL 1 5283 CLOUDY (SCALE 8-10) 0
DPTR FM NORMAL -151
[CDD (BASE 65) ]
TOTAL THIS MO. 1
DPTR FM NORMAL -2 [PRESSURE DATA]
TOTAL FM JAN 1 1 HIGHEST SLP M ON M
DPTR FM NORMAL -2 LOWEST SLP 29.35 ON 5
[REMARKS]
#FINAL-04-21#