000
CXUS53 KGLD 040755
CF6GLD
PRELIMINARY LOCAL CLIMATOLOGICAL DATA (WS FORM: F-6)
STATION: GOODLAND KS
MONTH: JULY
YEAR: 2021
LATITUDE: 39 22 N
LONGITUDE: 101 42 W
TEMPERATURE IN F: :PCPN: SNOW: WIND :SUNSHINE: SKY :PK WND
================================================================================
1 2 3 4 5 6A 6B 7 8 9 10 11 12 13 14 15 16 17 18
12Z AVG MX 2MIN
DY MAX MIN AVG DEP HDD CDD WTR SNW DPTH SPD SPD DIR MIN PSBL S-S WX SPD DR
================================================================================
1 78 62 70 -5 0 5 0.27 0.0 0 9.1 22 120 M M 7 1 26 120
2 83 57 70 -5 0 5 0.00 0.0 0 9.3 17 160 M M 2 1 26 150
3 89 60 75 0 0 10 0.04 0.0 0 14.2 24 170 M M 2 1 32 170
4 92 59 76 1 0 11 0.15 0.0 0 8.4 26 150 M M 1 13 37 150
5 89 59 74 -1 0 9 0.00 0.0 0 8.2 20 150 M M 0 1 30 150
6 89 64 77 1 0 12 0.12 0.0 0 8.1 18 10 M M 3 13 23 90
7 85 61 73 -3 0 8 0.00 0.0 0 7.3 15 190 M M 3 1 21 200
8 96 59 78 2 0 13 0.06 0.0 0 16.3 30 190 M M 0 3 41 190
9 101 65 83 7 0 18 T 0.0 0 10.2 37 180 M M 1 38 58 170
10 87 56 72 -4 0 7 0.00 0.0 0 13.0 29 350 M M 1 44 350
11 84 52 68 -8 0 3 0.00 0.0 0 8.3 15 40 M M 0 8 22 50
12 89 50 70 -6 0 5 0.00 0.0 0 9.6 17 180 M M 0 23 200
13 96 60 78 2 0 13 0.00 0.0 0 13.2 22 190 M M 0 3 33 170
14 86 63 75 -1 0 10 0.00 0.0 0 8.3 18 50 M M 2 28 230
15 85 60 73 -3 0 8 0.00 0.0 0 7.1 13 100 M M 5 1 18 120
16 90 60 75 -1 0 10 0.00 0.0 0 11.5 39 210 M M 3 123 55 220
17 90 57 74 -2 0 9 0.00 0.0 0 9.9 18 160 M M 1 8 26 160
18 89 62 76 0 0 11 0.98 T 0 8.0 33 230 M M 1 1235 44 240
19 88 58 73 -3 0 8 0.00 0.0 0 7.3 16 120 M M 0 1 19 120
20 85 58 72 -4 0 7 0.00 0.0 0 11.4 21 160 M M 0 1 28 150
21 88 58 73 -3 0 8 0.00 0.0 0 16.6 25 160 M M 0 33 150
22 94 62 78 2 0 13 0.00 0.0 0 13.3 21 150 M M 0 26 160
23 95 63 79 3 0 14 0.00 0.0 0 12.3 24 190 M M 0 31 200
24 94 65 80 4 0 15 0.00 0.0 0 10.1 21 30 M M 2 29 40
25 88 63 76 0 0 11 0.00 0.0 0 10.3 32 120 M M 3 1 41 120
26 93 60 77 1 0 12 0.00 0.0 0 9.2 17 160 M M 0 1 26 160
27 95 60 78 2 0 13 0.00 0.0 0 9.1 20 160 M M 0 28 150
28 100 67 84 8 0 19 0.00 0.0 0 12.9 24 160 M M 0 32 160
29 100 68 84 8 0 19 0.00 0.0 0 10.2 18 120 M M 0 26 150
30 98 67 83 7 0 18 0.00 0.0 0 11.4 21 170 M M 1 28 190
31 82 66 74 -2 0 9 0.00 0.0 0 13.1 28 40 M M 6 18 35 40
================================================================================
SM 2798 1881 0 333 1.62 T 327.2 M 44
================================================================================
AV 90.3 60.7 10.6 FASTST M M 1 MAX(MPH)
MISC ----> 39 210 58 170
================================================================================
NOTES:
# LAST OF SEVERAL OCCURRENCES
COLUMN 17 PEAK WIND IN M.P.H.
PRELIMINARY LOCAL CLIMATOLOGICAL DATA (WS FORM: F-6) , PAGE 2
STATION: GOODLAND KS
MONTH: JULY
YEAR: 2021
LATITUDE: 39 22 N
LONGITUDE: 101 42 W
[TEMPERATURE DATA] [PRECIPITATION DATA] SYMBOLS USED IN COLUMN 16
AVERAGE MONTHLY: 75.5 TOTAL FOR MONTH: 1.62 1 = FOG OR MIST
DPTR FM NORMAL: -0.6 DPTR FM NORMAL: -1.46 2 = FOG REDUCING VISIBILITY
HIGHEST: 101 ON 9 GRTST 24HR 0.98 ON 18-18 TO 1/4 MILE OR LESS
LOWEST: 50 ON 12 3 = THUNDER
SNOW, ICE PELLETS, HAIL 4 = ICE PELLETS
TOTAL MONTH: T 5 = HAIL
GRTST 24HR T ON 18-18 6 = FREEZING RAIN OR DRIZZLE
GRTST DEPTH: 0 7 = DUSTSTORM OR SANDSTORM:
VSBY 1/2 MILE OR LESS
8 = SMOKE OR HAZE
[NO. OF DAYS WITH] [WEATHER - DAYS WITH] 9 = BLOWING SNOW
X = TORNADO
MAX 32 OR BELOW: 0 0.01 INCH OR MORE: 6
MAX 90 OR ABOVE: 14 0.10 INCH OR MORE: 4
MIN 32 OR BELOW: 0 0.50 INCH OR MORE: 1
MIN 0 OR BELOW: 0 1.00 INCH OR MORE: 0
[HDD (BASE 65) ]
TOTAL THIS MO. 0 CLEAR (SCALE 0-3) 26
DPTR FM NORMAL -3 PTCLDY (SCALE 4-7) 5
TOTAL FM JUL 1 0 CLOUDY (SCALE 8-10) 0
DPTR FM NORMAL 0
[CDD (BASE 65) ]
TOTAL THIS MO. 333
DPTR FM NORMAL -13 [PRESSURE DATA]
TOTAL FM JAN 1 615 HIGHEST SLP 30.19 ON 31
DPTR FM NORMAL 22 LOWEST SLP 29.67 ON 9
[REMARKS]
#FINAL-07-21#