000
CXUS53 KGLD 040909
CLMGLD
CLIMATE REPORT
NATIONAL WEATHER SERVICE
309 AM MDT WED OCT 04 2023
...................................
...THE GOODLAND KS CLIMATE SUMMARY FOR THE MONTH OF SEPTEMBER 2023...
CLIMATE NORMAL PERIOD: 1991 TO 2020
CLIMATE RECORD PERIOD: 1895 TO 2023
WEATHER OBSERVED NORMAL DEPART LAST YEAR`S
VALUE DATE(S) VALUE FROM VALUE DATE(S)
NORMAL
................................................................
TEMPERATURE (F)
RECORD
HIGH 105 09/02/1939
LOW 19 09/30/1985
HIGHEST 100 09/01 95 5 101 09/08
09/02
LOWEST 40 09/24 35 5 40 09/11
AVG. MAXIMUM 85.3 80.1 5.2 86.0
AVG. MINIMUM 51.7 50.6 1.1 52.6
MEAN 68.5 65.3 3.2 69.3
DAYS MAX >= 90 9 6.4 2.6 12
DAYS MAX <= 32 0 0.0 0.0 0
DAYS MIN <= 32 0 0.4 -0.4 0
DAYS MIN <= 0 0 0.0 0.0 0
PRECIPITATION (INCHES)
RECORD
MAXIMUM 6.49 2013
MINIMUM 0.01 1992
1922
TOTALS TR 1.40 -1.40 0.65
DAILY AVG. T 0.05 -0.05 0.02
DAYS >= .01 0 5.5 -5.5 5
DAYS >= .10 0 2.8 -2.8 2
DAYS >= .50 0 0.8 -0.8 0
DAYS >= 1.00 0 0.3 -0.3 0
GREATEST
24 HR. TOTAL T 09/10 TO 09/10 0.62
STORM TOTAL T
SNOWFALL (INCHES)
RECORDS
TOTAL 5.8 1995
TOTALS 0.0 0.2 -0.2 0.0
SINCE 7/1 T 0.2 -0.2 T
SNOWDEPTH AVG. 0 0
DAYS >= 1.0 0 0.1 -0.1 0
GREATEST
SNOW DEPTH 0 0
DEGREE DAYS
HEATING TOTAL 26 100 -74 54
SINCE 7/1 28 112 -84 54
COOLING TOTAL 139 110 29 191
SINCE 1/1 938 979 -41 1341
................................................................
WIND (MPH)
AVERAGE WIND SPEED 9.8
HIGHEST WIND SPEED/DIRECTION 33/350 DATE 09/04
33/170 09/30
HIGHEST GUST SPEED/DIRECTION 52/350 DATE 09/04
SKY COVER
AVERAGE SKY COVER 0.13
AVERAGE RH (PERCENT) 55
WEATHER CONDITIONS. NUMBER OF DAYS WITH
THUNDERSTORM 1 MIXED PRECIP 0
HEAVY RAIN 0 RAIN 0
LIGHT RAIN 2 FREEZING RAIN 0
LT FREEZING RAIN 0 HAIL 0
HEAVY SNOW 0 SNOW 0
LIGHT SNOW 0 SLEET 0
FOG 7 FOG W/VIS <= 1/4 MILE 1
HAZE 7
- INDICATES NEGATIVE NUMBERS.
R INDICATES RECORD WAS SET OR TIED.
MM INDICATES DATA IS MISSING.
T INDICATES TRACE AMOUNT.
$$