000
CXUS54 KFWD 072133
CF6GLE
PRELIMINARY LOCAL CLIMATOLOGICAL DATA (WS FORM: F-6)
STATION: GAINESVILLE
MONTH: MARCH
YEAR: 2022
LATITUDE: 33 39 N
LONGITUDE: 97 12 W
TEMPERATURE IN F: :PCPN: SNOW: WIND :SUNSHINE: SKY :PK WND
================================================================================
1 2 3 4 5 6A 6B 7 8 9 10 11 12 13 14 15 16 17 18
12Z AVG MX 2MIN
DY MAX MIN AVG DEP HDD CDD WTR SNW DPTH SPD SPD DIR MIN PSBL S-S WX SPD DR
================================================================================
1 73 35 54 5 11 0 0.00 M M 2.9 9 170 M M 0 M M
2 76 34 55 5 10 0 0.00 M M 1.9 8 150 M M 0 M M
3 77 42 60 10 5 0 0.00 M M 3.7 10 170 M M 0 M M
4 70 49 60 10 5 0 0.00 M M 9.4 17 160 M M 4 22 190
5 80 60 70 20 0 5 0.00 M M 13.2 23 190 M M 6 30 200
6 63 35 49 -2 16 0 0.22 M M 9.2 23 330 M M 9 18 30 330
7 47 32 40 -11 25 0 0.00 M M 11.9 18 350 M M 3 25 350
8 43 29 36 -15 29 0 0.00 M M 3.9 8 40 M M 4 21 10
9 57 22 40 -12 25 0 0.00 M M 3.5 9 140 M M 0 M M
10 63 33 48 -4 17 0 0.00 M M 7.9 16 10 M M 0 24 350
11 37 26 32 -20 33 0 0.00 M M 15.4 21 10 M M 7 29 360
12 56 20 38 -14 27 0 0.00 M M 5.5 13 270 M M 0 16 270
13 65 32 49 -4 16 0 0.00 M M 13.0 22 180 M M 0 30 180
14 71 46 59 6 6 0 0.04 M M 12.5 18 160 M M 6 29 130
15 71 44 58 5 7 0 0.00 M M 8.5 16 330 M M 2 21 330
16 78 40 59 5 6 0 0.00 M M 7.2 17 190 M M 0 1 23 190
17 76 53 65 11 0 0 0.00 M M 16.6 29 180 M M 2 36 160
18 63 39 51 -3 14 0 0.00 M M 16.8 26 300 M M 6 35 300
19 74 32 53 -1 12 0 0.00 M M 3.4 12 230 M M 0 20 220
20 78 44 61 6 4 0 0.00 M M 10.7 22 170 M M 1 29 150
21 66 53 60 5 5 0 0.16 M M 14.3 20 150 M M 8 1 26 150
22 54 43 49 -6 16 0 0.00 M M 13.0 22 320 M M 7 1 29 320
23 59 38 49 -7 16 0 0.00 M M 13.9 23 320 M M 3 33 320
24 65 33 49 -7 16 0 0.00 M M 7.2 17 300 M M 1 24 300
25 78 35 57 1 8 0 0.00 M M 2.3 9 50 M M 0 M M
26 80 44 62 5 3 0 0.00 M M 6.1 10 60 M M 0 M M
27 84 47 66 9 0 1 0.00 M M 6.8 12 160 M M 0 17 160
28 83 53 68 11 0 3 0.00 M M 11.8 17 160 M M 0 26 160
29 78 64 71 13 0 6 0.00 M M 20.6 28 170 M M 4 38 170
30 72 41 57 -1 8 0 0.30 M M 12.1 23 320 M M 5 39 220
31 66 39 53 -5 12 0 0.00 M M 8.1 17 320 M M 2 28 310
================================================================================
SM 2103 1237 352 15 0.72 M 293.3 M 80
================================================================================
AV 67.8 39.9 9.5 FASTST M M 3 MAX(MPH)
MISC ----> 29 180 39 220
================================================================================
NOTES:
# LAST OF SEVERAL OCCURRENCES
COLUMN 17 PEAK WIND IN M.P.H.
PRELIMINARY LOCAL CLIMATOLOGICAL DATA (WS FORM: F-6) , PAGE 2
STATION: GAINESVILLE
MONTH: MARCH
YEAR: 2022
LATITUDE: 33 39 N
LONGITUDE: 97 12 W
[TEMPERATURE DATA] [PRECIPITATION DATA] SYMBOLS USED IN COLUMN 16
AVERAGE MONTHLY: 53.9 TOTAL FOR MONTH: 0.72 1 = FOG OR MIST
DPTR FM NORMAL: 0.3 DPTR FM NORMAL: -2.91 2 = FOG REDUCING VISIBILITY
HIGHEST: 84 ON 27 GRTST 24HR 0.30 ON 30-30 TO 1/4 MILE OR LESS
LOWEST: 20 ON 12 3 = THUNDER
SNOW, ICE PELLETS, HAIL 4 = ICE PELLETS
TOTAL MONTH: M 5 = HAIL
GRTST 24HR M ON M 6 = FREEZING RAIN OR DRIZZLE
GRTST DEPTH: M ON M 7 = DUSTSTORM OR SANDSTORM:
VSBY 1/2 MILE OR LESS
8 = SMOKE OR HAZE
[NO. OF DAYS WITH] [WEATHER - DAYS WITH] 9 = BLOWING SNOW
X = TORNADO
MAX 32 OR BELOW: 0 0.01 INCH OR MORE: 4
MAX 90 OR ABOVE: 0 0.10 INCH OR MORE: 3
MIN 32 OR BELOW: 7 0.50 INCH OR MORE: 0
MIN 0 OR BELOW: 0 1.00 INCH OR MORE: 0
[HDD (BASE 65) ]
TOTAL THIS MO. 352 CLEAR (SCALE 0-3) 20
DPTR FM NORMAL -13 PTCLDY (SCALE 4-7) 9
TOTAL FM JUL 1 2355 CLOUDY (SCALE 8-10) 2
DPTR FM NORMAL -383
[CDD (BASE 65) ]
TOTAL THIS MO. 15
DPTR FM NORMAL 3 [PRESSURE DATA]
TOTAL FM JAN 1 15 HIGHEST SLP M ON M
DPTR FM NORMAL 1 LOWEST SLP M ON M
[REMARKS]
#FINAL-03-22#