000
CXUS54 KFWD 020337
CF6GLE
PRELIMINARY LOCAL CLIMATOLOGICAL DATA (WS FORM: F-6)
STATION: GAINESVILLE
MONTH: FEBRUARY
YEAR: 2020
LATITUDE: 33 39 N
LONGITUDE: 97 12 W
TEMPERATURE IN F: :PCPN: SNOW: WIND :SUNSHINE: SKY :PK WND
================================================================================
1 2 3 4 5 6A 6B 7 8 9 10 11 12 13 14 15 16 17 18
12Z AVG MX 2MIN
DY MAX MIN AVG DEP HDD CDD WTR SNW DPTH SPD SPD DIR MIN PSBL S-S WX SPD DR
================================================================================
1 66 29 48 4 17 0 0.00 0.0 0 2.8 9 310 M M 0 17 310
2 80 36 58 14 7 0 0.00 0.0 0 7.9 15 210 M M 0 21 210
3 69 50 60 16 5 0 0.07 0.0 0 11.1 21 180 M M 5 29 200
4 63 35 49 5 16 0 0.13 M 0 14.0 20 340 M M 10 1 23 340
5 35 30 33 -11 32 0 0.33 M 0 14.2 18 340 M M 10 25 340
6 42 24 33 -12 32 0 0.00 0.0 M 8.3 14 280 M M 0 20 290
7 55 28 42 -3 23 0 0.00 0.0 0 3.5 10 320 M M 3 10 360
8 61 33 47 2 18 0 0.00 0.0 0 6.2 15 140 M M 5 17 140
9 71 50 61 16 4 0 0.30 0.0 0 14.9 22 310 M M 10 30 310
10 50 37 44 -1 21 0 0.41 0.0 0 11.2 18 350 M M 8 28 350
11 42 38 40 -6 25 0 0.11 0.0 0 10.3 14 30 M M 10 20 30
12 44 37 41 -5 24 0 0.79 0.0 0 6.1 12 300 M M 9 M M
13 43 30 37 -9 28 0 0.00 0.0 0 9.9 17 360 M M 5 23 360
14 48 22 35 -11 30 0 0.00 0.0 0 5.7 9 140 M M 1 13 170
15 62 35 49 3 16 0 0.00 0.0 0 10.5 20 180 M M 0 25 170
16 72 40 56 10 9 0 0.00 0.0 0 3.7 10 180 M M 4 18 220
17 77 51 64 17 1 0 0.00 0.0 0 9.8 16 200 M M 2 1 21 200
18 57 42 50 3 15 0 0.00 0.0 0 13.1 24 20 M M 5 32 20
19 55 34 45 -2 20 0 0.03 0.0 0 7.2 10 70 M M 4 M M
20 52 32 42 -5 23 0 0.07 0.0 0 10.3 20 10 M M 6 27 10
21 47 23 35 -13 30 0 0.00 0.0 0 4.4 8 10 M M 0 M M
22 60 37 49 1 16 0 0.00 0.0 0 10.5 18 200 M M 0 25 160
23 59 44 52 4 13 0 0.00 0.0 0 10.4 20 190 M M 6 25 190
24 62 40 51 3 14 0 0.00 0.0 0 14.8 25 280 M M 3 35 280
25 58 38 48 0 17 0 0.00 0.0 0 11.6 20 340 M M 2 29 340
26 47 28 38 -11 27 0 M 0.0 0 15.0 25 350 M M 5 32 350
27 61 24 43 -6 22 0 0.00 0.0 0 6.1 16 200 M M 0 21 220
28 66 32 49 0 16 0 0.00 0.0 0 5.0 10 310 M M 0 M M
29 76 38 57 8 8 0 0.00 0.0 0 8.6 24 180 M M 0 33 180
================================================================================
SM 1680 1017 529 0 2.24 0.0 267.1 M 113
================================================================================
AV 57.9 35.1 9.2 FASTST M M 4 MAX(MPH)
MISC ----> # 25 280 # 35 280
================================================================================
NOTES:
# LAST OF SEVERAL OCCURRENCES
COLUMN 17 PEAK WIND IN M.P.H.
PRELIMINARY LOCAL CLIMATOLOGICAL DATA (WS FORM: F-6) , PAGE 2
STATION: GAINESVILLE
MONTH: FEBRUARY
YEAR: 2020
LATITUDE: 33 39 N
LONGITUDE: 97 12 W
[TEMPERATURE DATA] [PRECIPITATION DATA] SYMBOLS USED IN COLUMN 16
AVERAGE MONTHLY: 46.5 TOTAL FOR MONTH: 2.24 1 = FOG OR MIST
DPTR FM NORMAL: 0.2 DPTR FM NORMAL: -0.46 2 = FOG REDUCING VISIBILITY
HIGHEST: 80 ON 2 GRTST 24HR 0.79 ON 12-12 TO 1/4 MILE OR LESS
LOWEST: 22 ON 14 3 = THUNDER
SNOW, ICE PELLETS, HAIL 4 = ICE PELLETS
TOTAL MONTH: 0.0 INCH 5 = HAIL
GRTST 24HR 0.0 6 = FREEZING RAIN OR DRIZZLE
GRTST DEPTH: 0 7 = DUSTSTORM OR SANDSTORM:
VSBY 1/2 MILE OR LESS
8 = SMOKE OR HAZE
[NO. OF DAYS WITH] [WEATHER - DAYS WITH] 9 = BLOWING SNOW
X = TORNADO
MAX 32 OR BELOW: 0 0.01 INCH OR MORE: 9
MAX 90 OR ABOVE: 0 0.10 INCH OR MORE: 6
MIN 32 OR BELOW: 11 0.50 INCH OR MORE: 1
MIN 0 OR BELOW: 0 1.00 INCH OR MORE: 0
[HDD (BASE 65) ]
TOTAL THIS MO. 529 CLEAR (SCALE 0-3) 14
DPTR FM NORMAL 3 PTCLDY (SCALE 4-7) 9
TOTAL FM JUL 1 2213 CLOUDY (SCALE 8-10) 6
DPTR FM NORMAL -176
[CDD (BASE 65) ]
TOTAL THIS MO. 0
DPTR FM NORMAL -2 [PRESSURE DATA]
TOTAL FM JAN 1 0 HIGHEST SLP M ON M
DPTR FM NORMAL -2 LOWEST SLP M ON M
[REMARKS]
#FINAL-02-20#