000
CXUS54 KHGX 010719
CF6GLS
PRELIMINARY LOCAL CLIMATOLOGICAL DATA (WS FORM: F-6)
STATION: GALVESTON
MONTH: MARCH
YEAR: 2020
LATITUDE: 29 16 N
LONGITUDE: 94 52 W
TEMPERATURE IN F: :PCPN: SNOW: WIND :SUNSHINE: SKY :PK WND
================================================================================
1 2 3 4 5 6A 6B 7 8 9 10 11 12 13 14 15 16 17 18
12Z AVG MX 2MIN
DY MAX MIN AVG DEP HDD CDD WTR SNW DPTH SPD SPD DIR MIN PSBL S-S WX SPD DR
================================================================================
1 69 64 67 7 0 2 0.00 0.0 0 15.3 20 150 M M 7 24 170
2 75 66 71 11 0 6 0.00 0.0 0 11.8 20 170 M M 8 18 26 180
3 74 67 71 10 0 6 0.00 0.0 0 8.5 20 100 M M 9 128 23 100
4 76 61 69 8 0 4 0.02 0.0 0 11.7 31 30 M M 10 128 39 20
5 71 57 64 3 1 0 0.00 0.0 0 15.8 28 350 M M 5 37 340
6 71 54 63 2 2 0 0.00 0.0 0 12.0 24 20 M M 0 30 20
7 64 55 60 -2 5 0 0.00 0.0 0 11.3 18 90 M M 0 25 70
8 70 59 65 3 0 0 0.00 0.0 0 14.1 21 120 M M 3 26 100
9 73 64 69 7 0 4 0.01 0.0 0 10.3 20 120 M M 5 1 25 110
10 74 66 70 8 0 5 0.00 0.0 0 6.2 15 160 M M 8 128 19 170
11 75 66 71 9 0 6 0.00 0.0 0 9.1 15 190 M M 9 128 18 190
12 76 67 72 10 0 7 0.00 0.0 0 10.7 17 180 M M 9 128 22 180
13 77 69 73 10 0 8 0.00 0.0 0 11.9 17 130 M M 9 128 22 130
14 78 69 74 11 0 9 0.00 0.0 0 12.2 20 100 M M 8 18 23 110
15 76 67 72 9 0 7 0.00 0.0 0 8.5 18 130 M M 9 128 23 130
16 75 66 71 8 0 6 0.01 0.0 0 7.6 22 120 M M 7 12 26 120
17 77 69 73 9 0 8 0.00 0.0 0 11.3 18 140 M M 9 128 24 120
18 78 69 74 10 0 9 0.00 0.0 0 12.3 18 140 M M 10 128 25 130
19 80 72 76 12 0 11 0.00 0.0 0 11.6 21 130 M M 9 18 25 130
20 81 69 75 11 0 10 T 0.0 0 12.6 29 20 M M 8 18 37 30
21 69 62 66 2 0 1 0.08 0.0 0 16.0 24 10 M M 10 18 30 360
22 78 65 72 7 0 7 0.15 0.0 0 11.7 17 170 M M 9 18 22 40
23 80 73 77 12 0 12 0.00 0.0 0 12.3 20 170 M M 8 18 23 170
24 81 73 77 12 0 12 0.00 0.0 0 12.7 20 180 M M 9 18 26 190
25 77 71 74 9 0 9 0.00 0.0 0 7.8 14 160 M M 9 18 17 140
26 81 70 76 10 0 11 0.00 0.0 0 13.4 24 160 M M 5 18 30 160
27 82 74 78 12 0 13 0.00 0.0 0 15.2 22 180 M M 6 18 30 160
28 81 71 76 10 0 11 0.00 0.0 0 12.6 23 350 M M 9 18 28 340
29 81 69 75 9 0 10 0.00 0.0 0 13.0 22 50 M M 5 29 40
30 80 75 78 12 0 13 0.00 0.0 0 13.3 24 140 M M 8 18 29 150
31 79 63 71 4 0 6 0.00 0.0 0 15.1 24 340 M M 4 1 30 340
================================================================================
SM 2359 2062 8 213 0.27 0.0 367.9 M 224
================================================================================
AV 76.1 66.5 11.9 FASTST M M 7 MAX(MPH)
MISC ----> # 31 30 # 39 20
================================================================================
NOTES:
# LAST OF SEVERAL OCCURRENCES
COLUMN 17 PEAK WIND IN M.P.H.
PRELIMINARY LOCAL CLIMATOLOGICAL DATA (WS FORM: F-6) , PAGE 2
STATION: GALVESTON
MONTH: MARCH
YEAR: 2020
LATITUDE: 29 16 N
LONGITUDE: 94 52 W
[TEMPERATURE DATA] [PRECIPITATION DATA] SYMBOLS USED IN COLUMN 16
AVERAGE MONTHLY: 71.3 TOTAL FOR MONTH: 0.27 1 = FOG OR MIST
DPTR FM NORMAL: 7.9 DPTR FM NORMAL: -2.89 2 = FOG REDUCING VISIBILITY
HIGHEST: 82 ON 27 GRTST 24HR 0.15 ON 22-22 TO 1/4 MILE OR LESS
LOWEST: 54 ON 6 3 = THUNDER
SNOW, ICE PELLETS, HAIL 4 = ICE PELLETS
TOTAL MONTH: 0.0 INCH 5 = HAIL
GRTST 24HR 0.0 6 = FREEZING RAIN OR DRIZZLE
GRTST DEPTH: 0 7 = DUSTSTORM OR SANDSTORM:
VSBY 1/2 MILE OR LESS
8 = SMOKE OR HAZE
[NO. OF DAYS WITH] [WEATHER - DAYS WITH] 9 = BLOWING SNOW
X = TORNADO
MAX 32 OR BELOW: 0 0.01 INCH OR MORE: 5
MAX 90 OR ABOVE: 0 0.10 INCH OR MORE: 1
MIN 32 OR BELOW: 0 0.50 INCH OR MORE: 0
MIN 0 OR BELOW: 0 1.00 INCH OR MORE: 0
[HDD (BASE 65) ]
TOTAL THIS MO. 8 CLEAR (SCALE 0-3) 3
DPTR FM NORMAL -95 PTCLDY (SCALE 4-7) 10
TOTAL FM JUL 1 610 CLOUDY (SCALE 8-10) 18
DPTR FM NORMAL -381
[CDD (BASE 65) ]
TOTAL THIS MO. 213
DPTR FM NORMAL 160 [PRESSURE DATA]
TOTAL FM JAN 1 270 HIGHEST SLP 30.50 ON 6
DPTR FM NORMAL 200 LOWEST SLP 29.65 ON 4
[REMARKS]
#FINAL-03-20#