000
CXUS54 KMAF 011110
CF6GNC
PRELIMINARY LOCAL CLIMATOLOGICAL DATA (WS FORM: F-6)
STATION: GAINES COUNTY AIRPORT
MONTH: AUGUST
YEAR: 2021
LATITUDE: 32 40 N
LONGITUDE: 102 39 W
TEMPERATURE IN F: :PCPN: SNOW: WIND :SUNSHINE: SKY :PK WND
================================================================================
1 2 3 4 5 6A 6B 7 8 9 10 11 12 13 14 15 16 17 18
12Z AVG MX 2MIN
DY MAX MIN AVG DEP HDD CDD WTR SNW DPTH SPD SPD DIR MIN PSBL S-S WX SPD DR
================================================================================
1 85 67 76 M 0 11 M M M 6.1 13 40 M M 6 23 110
2 82 67 75 M 0 10 M M M 6.9 14 50 M M 5 17 40
3 85 61 73 M 0 8 M M M 2.1 7 110 M M 0 M M
4 86 59 73 M 0 8 M M M 5.2 10 100 M M 1 M M
5 90 68 79 M 0 14 M M M 5.2 9 290 M M 5 M M
6 93 65 79 M 0 14 M M M 6.9 14 220 M M 0 16 220
7 96 66 81 M 0 16 M M M 8.4 13 170 M M 0 18 190
8 99 68 84 M 0 19 M M M 6.8 12 200 M M 0 17 200
9 101 70 86 M 0 21 0.02 M M 8.3 17 210 M M 1 8 28 210
10 96 71 84 M 0 19 M M M 7.7 12 150 M M 0 33 180
11 92 69 81 M 0 16 M M M 7.9 13 220 M M 1 22 210
12 91 68 80 M 0 15 M M M 8.0 15 140 M M 5 26 180
13 88 68 78 M 0 13 M M M 6.4 16 10 M M 5 20 10
14 78 67 73 M 0 8 M M M 6.3 15 230 M M 7 16 60
15 85 68 77 M 0 12 M M M 3.8 14 180 M M 4 17 180
16 87 66 77 M 0 12 M M M 3.9 12 40 M M 3 1 22 150
17 82 66 74 M 0 9 M M M 5.9 10 130 M M 6 1 18 120
18 90 67 79 M 0 14 M M M 5.3 9 190 M M 5 1 M M
19 95 71 83 M 0 18 M M M 8.4 16 190 M M 1 24 190
20 94 69 82 M 0 17 M M M 7.0 14 170 M M 1 24 170
21 91 68 80 M 0 15 M M M 7.4 24 290 M M 2 32 290
22 92 70 81 M 0 16 M M M 8.0 15 150 M M 1 22 150
23 97 68 83 M 0 18 M M M 8.4 14 160 M M 0 20 180
24 98 64 81 M 0 16 M M M 6.2 12 200 M M 0 17 200
25 95 67 81 M 0 16 M M M 7.9 13 140 M M 0 22 140
26 92 66 79 M 0 14 M M M 6.1 14 140 M M 2 18 140
27 93 66 80 M 0 15 M M M 5.5 10 140 M M 2 17 80
28 94 66 80 M 0 15 M M M 7.4 14 130 M M 2 18 130
29 90 65 78 M 0 13 M M M 5.6 13 130 M M 1 17 120
30 91 64 78 M 0 13 M M M 3.2 9 180 M M 1 M M
31 97 65 81 M 0 16 M M M 4.5 12 150 M M 1 17 100
================================================================================
SM 2825 2070 0 441 0.02 M 196.9 M 68
================================================================================
AV 91.1 66.8 6.4 FASTST M M 2 MAX(MPH)
MISC ----> 24 290 33 180
================================================================================
NOTES:
# LAST OF SEVERAL OCCURRENCES
COLUMN 17 PEAK WIND IN M.P.H.
PRELIMINARY LOCAL CLIMATOLOGICAL DATA (WS FORM: F-6) , PAGE 2
STATION: GAINES COUNTY AIRPORT
MONTH: AUGUST
YEAR: 2021
LATITUDE: 32 40 N
LONGITUDE: 102 39 W
[TEMPERATURE DATA] [PRECIPITATION DATA] SYMBOLS USED IN COLUMN 16
AVERAGE MONTHLY: 79.0 TOTAL FOR MONTH: 0.02 1 = FOG OR MIST
DPTR FM NORMAL: 0.0 DPTR FM NORMAL: M 2 = FOG REDUCING VISIBILITY
HIGHEST: 101 ON 9 GRTST 24HR 0.02 ON 9- 9 TO 1/4 MILE OR LESS
LOWEST: 59 ON 4 3 = THUNDER
SNOW, ICE PELLETS, HAIL 4 = ICE PELLETS
TOTAL MONTH: M 5 = HAIL
GRTST 24HR M ON M 6 = FREEZING RAIN OR DRIZZLE
GRTST DEPTH: M ON M 7 = DUSTSTORM OR SANDSTORM:
VSBY 1/2 MILE OR LESS
8 = SMOKE OR HAZE
[NO. OF DAYS WITH] [WEATHER - DAYS WITH] 9 = BLOWING SNOW
X = TORNADO
MAX 32 OR BELOW: 0 0.01 INCH OR MORE: 1
MAX 90 OR ABOVE: 22 0.10 INCH OR MORE: 0
MIN 32 OR BELOW: 0 0.50 INCH OR MORE: 0
MIN 0 OR BELOW: 0 1.00 INCH OR MORE: 0
[HDD (BASE 65) ]
TOTAL THIS MO. 0 CLEAR (SCALE 0-3) 22
DPTR FM NORMAL M PTCLDY (SCALE 4-7) 9
TOTAL FM JUL 1 0 CLOUDY (SCALE 8-10) 0
DPTR FM NORMAL M
[CDD (BASE 65) ]
TOTAL THIS MO. 441
DPTR FM NORMAL M [PRESSURE DATA]
TOTAL FM JAN 1 1570 HIGHEST SLP M ON M
DPTR FM NORMAL M LOWEST SLP M ON M
[REMARKS]
#FINAL-08-21#