000
CXUS52 KJAX 011318
CLMGNV
CLIMATE REPORT
NATIONAL WEATHER SERVICE JACKSONVILLE FL
918 AM EDT SUN OCT 01 2023
...................................
...THE GAINESVILLE CLIMATE SUMMARY FOR THE MONTH OF SEPTEMBER 2023...
CLIMATE NORMAL PERIOD: 1991 TO 2020
CLIMATE RECORD PERIOD: 1890 TO 2023
WEATHER OBSERVED NORMAL DEPART LAST YEAR`S
VALUE DATE(S) VALUE FROM VALUE DATE(S)
NORMAL
................................................................
TEMPERATURE (F)
RECORD
HIGH 99 09/21/1925
LOW 48 09/30/1967
HIGHEST 95 09/14 93 2 95 09/05
LOWEST 59 09/23 60 -1 59 09/28
09/24
09/30
AVG. MAXIMUM 89.7 88.1 1.6 87.0
AVG. MINIMUM 68.3 69.4 -1.1 69.7
MEAN 79.0 78.8 0.2 78.4
DAYS MAX >= 90 19 12.6 6.4 11
DAYS MIN <= 32 0 0.0 0.0 0
PRECIPITATION (INCHES)
RECORD
MAXIMUM 19.91 1894
MINIMUM 0.25 1978
TOTALS 3.80 5.05 -1.25 3.76
DAILY AVG. 0.13 0.17 -0.04 0.13
DAYS >= .01 6 11.0 -5.0 12
DAYS >= .10 3 6.9 -3.9 7
DAYS >= .50 2 2.7 -0.7 3
DAYS >= 1.00 1 1.4 -0.4 1
GREATEST
24 HR. TOTAL 3.97 08/31 TO 09/01
SNOWFALL (INCHES)
RECORDS
TOTAL MM MM
TOTALS 0.0 0.0 0.0 0.0
DEGREE DAYS
HEATING TOTAL 0 0 0 0
SINCE 7/1 0 0 0 MM
COOLING TOTAL 428 412 16 411
SINCE 1/1 2838 2429 409 MM
................................................................
WIND (MPH)
AVERAGE WIND SPEED 4.6
HIGHEST WIND SPEED/DIRECTION 24/040 DATE 09/11
HIGHEST GUST SPEED/DIRECTION 37/050 DATE 09/11
SKY COVER
AVERAGE SKY COVER 0.26
AVERAGE RH (PERCENT) 74
WEATHER CONDITIONS. NUMBER OF DAYS WITH
THUNDERSTORM 7 MIXED PRECIP 0
HEAVY RAIN 2 RAIN 5
LIGHT RAIN 10 FREEZING RAIN 0
LT FREEZING RAIN 0 HAIL 0
HEAVY SNOW 0 SNOW 0
LIGHT SNOW 0 SLEET 0
FOG 10 FOG W/VIS <= 1/4 MILE 0
HAZE 0
- INDICATES NEGATIVE NUMBERS.
R INDICATES RECORD WAS SET OR TIED.
MM INDICATES DATA IS MISSING.
T INDICATES TRACE AMOUNT.
$$