000
CXUS52 KJAX 011312
CLMGNV
CLIMATE REPORT
NATIONAL WEATHER SERVICE JACKSONVILLE FL
912 AM EDT MON APR 01 2024
...................................
...THE GAINESVILLE CLIMATE SUMMARY FOR THE MONTH OF MARCH 2024...
CLIMATE NORMAL PERIOD: 1991 TO 2020
CLIMATE RECORD PERIOD: 1890 TO 2024
WEATHER OBSERVED NORMAL DEPART LAST YEAR`S
VALUE DATE(S) VALUE FROM VALUE DATE(S)
NORMAL
................................................................
TEMPERATURE (F)
RECORD
HIGH 96 03/31/1907
LOW 22 03/03/1980
HIGHEST 86 03/15 86 0 88 03/07
03/26
LOWEST 35 03/20 32 3 33 03/16
AVG. MAXIMUM 77.5 75.8 1.7 79.7
AVG. MINIMUM 54.1 49.7 4.4 53.0
MEAN 65.8 62.7 3.1 66.4
DAYS MAX >= 90 0 0.1 -0.1 0
DAYS MIN <= 32 0 1.2 -1.2 0
PRECIPITATION (INCHES)
RECORD
MAXIMUM 12.59 2022
MINIMUM T 1945
TOTALS 3.20 3.49 -0.29 4.68
DAILY AVG. 0.10 0.11 -0.01 0.15
DAYS >= .01 12 7.4 4.6 7
DAYS >= .10 8 5.3 2.7 4
DAYS >= .50 2 2.2 -0.2 3
DAYS >= 1.00 1 1.0 0.0 2
GREATEST
24 HR. TOTAL 1.11 03/22 TO 03/22
SNOWFALL (INCHES)
RECORDS
TOTAL T 1991
TOTALS 0.0 0.0 0.0 0.0
DEGREE DAYS
HEATING TOTAL 62 132 -70 77
SINCE 7/1 849 1101 -252 MM
COOLING TOTAL 95 62 33 127
SINCE 1/1 143 106 37 MM
................................................................
WIND (MPH)
AVERAGE WIND SPEED 6.3
HIGHEST WIND SPEED/DIRECTION 30/120 DATE 03/27
HIGHEST GUST SPEED/DIRECTION 37/210 DATE 03/09
37/120 03/27
SKY COVER
AVERAGE SKY COVER 0.37
AVERAGE RH (PERCENT) 73
WEATHER CONDITIONS. NUMBER OF DAYS WITH
THUNDERSTORM 5 MIXED PRECIP 0
HEAVY RAIN 5 RAIN 10
LIGHT RAIN 14 FREEZING RAIN 0
LT FREEZING RAIN 0 HAIL 0
HEAVY SNOW 0 SNOW 0
LIGHT SNOW 0 SLEET 0
FOG 19 FOG W/VIS <= 1/4 MILE 8
HAZE 0
- INDICATES NEGATIVE NUMBERS.
R INDICATES RECORD WAS SET OR TIED.
MM INDICATES DATA IS MISSING.
T INDICATES TRACE AMOUNT.
$$